000
CXUS53 KMPX 010632
CF6MSP
PRELIMINARY LOCAL CLIMATOLOGICAL DATA (WS FORM: F-6)
STATION: TWIN CITIES MN
MONTH: JUNE
YEAR: 2020
LATITUDE: 44 52 N
LONGITUDE: 93 13 W
TEMPERATURE IN F: :PCPN: SNOW: WIND :SUNSHINE: SKY :PK WND
================================================================================
1 2 3 4 5 6A 6B 7 8 9 10 11 12 13 14 15 16 17 18
12Z AVG MX 2MIN
DY MAX MIN AVG DEP HDD CDD WTR SNW DPTH SPD SPD DIR MIN PSBL S-S WX SPD DR
================================================================================
1 91 63 77 13 0 12 0.00 0.0 0 10.9 21 230 M M 5 35 230
2 90 65 78 14 0 13 0.26 0.0 0 7.2 25 30 M M 4 13 36 320
3 83 63 73 8 0 8 0.00 0.0 0 5.6 14 350 M M 3 1 20 330
4 86 62 74 9 0 9 0.04 0.0 0 6.9 39 330 M M 5 3 55 320
5 81 60 71 6 0 6 0.32 0.0 0 9.3 22 350 M M 3 13 32 330
6 77 60 69 3 0 4 0.88 0.0 0 8.1 22 120 M M 7 13 35 130
7 85 62 74 8 0 9 0.00 0.0 0 15.9 29 140 M M 5 45 150
8 96 74 85 19 0 20 0.00 0.0 0 15.5 26 180 M M 2 38 190
9 83 68 76 9 0 11 0.16 0.0 0 8.1 23 90 M M 7 1 32 330
10 72 59 66 -1 0 1 0.00 0.0 0 16.3 25 330 M M 8 41 290
11 79 57 68 1 0 3 0.00 0.0 0 11.6 21 290 M M 2 41 320
12 76 58 67 -1 0 2 0.00 0.0 0 9.2 18 70 M M 2 8 31 70
13 71 53 62 -6 3 0 0.00 0.0 0 11.1 22 130 M M 5 35 140
14 78 55 67 -1 0 2 0.00 0.0 0 18.0 31 130 M M 4 46 140
15 88 62 75 6 0 10 0.00 0.0 0 13.7 23 170 M M 7 36 150
16 91 67 79 10 0 14 0.00 0.0 0 14.0 22 180 M M 1 34 150
17 90 65 78 8 0 13 0.00 0.0 0 13.5 23 160 M M 0 8 38 150
18 86 68 77 7 0 12 1.37 0.0 0 7.8 24 300 M M 8 138 36 270
19 77 63 70 0 0 5 0.04 0.0 0 5.9 14 350 M M 8 1 21 10
20 75 63 69 -1 0 4 0.01 0.0 0 4.5 9 140 M M 7 16 50
21 84 62 73 2 0 8 0.33 0.0 0 6.0 21 240 M M 5 13 37 230
22 76 61 69 -2 0 4 0.00 0.0 0 7.3 15 350 M M 8 1 23 30
23 77 59 68 -3 0 3 T 0.0 0 8.3 29 20 M M 6 39 40
24 80 58 69 -3 0 4 0.03 0.0 0 5.6 17 320 M M 5 1 29 300
25 85 59 72 0 0 7 0.00 0.0 0 4.3 13 240 M M 5 19 220
26 87 69 78 6 0 13 T 0.0 0 7.4 17 290 M M 7 32 260
27 86 65 76 4 0 11 0.00 0.0 0 4.8 12 130 M M 2 16 120
28 86 67 77 5 0 12 0.89 0.0 0 9.2 28 190 M M 6 13 37 190
29 82 66 74 1 0 9 2.37 0.0 0 10.2 29 170 M M 9 13 43 150
30 88 70 79 6 0 14 0.02 0.0 0 11.1 20 150 M M 7 13 35 150
================================================================================
SM 2486 1883 3 243 6.72 0.0 287.3 M 153
================================================================================
AV 82.9 62.8 9.6 FASTST M M 5 MAX(MPH)
MISC ----> 39 330 55 320
================================================================================
NOTES:
# LAST OF SEVERAL OCCURRENCES
COLUMN 17 PEAK WIND IN M.P.H.
PRELIMINARY LOCAL CLIMATOLOGICAL DATA (WS FORM: F-6) , PAGE 2
STATION: TWIN CITIES MN
MONTH: JUNE
YEAR: 2020
LATITUDE: 44 52 N
LONGITUDE: 93 13 W
[TEMPERATURE DATA] [PRECIPITATION DATA] SYMBOLS USED IN COLUMN 16
AVERAGE MONTHLY: 72.8 TOTAL FOR MONTH: 6.72 1 = FOG OR MIST
DPTR FM NORMAL: 4.0 DPTR FM NORMAL: 2.47 2 = FOG REDUCING VISIBILITY
HIGHEST: 96 ON 8 GRTST 24HR 2.90 ON 28-29 TO 1/4 MILE OR LESS
LOWEST: 53 ON 13 3 = THUNDER
SNOW, ICE PELLETS, HAIL 4 = ICE PELLETS
TOTAL MONTH: 0.0 INCH 5 = HAIL
GRTST 24HR 0.0 6 = FREEZING RAIN OR DRIZZLE
GRTST DEPTH: 0 7 = DUSTSTORM OR SANDSTORM:
VSBY 1/2 MILE OR LESS
8 = SMOKE OR HAZE
[NO. OF DAYS WITH] [WEATHER - DAYS WITH] 9 = BLOWING SNOW
X = TORNADO
MAX 32 OR BELOW: 0 0.01 INCH OR MORE: 13
MAX 90 OR ABOVE: 5 0.10 INCH OR MORE: 8
MIN 32 OR BELOW: 0 0.50 INCH OR MORE: 4
MIN 0 OR BELOW: 0 1.00 INCH OR MORE: 2
[HDD (BASE 65) ]
TOTAL THIS MO. 3 CLEAR (SCALE 0-3) 7
DPTR FM NORMAL -41 PTCLDY (SCALE 4-7) 21
TOTAL FM JUL 1 7242 CLOUDY (SCALE 8-10) 2
DPTR FM NORMAL -338
[CDD (BASE 65) ]
TOTAL THIS MO. 243
DPTR FM NORMAL 85 [PRESSURE DATA]
TOTAL FM JAN 1 278 HIGHEST SLP M ON M
DPTR FM NORMAL 78 LOWEST SLP 29.40 ON 9
[REMARKS]
#FINAL-06-20#