000
CXUS51 KBTV 010800
CF6MSS
PRELIMINARY LOCAL CLIMATOLOGICAL DATA (WS FORM: F-6)
STATION: MASSENA NY
MONTH: JANUARY
YEAR: 2022
LATITUDE: 44 55 N
LONGITUDE: 74 51 W
TEMPERATURE IN F: :PCPN: SNOW: WIND :SUNSHINE: SKY :PK WND
================================================================================
1 2 3 4 5 6A 6B 7 8 9 10 11 12 13 14 15 16 17 18
12Z AVG MX 2MIN
DY MAX MIN AVG DEP HDD CDD WTR SNW DPTH SPD SPD DIR MIN PSBL S-S WX SPD DR
================================================================================
1 35 27 31 13 34 0 0.07 M M 5.0 13 350 M M 10 126 17 350
2 27 6 17 -1 48 0 0.10 M M 7.9 15 330 M M 8 1 18 320
3 10 -15 -2 -20 67 0 0.00 M M 1.4 8 310 M M 0 18 10 300
4 31 -10 11 -7 54 0 0.00 M M 7.8 21 210 M M 9 26 210
5 39 17 28 11 37 0 0.01 M M 8.1 21 220 M M 4 1 29 230
6 35 15 25 8 40 0 T M M 10.7 26 220 M M 8 36 220
7 19 3 11 -6 54 0 T M M 8.8 17 290 M M 9 18 23 290
8 14 -13 1 -16 64 0 0.00 M M 5.6 15 270 M M 0 19 260
9 37 13 25 9 40 0 0.02 M M 11.1 32 260 M M 9 168 43 260
10 22 -2 10 -6 55 0 T M M 11.0 21 290 M M 8 28 290
11 6 -12 -3 -19 68 0 0.00 M M 6.6 15 330 M M 3 20 320
12 30 6 18 2 47 0 T M M 8.8 25 210 M M 9 34 210
13 23 18 21 5 44 0 0.01 M M 5.8 12 40 M M 10 18 14 40
14 21 -7 7 -9 58 0 T M M 9.5 18 350 M M 6 18 23 330
15 -3 -16 -9 -24 74 0 0.00 M M 6.3 14 350 M M 0 19 360
16 9 -17 -4 -19 69 0 0.00 M M 4.9 14 60 M M 0 16 50
17 24 6 15 0 50 0 0.40 M M 14.9 28 50 M M 10 128 36 60
18 20 -15 3 -12 62 0 T M M 9.7 22 280 M M 5 28 290
19 39 -12 14 -1 51 0 0.05 M M 10.4 22 230 M M 9 8 31 240
20 29 -21 4 -11 61 0 T M M 8.3 24 310 M M 2 30 310
21 3 -30 -13 -28 78 0 0.00 M M 0.2 6 300 M M 0 M M
22 5 -30 -12 -26 77 0 0.00 M M 3.1 9 80 M M 5 128 11 100
23 22 -19 2 -12 63 0 T M M 8.1 17 280 M M 6 22 310
24 12 -28 -8 -22 73 0 0.01 M M 3.9 12 60 M M 4 8 13 70
25 17 4 11 -3 54 0 T M M 6.7 16 270 M M 8 8 20 300
26 4 -25 -10 -24 75 0 T M M 2.9 9 320 M M 1 8 12 330
27 26 -25 1 -13 64 0 T M M 10.6 25 210 M M 5 34 210
28 25 -23 1 -13 64 0 T M M 7.1 21 290 M M 4 18 27 290
29 8 -24 -8 -22 73 0 0.00 M M 6.6 17 30 M M 0 22 40
30 14 -16 -1 -16 66 0 0.00 M M 6.6 13 250 M M 2 16 250
31 25 -12 7 -8 58 0 T M M 1.7 7 60 M M 7 8 7 90
================================================================================
SM 628 -257 1822 0 0.67 M 220.1 M 161
================================================================================
AV 20.3 -8.3 7.1 FASTST M M 5 MAX(MPH)
MISC ----> 32 260 43 260
================================================================================
NOTES:
# LAST OF SEVERAL OCCURRENCES
COLUMN 17 PEAK WIND IN M.P.H.
PRELIMINARY LOCAL CLIMATOLOGICAL DATA (WS FORM: F-6) , PAGE 2
STATION: MASSENA NY
MONTH: JANUARY
YEAR: 2022
LATITUDE: 44 55 N
LONGITUDE: 74 51 W
[TEMPERATURE DATA] [PRECIPITATION DATA] SYMBOLS USED IN COLUMN 16
AVERAGE MONTHLY: 6.0 TOTAL FOR MONTH: 0.67 1 = FOG OR MIST
DPTR FM NORMAL: -9.6 DPTR FM NORMAL: -1.44 2 = FOG REDUCING VISIBILITY
HIGHEST: 39 ON 19, 5 GRTST 24HR 0.53 ON 17-17 TO 1/4 MILE OR LESS
LOWEST: -30 ON 22,21 3 = THUNDER
SNOW, ICE PELLETS, HAIL 4 = ICE PELLETS
TOTAL MONTH: M 5 = HAIL
GRTST 24HR M ON M 6 = FREEZING RAIN OR DRIZZLE
GRTST DEPTH: M ON M 7 = DUSTSTORM OR SANDSTORM:
VSBY 1/2 MILE OR LESS
8 = SMOKE OR HAZE
[NO. OF DAYS WITH] [WEATHER - DAYS WITH] 9 = BLOWING SNOW
X = TORNADO
MAX 32 OR BELOW: 26 0.01 INCH OR MORE: 8
MAX 90 OR ABOVE: 0 0.10 INCH OR MORE: 2
MIN 32 OR BELOW: 31 0.50 INCH OR MORE: 0
MIN 0 OR BELOW: 21 1.00 INCH OR MORE: 0
[HDD (BASE 65) ]
TOTAL THIS MO. 1822 CLEAR (SCALE 0-3) 10
DPTR FM NORMAL 292 PTCLDY (SCALE 4-7) 11
TOTAL FM JUL 1 4422 CLOUDY (SCALE 8-10) 10
DPTR FM NORMAL -59
[CDD (BASE 65) ]
TOTAL THIS MO. 0
DPTR FM NORMAL 0 [PRESSURE DATA]
TOTAL FM JAN 1 0 HIGHEST SLP 30.78 ON 21
DPTR FM NORMAL 0 LOWEST SLP 29.07 ON 17
[REMARKS]
#FINAL-01-22#