000
CXUS55 KBOI 011002
CF6MUO
PRELIMINARY LOCAL CLIMATOLOGICAL DATA (WS FORM: F-6)
STATION: MOUNTAIN HOME AFB
MONTH: NOVEMBER
YEAR: 2023
LATITUDE: 43 2 N
LONGITUDE: 115 52 W
TEMPERATURE IN F: :PCPN: SNOW: WIND :SUNSHINE: SKY :PK WND
================================================================================
1 2 3 4 5 6A 6B 7 8 9 10 11 12 13 14 15 16 17 18
12Z AVG MX 2MIN
DY MAX MIN AVG DEP HDD CDD WTR SNW DPTH SPD SPD DIR MIN PSBL S-S WX SPD DR
================================================================================
1 55 29 42 -3 23 0 0.00 M M 3.4 8 70 M M 5 M M
2 52 39 46 2 19 0 0.10 M M 5.1 9 70 M M 7 M M
3 61 39 50 6 15 0 T M M 3.2 9 240 M M 4 1 M M
4 59 39 49 6 16 0 0.01 M M 10.6 20 100 M M 7 12 M M
5 63 45 54 11 11 0 0.03 M M 6.4 15 80 M M 4 M M
6 58 38 48 5 17 0 0.02 M M 9.2 18 90 M M 5 M M
7 54 36 45 3 20 0 T M M 7.8 23 300 M M 8 30 290
8 51 26 39 -3 26 0 T M M 10.1 21 310 M M 0 M M
9 50 22 36 -5 29 0 0.00 M M 10.8 20 90 M M 0 M M
10 53 29 41 0 24 0 0.00 M M 8.3 18 100 M M 6 8 M M
11 59 29 44 4 21 0 0.00 M M 9.2 14 90 M M 4 M M
12 62 29 46 6 19 0 0.00 M M 12.8 22 100 M M 0 30 90
13 63 33 48 8 17 0 0.00 M M 10.9 18 90 M M 4 M M
14 62 28 45 6 20 0 0.00 M M 5.6 17 90 M M 5 M M
15 64 33 49 10 16 0 0.00 M M 8.4 17 90 M M 1 M M
16 62 32 47 9 18 0 0.00 M M 3.9 10 300 M M 4 M M
17 58 28 43 5 22 0 0.00 M M 4.7 13 120 M M 0 M M
18 61 32 47 10 18 0 0.11 M M 8.2 17 110 M M 5 M M
19 47 35 41 4 24 0 0.24 M M 18.8 32 280 M M 7 43 290
20 46 28 37 0 28 0 0.00 M M 10.0 21 280 M M 0 30 290
21 50 26 38 2 27 0 0.00 M M 8.8 14 90 M M 0 M M
22 48 23 36 0 29 0 0.01 M M 6.8 13 300 M M 3 M M
23 42 33 38 3 27 0 0.14 M M 9.5 18 280 M M 8 23 290
24 37 29 33 -2 32 0 T M M 5.7 15 300 M M 10 M M
25 38 19 29 -6 36 0 0.00 M M 4.9 12 90 M M 0 M M
26 33 18 26 -8 39 0 0.00 M M 10.8 15 90 M M 1 M M
27 35 14 25 -9 40 0 0.00 M M 9.3 15 100 M M 0 M M
28 37 13 25 -8 40 0 0.00 M M 7.0 15 110 M M 0 M M
29 36 14 25 -8 40 0 0.00 M M 1.6 6 190 M M 2 128 M M
30 34 19 27 -6 38 0 T M M 4.8 9 80 M M 9 18 M M
================================================================================
SM 1530 857 751 0 0.66 M 236.6 M 109
================================================================================
AV 51.0 28.6 7.9 FASTST M M 4 MAX(MPH)
MISC ----> 32 280 43 290
================================================================================
NOTES:
# LAST OF SEVERAL OCCURRENCES
COLUMN 17 PEAK WIND IN M.P.H.
PRELIMINARY LOCAL CLIMATOLOGICAL DATA (WS FORM: F-6) , PAGE 2
STATION: MOUNTAIN HOME AFB
MONTH: NOVEMBER
YEAR: 2023
LATITUDE: 43 2 N
LONGITUDE: 115 52 W
[TEMPERATURE DATA] [PRECIPITATION DATA] SYMBOLS USED IN COLUMN 16
AVERAGE MONTHLY: 39.8 TOTAL FOR MONTH: 0.66 1 = FOG OR MIST
DPTR FM NORMAL: 1.3 DPTR FM NORMAL: -0.60 2 = FOG REDUCING VISIBILITY
HIGHEST: 64 ON 15 GRTST 24HR 0.24 ON 19-19 TO 1/4 MILE OR LESS
LOWEST: 13 ON 28 3 = THUNDER
SNOW, ICE PELLETS, HAIL 4 = ICE PELLETS
TOTAL MONTH: M 5 = HAIL
GRTST 24HR M ON M 6 = FREEZING RAIN OR DRIZZLE
GRTST DEPTH: M ON M 7 = DUSTSTORM OR SANDSTORM:
VSBY 1/2 MILE OR LESS
8 = SMOKE OR HAZE
[NO. OF DAYS WITH] [WEATHER - DAYS WITH] 9 = BLOWING SNOW
X = TORNADO
MAX 32 OR BELOW: 0 0.01 INCH OR MORE: 8
MAX 90 OR ABOVE: 0 0.10 INCH OR MORE: 3
MIN 32 OR BELOW: 20 0.50 INCH OR MORE: 0
MIN 0 OR BELOW: 0 1.00 INCH OR MORE: 0
[HDD (BASE 65) ]
TOTAL THIS MO. 751 CLEAR (SCALE 0-3) 13
DPTR FM NORMAL -33 PTCLDY (SCALE 4-7) 14
TOTAL FM JUL 1 1210 CLOUDY (SCALE 8-10) 3
DPTR FM NORMAL -125
[CDD (BASE 65) ]
TOTAL THIS MO. 0
DPTR FM NORMAL 0 [PRESSURE DATA]
TOTAL FM JAN 1 933 HIGHEST SLP M ON M
DPTR FM NORMAL 20 LOWEST SLP M ON M
[REMARKS]
#FINAL-11-23#