000
CXUS56 KOTX 010910
CF6MWH
PRELIMINARY LOCAL CLIMATOLOGICAL DATA (WS FORM: F-6)
STATION: MOSES LAKE WA AIRPORT
MONTH: MAY
YEAR: 2021
LATITUDE: 47 12 N
LONGITUDE: 119 19 W
TEMPERATURE IN F: :PCPN: SNOW: WIND :SUNSHINE: SKY :PK WND
================================================================================
1 2 3 4 5 6A 6B 7 8 9 10 11 12 13 14 15 16 17 18
12Z AVG MX 2MIN
DY MAX MIN AVG DEP HDD CDD WTR SNW DPTH SPD SPD DIR MIN PSBL S-S WX SPD DR
================================================================================
1 77 51 64 9 1 0 0.00 M M 12.6 30 310 M M 0 37 290
2 75 45 60 4 5 0 0.00 M M 7.4 18 320 M M 0 24 10
3 72 41 57 1 8 0 0.00 M M 8.0 17 260 M M 1 23 230
4 75 46 61 5 4 0 0.00 M M 6.4 16 230 M M 0 20 210
5 79 37 58 2 7 0 0.00 M M 6.7 12 20 M M 0 8 15 100
6 86 53 70 13 0 5 0.00 M M 11.1 25 240 M M 1 32 240
7 66 43 55 -2 10 0 T M M 11.0 28 240 M M 2 33 230
8 67 41 54 -3 11 0 0.00 M M 8.7 17 250 M M 1 22 280
9 70 42 56 -2 9 0 0.00 M M 5.0 13 200 M M 2 17 250
10 76 37 57 -1 8 0 0.00 M M 6.8 14 250 M M 1 18 190
11 78 41 60 2 5 0 0.00 M M 5.7 14 220 M M 1 19 190
12 81 44 63 4 2 0 0.00 M M 6.4 20 330 M M 2 24 330
13 80 49 65 6 0 0 0.00 M M 5.3 13 330 M M 0 16 340
14 85 47 66 7 0 1 0.00 M M 6.4 15 220 M M 0 25 210
15 89 50 70 10 0 5 0.00 M M 3.1 15 340 M M 0 19 30
16 90 48 69 9 0 4 0.00 M M 5.8 15 180 M M 0 20 170
17 87 55 71 11 0 6 0.00 M M 10.4 24 290 M M 1 30 240
18 69 46 58 -2 7 0 0.00 M M 16.2 32 260 M M 1 40 260
19 68 46 57 -4 8 0 0.00 M M 7.7 21 300 M M 4 26 290
20 66 40 53 -8 12 0 0.06 M M 8.7 28 40 M M 7 32 40
21 76 40 58 -3 7 0 0.00 M M 9.8 22 40 M M 3 29 350
22 73 45 59 -2 6 0 0.00 M M 6.5 16 30 M M 3 24 30
23 80 39 60 -2 5 0 0.00 M M 9.6 24 280 M M 0 32 270
24 79 53 66 4 0 1 0.00 M M 13.7 26 260 M M 2 33 260
25 77 50 64 2 1 0 0.00 M M 6.8 17 260 M M 2 21 210
26 78 50 64 2 1 0 0.00 M M 8.7 18 150 M M 0 23 180
27 77 54 66 4 0 1 T M M 13.8 35 240 M M 2 8 47 230
28 75 49 62 0 3 0 0.00 M M 11.4 20 250 M M 1 25 270
29 80 38 59 -4 6 0 0.00 M M 5.2 13 230 M M 0 16 220
30 86 47 67 4 0 2 0.00 M M 4.2 10 240 M M 0 13 230
31 91 53 72 9 0 7 0.00 M M 3.9 12 260 M M 0 16 210
================================================================================
SM 2408 1420 126 32 0.06 M 253.0 M 37
================================================================================
AV 77.7 45.8 8.2 FASTST M M 1 MAX(MPH)
MISC ----> 35 240 47 230
================================================================================
NOTES:
# LAST OF SEVERAL OCCURRENCES
COLUMN 17 PEAK WIND IN M.P.H.
PRELIMINARY LOCAL CLIMATOLOGICAL DATA (WS FORM: F-6) , PAGE 2
STATION: MOSES LAKE WA AIRPORT
MONTH: MAY
YEAR: 2021
LATITUDE: 47 12 N
LONGITUDE: 119 19 W
[TEMPERATURE DATA] [PRECIPITATION DATA] SYMBOLS USED IN COLUMN 16
AVERAGE MONTHLY: 61.7 TOTAL FOR MONTH: 0.06 1 = FOG OR MIST
DPTR FM NORMAL: 2.2 DPTR FM NORMAL: -0.66 2 = FOG REDUCING VISIBILITY
HIGHEST: 91 ON 31 GRTST 24HR 0.06 ON 20-20 TO 1/4 MILE OR LESS
LOWEST: 37 ON 10, 5 3 = THUNDER
SNOW, ICE PELLETS, HAIL 4 = ICE PELLETS
TOTAL MONTH: M 5 = HAIL
GRTST 24HR M ON M 6 = FREEZING RAIN OR DRIZZLE
GRTST DEPTH: M ON M 7 = DUSTSTORM OR SANDSTORM:
VSBY 1/2 MILE OR LESS
8 = SMOKE OR HAZE
[NO. OF DAYS WITH] [WEATHER - DAYS WITH] 9 = BLOWING SNOW
X = TORNADO
MAX 32 OR BELOW: 0 0.01 INCH OR MORE: 1
MAX 90 OR ABOVE: 2 0.10 INCH OR MORE: 0
MIN 32 OR BELOW: 0 0.50 INCH OR MORE: 0
MIN 0 OR BELOW: 0 1.00 INCH OR MORE: 0
[HDD (BASE 65) ]
TOTAL THIS MO. 126 CLEAR (SCALE 0-3) 28
DPTR FM NORMAL -70 PTCLDY (SCALE 4-7) 3
TOTAL FM JUL 1 4841 CLOUDY (SCALE 8-10) 0
DPTR FM NORMAL -893
[CDD (BASE 65) ]
TOTAL THIS MO. 32
DPTR FM NORMAL 5 [PRESSURE DATA]
TOTAL FM JAN 1 35 HIGHEST SLP M ON M
DPTR FM NORMAL 7 LOWEST SLP 29.70 ON 17
[REMARKS]
#FINAL-05-21#