000
CXUS56 KOTX 070108
CF6MWH
PRELIMINARY LOCAL CLIMATOLOGICAL DATA (WS FORM: F-6)
STATION: MOSES LAKE WA AIRPORT
MONTH: AUGUST
YEAR: 2020
LATITUDE: 47 12 N
LONGITUDE: 119 19 W
TEMPERATURE IN F: :PCPN: SNOW: WIND :SUNSHINE: SKY :PK WND
================================================================================
1 2 3 4 5 6A 6B 7 8 9 10 11 12 13 14 15 16 17 18
12Z AVG MX 2MIN
DY MAX MIN AVG DEP HDD CDD WTR SNW DPTH SPD SPD DIR MIN PSBL S-S WX SPD DR
================================================================================
1 91 69 80 6 0 15 0.00 M M 6.9 15 190 M M 0 19 180
2 94 58 76 2 0 11 0.00 M M 7.8 15 270 M M 0 22 180
3 92 68 80 6 0 15 0.00 M M 9.2 17 230 M M 0 21 240
4 93 57 75 1 0 10 0.00 M M 3.9 12 230 M M 0 14 240
5 97 57 77 3 0 12 0.00 M M 5.4 12 180 M M 0 17 190
6 88 61 75 1 0 10 0.01 M M 12.3 26 270 M M 2 35 270
7 81 53 67 -7 0 2 0.00 M M 7.8 16 200 M M 0 22 200
8 88 64 76 3 0 11 T M M 7.6 25 290 M M 3 28 290
9 87 62 75 2 0 10 0.00 M M 9.5 20 360 M M 0 24 350
10 96 56 76 3 0 11 0.00 M M 6.6 18 140 M M 0 8 22 140
11 93 59 76 3 0 11 0.00 M M 7.7 18 220 M M 0 24 220
12 81 56 69 -4 0 4 0.00 M M 9.0 16 220 M M 0 21 230
13 82 48 65 -8 0 0 0.00 M M 4.0 10 150 M M 0 14 200
14 88 48 68 -4 0 3 0.00 M M 4.6 10 140 M M 0 15 170
15 96 53 75 3 0 10 0.00 M M 4.5 9 230 M M 0 13 230
16 106 62 84 12 0 19 T M M 9.2 28 220 M M 0 36 200
17 104 70 87 15 0 22 0.00 M M 8.1 18 180 M M 0 26 160
18 103 65 84 12 0 19 0.00 M M 5.7 14 140 M M 0 17 140
19 96 63 80 9 0 15 0.00 M M 6.5 17 170 M M 0 21 200
20 91 68 80 9 0 15 0.00 M M 7.8 18 230 M M 1 23 250
21 92 67 80 9 0 15 0.00 M M 10.4 25 260 M M 2 30 250
22 84 57 71 1 0 6 0.00 M M 5.0 15 140 M M 0 23 170
23 90 50 70 0 0 5 0.00 M M 4.0 9 210 M M 0 13 200
24 89 53 71 1 0 6 0.00 M M 5.7 14 160 M M 0 18 160
25 88 56 72 2 0 7 0.00 M M 4.8 12 220 M M 0 14 220
26 88 54 71 2 0 6 0.00 M M 4.1 13 320 M M 0 14 220
27 88 50 69 0 0 4 0.00 M M 4.6 12 230 M M 0 17 190
28 90 50 70 1 0 5 0.00 M M 3.8 13 160 M M 0 23 150
29 91 51 71 3 0 6 0.00 M M 9.2 24 290 M M 0 29 290
30 81 56 69 1 0 4 0.00 M M 9.8 22 10 M M 1 27 20
31 83 60 72 4 0 7 0.00 M M 9.5 21 330 M M 1 29 340
================================================================================
SM 2811 1801 0 296 0.01 M 215.0 M 10
================================================================================
AV 90.7 58.1 6.9 FASTST M M 0 MAX(MPH)
MISC ----> # 28 220 # 36 200
================================================================================
NOTES:
# LAST OF SEVERAL OCCURRENCES
COLUMN 17 PEAK WIND IN M.P.H.
PRELIMINARY LOCAL CLIMATOLOGICAL DATA (WS FORM: F-6) , PAGE 2
STATION: MOSES LAKE WA AIRPORT
MONTH: AUGUST
YEAR: 2020
LATITUDE: 47 12 N
LONGITUDE: 119 19 W
[TEMPERATURE DATA] [PRECIPITATION DATA] SYMBOLS USED IN COLUMN 16
AVERAGE MONTHLY: 74.4 TOTAL FOR MONTH: 0.01 1 = FOG OR MIST
DPTR FM NORMAL: 2.8 DPTR FM NORMAL: -0.24 2 = FOG REDUCING VISIBILITY
HIGHEST: 106 ON 16 GRTST 24HR 0.01 ON 6- 6 TO 1/4 MILE OR LESS
LOWEST: 48 ON 14,13 3 = THUNDER
SNOW, ICE PELLETS, HAIL 4 = ICE PELLETS
TOTAL MONTH: M 5 = HAIL
GRTST 24HR M ON M 6 = FREEZING RAIN OR DRIZZLE
GRTST DEPTH: M ON M 7 = DUSTSTORM OR SANDSTORM:
VSBY 1/2 MILE OR LESS
8 = SMOKE OR HAZE
[NO. OF DAYS WITH] [WEATHER - DAYS WITH] 9 = BLOWING SNOW
X = TORNADO
MAX 32 OR BELOW: 0 0.01 INCH OR MORE: 1
MAX 90 OR ABOVE: 17 0.10 INCH OR MORE: 0
MIN 32 OR BELOW: 0 0.50 INCH OR MORE: 0
MIN 0 OR BELOW: 0 1.00 INCH OR MORE: 0
[HDD (BASE 65) ]
TOTAL THIS MO. 0 CLEAR (SCALE 0-3) 31
DPTR FM NORMAL -12 PTCLDY (SCALE 4-7) 0
TOTAL FM JUL 1 0 CLOUDY (SCALE 8-10) 0
DPTR FM NORMAL -20
[CDD (BASE 65) ]
TOTAL THIS MO. 296
DPTR FM NORMAL 80 [PRESSURE DATA]
TOTAL FM JAN 1 808 HIGHEST SLP 30.16 ON 9
DPTR FM NORMAL 238 LOWEST SLP 29.62 ON 5
[REMARKS]
#FINAL-08-20#