000
CXUS56 KOTX 010910
CF6MWH
PRELIMINARY LOCAL CLIMATOLOGICAL DATA (WS FORM: F-6)
STATION: MOSES LAKE WA AIRPORT
MONTH: SEPTEMBER
YEAR: 2023
LATITUDE: 47 12 N
LONGITUDE: 119 19 W
TEMPERATURE IN F: :PCPN: SNOW: WIND :SUNSHINE: SKY :PK WND
================================================================================
1 2 3 4 5 6A 6B 7 8 9 10 11 12 13 14 15 16 17 18
12Z AVG MX 2MIN
DY MAX MIN AVG DEP HDD CDD WTR SNW DPTH SPD SPD DIR MIN PSBL S-S WX SPD DR
================================================================================
1 83 56 70 2 0 5 0.00 M M 3.9 12 320 M M 4 15 350
2 88 53 71 3 0 6 0.00 M M 4.4 10 170 M M 0 13 180
3 86 68 77 10 0 12 T M M 9.0 17 270 M M 3 22 270
4 78 55 67 0 0 2 T M M 9.8 17 170 M M 3 22 170
5 76 50 63 -4 2 0 0.00 M M 4.8 12 200 M M 0 14 180
6 80 49 65 -1 0 0 0.00 M M 3.4 9 360 M M 0 12 240
7 78 43 61 -5 4 0 0.00 M M 3.1 9 190 M M 0 13 180
8 80 46 63 -3 2 0 0.00 M M 3.7 9 130 M M 0 13 220
9 90 50 70 5 0 5 0.00 M M 7.2 12 30 M M 0 17 10
10 94 54 74 9 0 9 0.00 M M 6.9 15 10 M M 0 19 10
11 85 55 70 5 0 5 0.00 M M 3.6 10 210 M M 0 13 210
12 80 52 66 2 0 1 0.00 M M 6.0 15 320 M M 0 18 320
13 80 56 68 4 0 3 0.00 M M 6.0 12 200 M M 0 16 310
14 84 46 65 1 0 0 0.00 M M 4.5 9 240 M M 0 11 220
15 87 49 68 5 0 3 0.00 M M 5.1 12 10 M M 0 13 20
16 88 47 68 5 0 3 0.00 M M 4.7 12 360 M M 0 13 180
17 82 50 66 4 0 1 0.00 M M 8.4 20 250 M M 0 24 230
18 79 52 66 4 0 1 0.00 M M 10.9 25 250 M M 0 30 240
19 73 47 60 -2 5 0 0.00 M M 4.6 15 250 M M 0 8 22 250
20 64 48 56 -5 9 0 0.01 M M 11.0 21 350 M M 7 1 27 20
21 73 52 63 2 2 0 0.00 M M 11.4 24 10 M M 5 31 20
22 71 47 59 -1 6 0 0.00 M M 6.6 15 160 M M 3 1 21 190
23 70 45 58 -2 7 0 T M M 5.4 14 190 M M 2 17 190
24 70 48 59 -1 6 0 T M M 6.4 16 160 M M 5 19 160
25 70 55 63 4 2 0 0.05 M M 7.7 21 190 M M 7 1 31 190
26 69 50 60 1 5 0 0.01 M M 12.1 25 190 M M 4 32 190
27 66 47 57 -1 8 0 0.16 M M 9.5 23 250 M M 6 1 29 220
28 68 40 54 -4 11 0 T M M 5.9 23 260 M M 2 28 260
29 63 36 50 -8 15 0 0.00 M M 7.2 13 360 M M 5 16 360
30 69 36 53 -4 12 0 0.00 M M 8.0 20 10 M M 0 1 23 10
================================================================================
SM 2324 1482 96 56 0.23 M 201.2 M 56
================================================================================
AV 77.5 49.4 6.7 FASTST M M 2 MAX(MPH)
MISC ----> # 25 250 32 190
================================================================================
NOTES:
# LAST OF SEVERAL OCCURRENCES
COLUMN 17 PEAK WIND IN M.P.H.
PRELIMINARY LOCAL CLIMATOLOGICAL DATA (WS FORM: F-6) , PAGE 2
STATION: MOSES LAKE WA AIRPORT
MONTH: SEPTEMBER
YEAR: 2023
LATITUDE: 47 12 N
LONGITUDE: 119 19 W
[TEMPERATURE DATA] [PRECIPITATION DATA] SYMBOLS USED IN COLUMN 16
AVERAGE MONTHLY: 63.4 TOTAL FOR MONTH: 0.23 1 = FOG OR MIST
DPTR FM NORMAL: 0.6 DPTR FM NORMAL: -0.03 2 = FOG REDUCING VISIBILITY
HIGHEST: 94 ON 10 GRTST 24HR 0.16 ON 26-27 TO 1/4 MILE OR LESS
LOWEST: 36 ON 30,29 3 = THUNDER
SNOW, ICE PELLETS, HAIL 4 = ICE PELLETS
TOTAL MONTH: M 5 = HAIL
GRTST 24HR M ON M 6 = FREEZING RAIN OR DRIZZLE
GRTST DEPTH: M ON M 7 = DUSTSTORM OR SANDSTORM:
VSBY 1/2 MILE OR LESS
8 = SMOKE OR HAZE
[NO. OF DAYS WITH] [WEATHER - DAYS WITH] 9 = BLOWING SNOW
X = TORNADO
MAX 32 OR BELOW: 0 0.01 INCH OR MORE: 4
MAX 90 OR ABOVE: 2 0.10 INCH OR MORE: 1
MIN 32 OR BELOW: 0 0.50 INCH OR MORE: 0
MIN 0 OR BELOW: 0 1.00 INCH OR MORE: 0
[HDD (BASE 65) ]
TOTAL THIS MO. 96 CLEAR (SCALE 0-3) 20
DPTR FM NORMAL -21 PTCLDY (SCALE 4-7) 10
TOTAL FM JUL 1 99 CLOUDY (SCALE 8-10) 0
DPTR FM NORMAL -34
[CDD (BASE 65) ]
TOTAL THIS MO. 56
DPTR FM NORMAL 3 [PRESSURE DATA]
TOTAL FM JAN 1 883 HIGHEST SLP M ON M
DPTR FM NORMAL 207 LOWEST SLP 29.70 ON 3
[REMARKS]
#FINAL-09-23#