000
CXUS55 KBOI 011002
CF6MYL
PRELIMINARY LOCAL CLIMATOLOGICAL DATA (WS FORM: F-6)
STATION: MCCALL ID
MONTH: AUGUST
YEAR: 2020
LATITUDE: 44 52 N
LONGITUDE: 116 6 W
TEMPERATURE IN F: :PCPN: SNOW: WIND :SUNSHINE: SKY :PK WND
================================================================================
1 2 3 4 5 6A 6B 7 8 9 10 11 12 13 14 15 16 17 18
12Z AVG MX 2MIN
DY MAX MIN AVG DEP HDD CDD WTR SNW DPTH SPD SPD DIR MIN PSBL S-S WX SPD DR
================================================================================
1 91 53 72 10 0 7 0.00 M M 2.9 13 280 M M 0 19 230
2 92 52 72 10 0 7 0.00 M M 3.8 15 350 M M 0 20 350
3 84 61 73 11 0 8 0.00 M M 8.1 16 290 M M 0 22 10
4 85 54 70 8 0 5 0.00 M M 5.5 12 10 M M 0 17 340
5 91 50 71 9 0 6 0.00 M M 4.3 18 60 M M 0 8 26 60
6 81 56 69 7 0 4 0.00 M M 6.8 21 190 M M 3 8 27 260
7 75 45 60 -1 5 0 0.00 M M 4.8 14 330 M M 0 22 310
8 79 43 61 0 4 0 0.00 M M 4.0 14 240 M M 0 8 20 250
9 79 48 64 3 1 0 0.00 M M 7.3 17 340 M M 0 25 360
10 83 56 70 9 0 5 0.00 M M 5.6 13 300 M M 0 18 30
11 84 47 66 5 0 1 0.00 M M 4.7 20 190 M M 0 8 24 190
12 70 49 60 -1 5 0 0.00 M M 4.6 18 190 M M 3 22 190
13 76 42 59 -1 6 0 0.00 M M 4.7 17 210 M M 0 8 29 240
14 80 40 60 0 5 0 0.00 M M 3.1 12 330 M M 0 8 18 310
15 86 42 64 4 1 0 0.00 M M 2.4 12 190 M M 0 17 200
16 85 49 67 7 0 2 0.00 M M 2.7 13 160 M M 1 17 150
17 92 55 74 14 0 9 T M M 4.8 26 300 M M 1 8 42 290
18 90 58 74 15 0 9 0.01 M M 4.1 17 210 M M 2 8 26 210
19 82 57 70 11 0 5 0.02 M M 3.1 21 50 M M 2 3 29 40
20 82 52 67 8 0 2 0.00 M M 3.5 16 200 M M 2 8 27 180
21 80 47 64 5 1 0 0.00 M M 2.5 13 180 M M 2 8 18 160
22 82 49 66 8 0 1 0.00 M M 2.2 12 240 M M 3 8 15 250
23 86 47 67 9 0 2 0.00 M M 2.8 16 190 M M 1 8 20 190
24 73 51 62 4 3 0 0.00 M M 1.9 12 310 M M 4 8 16 300
25 80 49 65 7 0 0 0.07 M M 4.7 20 310 M M 4 138 31 310
26 82 50 66 9 0 1 0.00 M M 3.1 13 10 M M 2 17 20
27 79 52 66 9 0 1 T M M 4.7 16 340 M M 1 3 21 170
28 82 42 62 5 3 0 0.00 M M 1.9 13 200 M M 0 8 17 200
29 82 42 62 6 3 0 0.00 M M 4.4 18 230 M M 0 8 27 260
30 70 43 57 1 8 0 0.00 M M 6.7 20 350 M M 0 8 30 350
31 58 42 50 -6 15 0 0.01 M M 4.1 12 30 M M 7 18 20
================================================================================
SM 2521 1523 60 75 0.11 M 129.8 M 38
================================================================================
AV 81.3 49.1 4.2 FASTST M M 1 MAX(MPH)
MISC ----> 26 300 42 290
================================================================================
NOTES:
# LAST OF SEVERAL OCCURRENCES
COLUMN 17 PEAK WIND IN M.P.H.
PRELIMINARY LOCAL CLIMATOLOGICAL DATA (WS FORM: F-6) , PAGE 2
STATION: MCCALL ID
MONTH: AUGUST
YEAR: 2020
LATITUDE: 44 52 N
LONGITUDE: 116 6 W
[TEMPERATURE DATA] [PRECIPITATION DATA] SYMBOLS USED IN COLUMN 16
AVERAGE MONTHLY: 65.2 TOTAL FOR MONTH: 0.11 1 = FOG OR MIST
DPTR FM NORMAL: 5.6 DPTR FM NORMAL: -0.57 2 = FOG REDUCING VISIBILITY
HIGHEST: 92 ON 17, 2 GRTST 24HR 0.07 ON 25-25 TO 1/4 MILE OR LESS
LOWEST: 40 ON 14 3 = THUNDER
SNOW, ICE PELLETS, HAIL 4 = ICE PELLETS
TOTAL MONTH: M 5 = HAIL
GRTST 24HR M ON M 6 = FREEZING RAIN OR DRIZZLE
GRTST DEPTH: M ON M 7 = DUSTSTORM OR SANDSTORM:
VSBY 1/2 MILE OR LESS
8 = SMOKE OR HAZE
[NO. OF DAYS WITH] [WEATHER - DAYS WITH] 9 = BLOWING SNOW
X = TORNADO
MAX 32 OR BELOW: 0 0.01 INCH OR MORE: 4
MAX 90 OR ABOVE: 5 0.10 INCH OR MORE: 0
MIN 32 OR BELOW: 0 0.50 INCH OR MORE: 0
MIN 0 OR BELOW: 0 1.00 INCH OR MORE: 0
[HDD (BASE 65) ]
TOTAL THIS MO. 60 CLEAR (SCALE 0-3) 27
DPTR FM NORMAL -118 PTCLDY (SCALE 4-7) 4
TOTAL FM JUL 1 152 CLOUDY (SCALE 8-10) 0
DPTR FM NORMAL -177
[CDD (BASE 65) ]
TOTAL THIS MO. 75
DPTR FM NORMAL 66 [PRESSURE DATA]
TOTAL FM JAN 1 129 HIGHEST SLP 30.26 ON 17
DPTR FM NORMAL 104 LOWEST SLP 29.68 ON 6
[REMARKS]
#FINAL-08-20#