000
CXHW50 PHFO 011250
CF6NGF
PRELIMINARY LOCAL CLIMATOLOGICAL DATA (WS FORM: F-6)
STATION: KANEOHE BAY MCAS HI
MONTH: OCTOBER
YEAR: 2023
LATITUDE: 21 25 N
LONGITUDE: 157 46 W
TEMPERATURE IN F: :PCPN: SNOW: WIND :SUNSHINE: SKY :PK WND
================================================================================
1 2 3 4 5 6A 6B 7 8 9 10 11 12 13 14 15 16 17 18
12Z AVG MX 2MIN
DY MAX MIN AVG DEP HDD CDD WTR SNW DPTH SPD SPD DIR MIN PSBL S-S WX SPD DR
================================================================================
1 87 79 83 3 0 18 0.01 M M 10.6 16 60 M M 5 25 70
2 89 80 85 5 0 20 0.00 M M 7.6 10 70 M M 6 18 90
3 89 78 84 4 0 19 0.05 M M 4.9 10 20 M M 6 M M
4 89 73 81 1 0 16 0.00 M M 3.4 9 50 M M 2 M M
5 90 76 83 3 0 18 0.00 M M 4.7 12 120 M M 4 17 120
6 90 75 83 3 0 18 T M M 6.0 13 60 M M 3 21 100
7 89 80 85 5 0 20 T M M 8.8 12 60 M M 4 21 70
8 88 80 84 4 0 19 0.00 M M 9.6 14 50 M M 2 20 60
9 88 77 83 3 0 18 0.08 M M 11.6 16 70 M M 6 29 70
10 89 79 84 4 0 19 T M M 10.0 14 60 M M 4 21 70
11 88 79 84 5 0 19 0.00 M M 10.2 14 50 M M 2 M M
12 89 79 84 5 0 19 0.00 M M 9.5 13 40 M M 2 M M
13 89 78 84 5 0 19 T M M 7.1 10 40 M M 3 M M
14 89 74 82 3 0 17 0.00 M M 4.3 9 30 M M 3 M M
15 89 79 84 5 0 19 0.06 M M 6.4 10 50 M M 6 1 21 80
16 89 77 83 4 0 18 0.08 M M 6.7 13 60 M M 5 17 99
17 90 77 84 5 0 19 T M M 5.4 10 40 M M 6 M M
18 88 78 83 4 0 18 T M M 7.2 13 50 M M 3 M M
19 89 75 82 3 0 17 0.01 M M 6.4 10 340 M M 4 M M
20 88 75 82 3 0 17 0.01 M M 5.8 14 10 M M 4 M M
21 91 74 83 4 0 18 0.00 M M 4.2 10 20 M M 2 8 M M
22 92 74 83 4 0 18 0.00 M M 5.4 14 200 M M 1 22 190
23 91 80 86 7 0 21 T M M 12.6 18 240 M M 3 29 210
24 91 78 85 6 0 20 T M M 4.5 10 40 M M 5 M M
25 89 73 81 3 0 16 T M M 4.0 10 50 M M 3 M M
26 90 73 82 4 0 17 0.00 M M 3.2 8 80 M M 2 M M
27 89 77 83 5 0 18 0.00 M M 5.5 10 30 M M 4 M M
28 89 73 81 3 0 16 0.00 M M 5.7 10 50 M M 2 M M
29 90 77 84 6 0 19 T M M 6.7 10 60 M M 3 M M
30 89 79 84 6 0 19 0.00 M M 7.0 10 50 M M 4 M M
31 88 75 82 4 0 17 0.06 M M 3.6 9 50 M M 5 M M
================================================================================
SM 2765 2381 0 566 0.36 M 208.3 M 114
================================================================================
AV 89.2 76.8 6.7 FASTST M M 4 MAX(MPH)
MISC ----> 18 240 # 29 70
================================================================================
NOTES:
# LAST OF SEVERAL OCCURRENCES
COLUMN 17 PEAK WIND IN M.P.H.
PRELIMINARY LOCAL CLIMATOLOGICAL DATA (WS FORM: F-6) , PAGE 2
STATION: KANEOHE BAY MCAS HI
MONTH: OCTOBER
YEAR: 2023
LATITUDE: 21 25 N
LONGITUDE: 157 46 W
[TEMPERATURE DATA] [PRECIPITATION DATA] SYMBOLS USED IN COLUMN 16
AVERAGE MONTHLY: 83.0 TOTAL FOR MONTH: 0.36 1 = FOG OR MIST
DPTR FM NORMAL: 3.9 DPTR FM NORMAL: -2.22 2 = FOG REDUCING VISIBILITY
HIGHEST: 92 ON 22 GRTST 24HR 0.08 ON 9- 9 TO 1/4 MILE OR LESS
LOWEST: 73 ON 28,26 3 = THUNDER
SNOW, ICE PELLETS, HAIL 4 = ICE PELLETS
TOTAL MONTH: M 5 = HAIL
GRTST 24HR M ON M 6 = FREEZING RAIN OR DRIZZLE
GRTST DEPTH: M ON M 7 = DUSTSTORM OR SANDSTORM:
VSBY 1/2 MILE OR LESS
8 = SMOKE OR HAZE
[NO. OF DAYS WITH] [WEATHER - DAYS WITH] 9 = BLOWING SNOW
X = TORNADO
MAX 32 OR BELOW: 0 0.01 INCH OR MORE: 8
MAX 90 OR ABOVE: 9 0.10 INCH OR MORE: 0
MIN 32 OR BELOW: 0 0.50 INCH OR MORE: 0
MIN 0 OR BELOW: 0 1.00 INCH OR MORE: 0
[HDD (BASE 65) ]
TOTAL THIS MO. 0 CLEAR (SCALE 0-3) 9
DPTR FM NORMAL 0 PTCLDY (SCALE 4-7) 22
TOTAL FM JUL 1 0 CLOUDY (SCALE 8-10) 0
DPTR FM NORMAL 0
[CDD (BASE 65) ]
TOTAL THIS MO. 566
DPTR FM NORMAL 130 [PRESSURE DATA]
TOTAL FM JAN 1 4551 HIGHEST SLP M ON M
DPTR FM NORMAL 962 LOWEST SLP 31.99 ON 1
[REMARKS]
#FINAL-10-23#