000
CXUS51 KOKX 011010
CF6NYC
PRELIMINARY LOCAL CLIMATOLOGICAL DATA (WS FORM: F-6)
STATION: CENTRAL PARK NY
MONTH: FEBRUARY
YEAR: 2022
LATITUDE: 40 46 N
LONGITUDE: 73 58 W
TEMPERATURE IN F: :PCPN: SNOW: WIND :SUNSHINE: SKY :PK WND
================================================================================
1 2 3 4 5 6A 6B 7 8 9 10 11 12 13 14 15 16 17 18
12Z AVG MX 2MIN
DY MAX MIN AVG DEP HDD CDD WTR SNW DPTH SPD SPD DIR MIN PSBL S-S WX SPD DR
================================================================================
1 36 23 30 -4 35 0 0.00 0.0 6 5.2 13 50 M M 2 17 50
2 47 32 40 6 25 0 0.00 0.0 4 3.0 8 140 M M 9 1 12 140
3 52 42 47 13 18 0 0.42 0.0 2 3.8 13 230 M M 10 12 18 230
4 57 26 42 8 23 0 0.72 T 0 6.6 14 340 M M 10 16 25 350
5 27 19 23 -11 42 0 0.00 0.0 0 8.7 20 300 M M 5 27 300
6 30 17 24 -10 41 0 0.00 0.0 0 4.7 10 50 M M 1 15 130
7 37 30 34 0 31 0 0.15 T 0 3.6 13 70 M M 10 18 18 60
8 45 32 39 4 26 0 0.07 0.0 0 6.6 16 270 M M 5 1 25 300
9 46 29 38 3 27 0 0.00 0.0 0 4.0 12 180 M M 0 18 200
10 54 37 46 11 19 0 0.00 0.0 0 5.1 17 280 M M 3 33 260
11 57 38 48 13 17 0 0.00 0.0 0 5.1 14 190 M M 2 26 170
12 59 42 51 16 14 0 0.00 0.0 0 7.7 16 230 M M 2 27 220
13 42 25 34 -1 31 0 0.23 1.6 1 6.7 13 10 M M 10 18 20 10
14 25 16 21 -15 44 0 0.00 0.0 1 8.7 17 300 M M 1 28 290
15 30 16 23 -13 42 0 0.00 0.0 T 4.9 10 230 M M 0 17 280
16 49 28 39 3 26 0 0.00 0.0 0 5.8 14 220 M M 1 25 200
17 68 49 59 23 6 0 0.31 0.0 0 7.3 16 230 M M 6 1 25 190
18 63 27 45 9 20 0 0.33 0.0 0 9.6 22 300 M M 5 1 40 280
19 40 23 32 -5 33 0 T T 0 8.3 21 290 M M 2 8 38 280
20 36 21 29 -8 36 0 0.00 0.0 0 7.7 18 310 M M 0 29 310
21 55 32 44 7 21 0 0.00 0.0 0 4.5 13 220 M M 0 22 190
22 61 37 49 12 16 0 0.26 0.0 0 6.1 16 160 M M 7 18 26 140
23 68 35 52 15 13 0 0.00 0.0 0 8.2 22 270 M M 3 31 280
24 35 29 32 -6 33 0 0.00 0.0 0 7.5 16 40 M M 6 23 290
25 41 26 34 -4 31 0 0.74 0.4 T 8.2 20 60 M M 7 16 26 280
26 37 24 31 -7 34 0 0.00 0.0 0 7.1 17 300 M M 1 8 25 300
27 48 28 38 0 27 0 0.00 0.0 0 9.7 20 240 M M 2 29 360
28 36 26 31 -7 34 0 0.00 0.0 0 5.9 15 300 M M 1 25 300
================================================================================
SM 1281 809 765 0 3.23 2.0 180.3 M 111
================================================================================
AV 45.8 28.9 6.4 FASTST M M 4 MAX(MPH)
MISC ----> # 22 300 40 280
================================================================================
NOTES:
# LAST OF SEVERAL OCCURRENCES
COLUMN 17 PEAK WIND IN M.P.H.
PRELIMINARY LOCAL CLIMATOLOGICAL DATA (WS FORM: F-6) , PAGE 2
STATION: CENTRAL PARK NY
MONTH: FEBRUARY
YEAR: 2022
LATITUDE: 40 46 N
LONGITUDE: 73 58 W
[TEMPERATURE DATA] [PRECIPITATION DATA] SYMBOLS USED IN COLUMN 16
AVERAGE MONTHLY: 37.3 TOTAL FOR MONTH: 3.23 1 = FOG OR MIST
DPTR FM NORMAL: 1.4 DPTR FM NORMAL: 0.04 2 = FOG REDUCING VISIBILITY
HIGHEST: 68 ON 23,17 GRTST 24HR 0.87 ON 3- 4 TO 1/4 MILE OR LESS
LOWEST: 16 ON 15,14 3 = THUNDER
SNOW, ICE PELLETS, HAIL 4 = ICE PELLETS
TOTAL MONTH: 2.0 INCHES 5 = HAIL
GRTST 24HR 1.6 ON 13-13 6 = FREEZING RAIN OR DRIZZLE
GRTST DEPTH: 6 ON 1 7 = DUSTSTORM OR SANDSTORM:
VSBY 1/2 MILE OR LESS
8 = SMOKE OR HAZE
[NO. OF DAYS WITH] [WEATHER - DAYS WITH] 9 = BLOWING SNOW
X = TORNADO
MAX 32 OR BELOW: 4 0.01 INCH OR MORE: 9
MAX 90 OR ABOVE: 0 0.10 INCH OR MORE: 8
MIN 32 OR BELOW: 21 0.50 INCH OR MORE: 2
MIN 0 OR BELOW: 0 1.00 INCH OR MORE: 0
[HDD (BASE 65) ]
TOTAL THIS MO. 765 CLEAR (SCALE 0-3) 16
DPTR FM NORMAL -51 PTCLDY (SCALE 4-7) 7
TOTAL FM JUL 1 3167 CLOUDY (SCALE 8-10) 5
DPTR FM NORMAL -207
[CDD (BASE 65) ]
TOTAL THIS MO. 0
DPTR FM NORMAL 0 [PRESSURE DATA]
TOTAL FM JAN 1 0 HIGHEST SLP M ON M
DPTR FM NORMAL 0 LOWEST SLP 29.31 ON 18
[REMARKS]
#FINAL-02-22#