221
CXUS54 KMAF 011923
CF6ODO
PRELIMINARY LOCAL CLIMATOLOGICAL DATA (WS FORM: F-6)
STATION: ODESSA SCHLEYMEYER
MONTH: NOVEMBER
YEAR: 2020
LATITUDE: 31 55 N
LONGITUDE: 102 23 W
TEMPERATURE IN F: :PCPN: SNOW: WIND :SUNSHINE: SKY :PK WND
================================================================================
1 2 3 4 5 6A 6B 7 8 9 10 11 12 13 14 15 16 17 18
12Z AVG MX 2MIN
DY MAX MIN AVG DEP HDD CDD WTR SNW DPTH SPD SPD DIR MIN PSBL S-S WX SPD DR
================================================================================
1 72 51 62 2 3 0 0.00 M M 11.7 23 80 M M 0 27 80
2 73 41 57 -2 8 0 0.00 M M 9.4 17 190 M M 0 21 190
3 78 46 62 3 3 0 0.00 M M 11.5 17 190 M M 0 23 210
4 84 52 68 10 0 3 M M M 10.8 16 190 M M 0 21 200
5 86 49 68 10 0 3 0.00 M M 8.2 16 90 M M 0 21 50
6 80 45 63 6 2 0 0.00 M M 7.9 17 160 M M 0 23 170
7 75 53 64 7 1 0 0.00 M M 15.0 25 160 M M 0 31 150
8 82 58 70 13 0 5 0.00 M M 18.0 24 190 M M 0 30 170
9 85 60 73 17 0 8 0.00 M M 15.1 25 220 M M 0 34 200
10 67 43 55 -1 10 0 0.00 M M 9.2 20 350 M M 0 29 340
11 73 42 58 3 7 0 0.00 M M 5.7 14 200 M M 0 18 190
12 79 48 64 9 1 0 0.00 M M 4.6 13 230 M M 0 16 290
13 61 49 55 1 10 0 0.00 M M 9.0 22 60 M M 9 26 60
14 80 51 66 12 0 1 0.00 M M 14.1 32 250 M M 4 8 41 240
15 62 37 50 -4 15 0 0.00 M M 8.2 22 350 M M 0 30 360
16 79 42 61 8 4 0 0.00 M M 6.4 15 210 M M 0 18 200
17 73 38 56 3 9 0 0.00 M M 10.9 22 160 M M 0 26 160
18 75 47 61 9 4 0 0.00 M M 14.2 23 200 M M 0 28 200
19 81 51 66 14 0 1 0.00 M M 11.3 18 180 M M 0 23 180
20 82 52 67 15 0 2 0.00 M M 7.2 17 180 M M 0 21 190
21 73 47 60 9 5 0 0.00 M M 10.1 20 170 M M 2 26 150
22 57 47 52 1 13 0 T M M 12.7 21 70 M M 6 18 25 70
23 69 47 58 8 7 0 T M M 14.8 29 180 M M 6 12 35 190
24 76 43 60 10 5 0 0.00 M M 17.9 38 280 M M 2 8 47 290
25 67 31 49 -1 16 0 0.00 M M 7.4 18 10 M M 0 25 10
26 77 43 60 10 5 0 0.00 M M 7.5 21 260 M M 0 23 280
27 57 45 51 2 14 0 0.00 M M 15.0 24 60 M M 6 30 50
28 58 38 48 -1 17 0 0.04 M M 7.5 15 60 M M 6 138 19 330
29 56 30 43 -5 22 0 0.00 M M 10.2 22 20 M M 3 12 27 20
30 52 24 38 -10 27 0 0.00 M M 6.7 12 200 M M 0 14 200
================================================================================
SM 2169 1350 208 23 0.04 M 318.2 M 44
================================================================================
AV 72.3 45.0 10.6 FASTST M M 1 MAX(MPH)
MISC ----> 38 280 47 290
================================================================================
NOTES:
# LAST OF SEVERAL OCCURRENCES
COLUMN 17 PEAK WIND IN M.P.H.
PRELIMINARY LOCAL CLIMATOLOGICAL DATA (WS FORM: F-6) , PAGE 2
STATION: ODESSA SCHLEYMEYER
MONTH: NOVEMBER
YEAR: 2020
LATITUDE: 31 55 N
LONGITUDE: 102 23 W
[TEMPERATURE DATA] [PRECIPITATION DATA] SYMBOLS USED IN COLUMN 16
AVERAGE MONTHLY: 58.7 TOTAL FOR MONTH: 0.04 1 = FOG OR MIST
DPTR FM NORMAL: 5.1 DPTR FM NORMAL: -0.67 2 = FOG REDUCING VISIBILITY
HIGHEST: 86 ON 5 GRTST 24HR 0.04 ON 28-28 TO 1/4 MILE OR LESS
LOWEST: 24 ON 30 3 = THUNDER
SNOW, ICE PELLETS, HAIL 4 = ICE PELLETS
TOTAL MONTH: M 5 = HAIL
GRTST 24HR M ON M 6 = FREEZING RAIN OR DRIZZLE
GRTST DEPTH: M ON M 7 = DUSTSTORM OR SANDSTORM:
VSBY 1/2 MILE OR LESS
8 = SMOKE OR HAZE
[NO. OF DAYS WITH] [WEATHER - DAYS WITH] 9 = BLOWING SNOW
X = TORNADO
MAX 32 OR BELOW: 0 0.01 INCH OR MORE: 1
MAX 90 OR ABOVE: 0 0.10 INCH OR MORE: 0
MIN 32 OR BELOW: 3 0.50 INCH OR MORE: 0
MIN 0 OR BELOW: 0 1.00 INCH OR MORE: 0
[HDD (BASE 65) ]
TOTAL THIS MO. 208 CLEAR (SCALE 0-3) 24
DPTR FM NORMAL -142 PTCLDY (SCALE 4-7) 5
TOTAL FM JUL 1 383 CLOUDY (SCALE 8-10) 1
DPTR FM NORMAL -63
[CDD (BASE 65) ]
TOTAL THIS MO. 23
DPTR FM NORMAL 15 [PRESSURE DATA]
TOTAL FM JAN 1 2899 HIGHEST SLP 30.54 ON 30
DPTR FM NORMAL 443 LOWEST SLP 29.63 ON 9
[REMARKS]
#FINAL-11-20#