000
CXUS53 KGID 010830
CF6ODX
PRELIMINARY LOCAL CLIMATOLOGICAL DATA (WS FORM: F-6)
STATION: ORD NE
MONTH: AUGUST
YEAR: 2022
LATITUDE: 41 37 N
LONGITUDE: 98 57 W
TEMPERATURE IN F: :PCPN: SNOW: WIND :SUNSHINE: SKY :PK WND
================================================================================
1 2 3 4 5 6A 6B 7 8 9 10 11 12 13 14 15 16 17 18
12Z AVG MX 2MIN
DY MAX MIN AVG DEP HDD CDD WTR SNW DPTH SPD SPD DIR MIN PSBL S-S WX SPD DR
================================================================================
1 97 63 80 5 0 15 T M M 7.3 17 170 M M 0 26 160
2 102 69 86 11 0 21 T M M 9.1 24 250 M M 0 3 33 250
3 96 63 80 5 0 15 0.00 M M 7.1 15 20 M M 1 3 21 360
4 92 56 74 -1 0 9 0.00 M M 8.4 20 140 M M 0 27 160
5 96 70 83 8 0 18 0.00 M M 12.4 24 170 M M 0 34 150
6 89 68 79 5 0 14 0.02 M M 10.0 20 20 M M 5 3 26 20
7 70 61 66 -8 0 1 T M M 9.2 25 350 M M 9 3 34 340
8 83 53 68 -6 0 3 0.00 M M 6.5 12 80 M M 0 16 10
9 93 57 75 1 0 10 0.00 M M 6.9 15 180 M M 0 1 22 160
10 98 61 80 6 0 15 0.00 M M 5.7 18 180 M M 1 26 180
11 95 64 80 6 0 15 0.00 M M 8.8 18 170 M M 0 24 170
12 97 61 79 5 0 14 0.00 M M 9.5 22 170 M M 1 31 180
13 89 62 76 3 0 11 0.00 M M 6.3 16 10 M M 1 21 10
14 90 67 79 6 0 14 T M M 8.3 17 100 M M 1 26 90
15 72 64 68 -5 0 3 0.03 M M 8.2 16 90 M M 8 13 22 80
16 67 58 63 -10 2 0 0.06 M M 4.7 13 70 M M 10 12 17 70
17 84 55 70 -3 0 5 0.00 M M 4.6 13 150 M M 6 12 17 140
18 95 58 77 5 0 12 0.00 M M 8.0 18 340 M M 1 3 25 340
19 86 57 72 0 0 7 0.00 M M 8.1 20 330 M M 1 28 310
20 84 56 70 -2 0 5 0.00 M M 5.9 13 30 M M 3 16 40
21 87 50 69 -3 0 4 0.00 M M 4.6 13 110 M M 0 19 80
22 91 55 73 1 0 8 0.00 M M 6.2 17 130 M M 1 1 25 140
23 95 56 76 5 0 11 0.00 M M 7.4 23 180 M M 0 31 180
24 93 65 79 8 0 14 T M M 4.6 13 190 M M 2 19 160
25 87 68 78 7 0 13 0.05 M M 7.3 14 350 M M 4 20 130
26 93 63 78 8 0 13 0.00 M M 9.9 21 180 M M 1 27 170
27 81 64 73 3 0 8 T M M 7.9 22 170 M M 2 32 180
28 99 64 82 12 0 17 0.00 M M 7.1 15 330 M M 0 23 330
29 91 56 74 4 0 9 0.00 M M 5.1 13 20 M M 0 3 19 20
30 90 51 71 2 0 6 0.00 M M 4.9 12 120 M M 0 19 130
31 99 55 77 8 0 12 0.01 M M 5.3 29 300 M M 1 3 40 300
================================================================================
SM 2781 1870 2 322 0.17 M 225.3 M 59
================================================================================
AV 89.7 60.3 7.3 FASTST M M 2 MAX(MPH)
MISC ----> 29 300 40 300
================================================================================
NOTES:
# LAST OF SEVERAL OCCURRENCES
COLUMN 17 PEAK WIND IN M.P.H.
PRELIMINARY LOCAL CLIMATOLOGICAL DATA (WS FORM: F-6) , PAGE 2
STATION: ORD NE
MONTH: AUGUST
YEAR: 2022
LATITUDE: 41 37 N
LONGITUDE: 98 57 W
[TEMPERATURE DATA] [PRECIPITATION DATA] SYMBOLS USED IN COLUMN 16
AVERAGE MONTHLY: 75.0 TOTAL FOR MONTH: 0.17 1 = FOG OR MIST
DPTR FM NORMAL: 2.4 DPTR FM NORMAL: -3.09 2 = FOG REDUCING VISIBILITY
HIGHEST: 102 ON 2 GRTST 24HR 0.07 ON 15-16 TO 1/4 MILE OR LESS
LOWEST: 50 ON 21 3 = THUNDER
SNOW, ICE PELLETS, HAIL 4 = ICE PELLETS
TOTAL MONTH: M 5 = HAIL
GRTST 24HR M ON M 6 = FREEZING RAIN OR DRIZZLE
GRTST DEPTH: M ON M 7 = DUSTSTORM OR SANDSTORM:
VSBY 1/2 MILE OR LESS
8 = SMOKE OR HAZE
[NO. OF DAYS WITH] [WEATHER - DAYS WITH] 9 = BLOWING SNOW
X = TORNADO
MAX 32 OR BELOW: 0 0.01 INCH OR MORE: 5
MAX 90 OR ABOVE: 19 0.10 INCH OR MORE: 0
MIN 32 OR BELOW: 0 0.50 INCH OR MORE: 0
MIN 0 OR BELOW: 0 1.00 INCH OR MORE: 0
[HDD (BASE 65) ]
TOTAL THIS MO. 2 CLEAR (SCALE 0-3) 25
DPTR FM NORMAL -8 PTCLDY (SCALE 4-7) 3
TOTAL FM JUL 1 2 CLOUDY (SCALE 8-10) 3
DPTR FM NORMAL -8
[CDD (BASE 65) ]
TOTAL THIS MO. 322
DPTR FM NORMAL 78 [PRESSURE DATA]
TOTAL FM JAN 1 982 HIGHEST SLP 30.21 ON 30
DPTR FM NORMAL 227 LOWEST SLP 29.57 ON 28
[REMARKS]
#FINAL-08-22#