000
CXUS53 KGID 011505
CF6ODX
PRELIMINARY LOCAL CLIMATOLOGICAL DATA (WS FORM: F-6)
STATION: ORD NE
MONTH: MAY
YEAR: 2022
LATITUDE: 41 37 N
LONGITUDE: 98 57 W
TEMPERATURE IN F: :PCPN: SNOW: WIND :SUNSHINE: SKY :PK WND
================================================================================
1 2 3 4 5 6A 6B 7 8 9 10 11 12 13 14 15 16 17 18
12Z AVG MX 2MIN
DY MAX MIN AVG DEP HDD CDD WTR SNW DPTH SPD SPD DIR MIN PSBL S-S WX SPD DR
================================================================================
1 64 39 52 -1 13 0 0.00 M M 13.4 25 320 M M 0 33 330
2 44 39 42 -11 23 0 0.42 M M 8.9 18 10 M M 9 18 24 10
3 53 35 44 -9 21 0 0.00 M M 7.5 14 30 M M 6 20 20
4 49 37 43 -11 22 0 0.10 M M 5.9 12 110 M M 10 1 16 130
5 55 45 50 -4 15 0 0.12 M M 5.4 10 30 M M 9 1 15 350
6 69 46 58 3 7 0 0.00 M M 9.5 21 170 M M 6 1 29 150
7 79 53 66 11 0 1 0.48 M M 17.0 35 170 M M 4 13 48 160
8 79 56 68 13 0 3 0.35 M M 8.9 28 60 M M 4 13 39 50
9 79 60 70 14 0 5 T M M 12.1 23 290 M M 4 1 33 170
10 78 56 67 11 0 2 0.00 M M 10.9 24 40 M M 4 34 30
11 90 55 73 16 0 8 0.00 M M 9.7 22 180 M M 3 8 31 200
12 89 54 72 15 0 7 0.37 M M M M M M M 0 3 75 M
13 79 43 61 3 4 0 0.00 M M 9.1 23 240 M M 0 36 260
14 74 49 62 4 3 0 0.00 M M 7.9 24 310 M M 0 32 310
15 72 46 59 1 6 0 0.11 M M 7.4 24 300 M M 4 3 33 320
16 82 41 62 3 3 0 0.02 M M 9.7 22 190 M M 1 30 190
17 79 60 70 11 0 5 0.01 M M 7.9 20 160 M M 1 3 28 150
18 84 54 69 9 0 4 0.01 M M 5.9 23 330 M M 1 3 29 330
19 90 51 71 11 0 6 0.00 M M 14.4 37 340 M M 0 8 52 350
20 61 46 54 -6 11 0 0.00 M M 14.2 25 320 M M 9 37 310
21 57 33 45 -16 20 0 0.00 M M 10.2 20 330 M M 4 26 310
22 68 28 48 -13 17 0 0.00 M M 5.4 14 110 M M 2 19 110
23 58 49 54 -8 11 0 0.03 M M 8.0 22 180 M M 8 31 170
24 60 44 52 -10 13 0 0.05 M M 9.0 21 80 M M 9 1 27 90
25 58 47 53 -9 12 0 0.44 M M 15.5 24 350 M M 8 1 31 360
26 77 39 58 -5 7 0 0.00 M M 7.2 17 350 M M 0 23 360
27 90 45 68 5 0 3 T M M 6.8 28 170 M M 0 48 170
28 89 53 71 7 0 6 0.00 M M 8.7 23 120 M M 0 30 110
29 80 61 71 7 0 6 2.86 M M 8.8 26 250 M M 3 13 36 240
30 75 54 65 1 0 0 0.18 M M 16.2 44 260 M M 4 13 57 260
31 71 49 60 -5 5 0 0.00 M M 11.4 20 270 M M 4 27 270
================================================================================
SM 2232 1467 213 56 5.55 M 292.9 M 117
================================================================================
AV 72.0 47.3 9.8 FASTST M M 4 MAX(MPH)
MISC ----> M M 75 M
================================================================================
NOTES:
# LAST OF SEVERAL OCCURRENCES
COLUMN 17 PEAK WIND IN M.P.H.
PRELIMINARY LOCAL CLIMATOLOGICAL DATA (WS FORM: F-6) , PAGE 2
STATION: ORD NE
MONTH: MAY
YEAR: 2022
LATITUDE: 41 37 N
LONGITUDE: 98 57 W
[TEMPERATURE DATA] [PRECIPITATION DATA] SYMBOLS USED IN COLUMN 16
AVERAGE MONTHLY: 59.7 TOTAL FOR MONTH: 5.55 1 = FOG OR MIST
DPTR FM NORMAL: 1.0 DPTR FM NORMAL: 1.85 2 = FOG REDUCING VISIBILITY
HIGHEST: 90 ON 27,19 GRTST 24HR 3.04 ON 29-30 TO 1/4 MILE OR LESS
LOWEST: 28 ON 22 3 = THUNDER
SNOW, ICE PELLETS, HAIL 4 = ICE PELLETS
TOTAL MONTH: M 5 = HAIL
GRTST 24HR M ON M 6 = FREEZING RAIN OR DRIZZLE
GRTST DEPTH: M ON M 7 = DUSTSTORM OR SANDSTORM:
VSBY 1/2 MILE OR LESS
8 = SMOKE OR HAZE
[NO. OF DAYS WITH] [WEATHER - DAYS WITH] 9 = BLOWING SNOW
X = TORNADO
MAX 32 OR BELOW: 0 0.01 INCH OR MORE: 15
MAX 90 OR ABOVE: 3 0.10 INCH OR MORE: 10
MIN 32 OR BELOW: 1 0.50 INCH OR MORE: 1
MIN 0 OR BELOW: 0 1.00 INCH OR MORE: 1
[HDD (BASE 65) ]
TOTAL THIS MO. 213 CLEAR (SCALE 0-3) 14
DPTR FM NORMAL -21 PTCLDY (SCALE 4-7) 12
TOTAL FM JUL 1 6047 CLOUDY (SCALE 8-10) 5
DPTR FM NORMAL -557
[CDD (BASE 65) ]
TOTAL THIS MO. 56
DPTR FM NORMAL 16 [PRESSURE DATA]
TOTAL FM JAN 1 66 HIGHEST SLP 30.45 ON 22
DPTR FM NORMAL 24 LOWEST SLP 29.14 ON 9
[REMARKS]
SUBSTITUTED LIQUID PRECIPITATION AMOUNT (0.37) FOR 5/12/2022 FROM LOCAL
COOPERATIVE OBSERVER (ORD #2, SITE 25-6336) DUE TO THE AUTOMATED GAUGE
CAPTURE UNDER-REPRESENTING PRECIPITATION DUE TO POWER OUTAGE. REED
#FINAL-05-22#