000
CXUS55 KCAE 011400
CF6OGB
PRELIMINARY LOCAL CLIMATOLOGICAL DATA (WS FORM: F-6)
STATION: ORANGEBURG AIRPORT SC
MONTH: MARCH
YEAR: 2021
LATITUDE: 33 27 N
LONGITUDE: 80 51 W
TEMPERATURE IN F: :PCPN: SNOW: WIND :SUNSHINE: SKY :PK WND
================================================================================
1 2 3 4 5 6A 6B 7 8 9 10 11 12 13 14 15 16 17 18
12Z AVG MX 2MIN
DY MAX MIN AVG DEP HDD CDD WTR SNW DPTH SPD SPD DIR MIN PSBL S-S WX SPD DR
================================================================================
1 76 60 68 15 0 3 0.13 M M 11.0 23 340 M M 5 1 31 260
2 60 43 52 -1 13 0 0.06 M M 7.2 16 60 M M 6 23 50
3 62 42 52 -1 13 0 M M M 7.6 18 30 M M 7 1 25 30
4 72 38 55 1 10 0 0.00 M M 3.4 15 340 M M 0 1 19 290
5 M 41 M M M M 0.00 M M 4.8 12 20 M M 0 15 50
6 52 35 44 -10 21 0 T M M 4.7 15 70 M M 7 21 70
7 57 33 45 -9 20 0 0.00 M M 5.9 18 360 M M 0 26 330
8 63 30 47 -8 18 0 0.00 M M 1.7 9 320 M M 0 12 250
9 71 32 52 -3 13 0 0.00 M M 3.4 13 230 M M 0 1 17 200
10 74 37 56 1 9 0 0.00 M M 3.8 13 190 M M 0 15 220
11 75 43 59 4 6 0 0.00 M M 4.5 14 210 M M 0 19 180
12 79 46 63 7 2 0 0.00 M M 4.5 16 220 M M 0 12 20 240
13 78 50 64 8 1 0 0.00 M M 4.2 14 40 M M 2 1 18 70
14 78 54 66 10 0 1 0.00 M M 4.0 9 320 M M 4 12 330
15 68 54 61 5 4 0 0.00 M M 7.7 16 70 M M 6 22 70
16 54 46 50 -7 15 0 0.09 M M 6.5 13 30 M M 9 1 17 30
17 67 48 58 1 7 0 T M M 4.8 12 360 M M 8 14 20
18 75 58 67 10 0 2 0.08 M M 10.9 25 290 M M 9 12 33 290
19 60 45 53 -5 12 0 0.00 M M 11.3 20 270 M M 5 27 260
20 54 39 47 -11 18 0 0.17 M M 10.9 18 20 M M 8 1 24 40
21 63 44 54 -4 11 0 0.26 M M 12.2 20 30 M M 8 1 27 20
22 73 51 62 4 3 0 0.00 M M 11.0 22 20 M M 2 28 30
23 74 53 64 6 1 0 0.00 M M 6.0 14 30 M M 4 18 20
24 77 57 67 8 0 2 T M M 4.2 13 210 M M 3 1 16 260
25 84 57 71 12 0 6 T M M 8.8 22 160 M M 1 27 180
26 76 65 71 12 0 6 0.05 M M 7.9 21 210 M M 5 1 25 190
27 88 65 77 18 0 12 0.00 M M 5.9 21 240 M M 4 1 29 230
28 85 61 73 13 0 8 0.28 M M 12.8 32 300 M M 4 1 44 290
29 68 47 58 -2 7 0 0.00 M M 5.9 15 40 M M 0 21 20
30 72 42 57 -3 8 0 T M M 3.7 12 140 M M 7 1 17 110
31 84 63 74 14 0 9 0.14 M M 8.3 28 330 M M 8 123 38 330
================================================================================
SM 2119 1479 212 49 1.26 M 209.5 M 122
================================================================================
AV 70.6 47.7 6.8 FASTST M M 4 MAX(MPH)
MISC ----> 32 300 44 290
================================================================================
NOTES:
# LAST OF SEVERAL OCCURRENCES
COLUMN 17 PEAK WIND IN M.P.H.
PRELIMINARY LOCAL CLIMATOLOGICAL DATA (WS FORM: F-6) , PAGE 2
STATION: ORANGEBURG AIRPORT SC
MONTH: MARCH
YEAR: 2021
LATITUDE: 33 27 N
LONGITUDE: 80 51 W
[TEMPERATURE DATA] [PRECIPITATION DATA] SYMBOLS USED IN COLUMN 16
AVERAGE MONTHLY: 59.2 TOTAL FOR MONTH: 1.26 1 = FOG OR MIST
DPTR FM NORMAL: 2.6 DPTR FM NORMAL: -2.72 2 = FOG REDUCING VISIBILITY
HIGHEST: 88 ON 27 GRTST 24HR 0.43 ON 20-21 TO 1/4 MILE OR LESS
LOWEST: 30 ON 8 3 = THUNDER
SNOW, ICE PELLETS, HAIL 4 = ICE PELLETS
TOTAL MONTH: M 5 = HAIL
GRTST 24HR M ON M 6 = FREEZING RAIN OR DRIZZLE
GRTST DEPTH: M ON M 7 = DUSTSTORM OR SANDSTORM:
VSBY 1/2 MILE OR LESS
8 = SMOKE OR HAZE
[NO. OF DAYS WITH] [WEATHER - DAYS WITH] 9 = BLOWING SNOW
X = TORNADO
MAX 32 OR BELOW: 0 0.01 INCH OR MORE: 9
MAX 90 OR ABOVE: 0 0.10 INCH OR MORE: 5
MIN 32 OR BELOW: 2 0.50 INCH OR MORE: 0
MIN 0 OR BELOW: 0 1.00 INCH OR MORE: 0
[HDD (BASE 65) ]
TOTAL THIS MO. 212 CLEAR (SCALE 0-3) 13
DPTR FM NORMAL -65 PTCLDY (SCALE 4-7) 14
TOTAL FM JUL 1 1932 CLOUDY (SCALE 8-10) 4
DPTR FM NORMAL -277
[CDD (BASE 65) ]
TOTAL THIS MO. 49
DPTR FM NORMAL 32 [PRESSURE DATA]
TOTAL FM JAN 1 62 HIGHEST SLP 30.59 ON 9
DPTR FM NORMAL 42 LOWEST SLP 29.62 ON 18
[REMARKS]
#FINAL-03-21#