870
CXHW52 PHFO 011250
CF6OGG
PRELIMINARY LOCAL CLIMATOLOGICAL DATA (WS FORM: F-6)
STATION: KAHULUI HI
MONTH: JANUARY
YEAR: 2021
LATITUDE: 20 53 N
LONGITUDE: 156 26 W
TEMPERATURE IN F: :PCPN: SNOW: WIND :SUNSHINE: SKY :PK WND
================================================================================
1 2 3 4 5 6A 6B 7 8 9 10 11 12 13 14 15 16 17 18
12Z AVG MX 2MIN
DY MAX MIN AVG DEP HDD CDD WTR SNW DPTH SPD SPD DIR MIN PSBL S-S WX SPD DR
================================================================================
1 85 71 78 6 0 13 0.06 M M 16.6 32 40 M M 4 18 41 50
2 83 70 77 5 0 12 0.03 M M 14.0 28 50 M M 5 8 35 40
3 84 71 78 6 0 13 T M M 15.8 28 50 M M 3 35 50
4 86 62 74 2 0 9 T M M 9.8 21 30 M M 3 26 70
5 84 65 75 3 0 10 T M M 11.8 25 40 M M 4 8 32 40
6 85 63 74 2 0 9 T M M 13.0 25 60 M M 3 33 60
7 87 65 76 4 0 11 T M M 8.7 24 30 M M 3 30 50
8 84 59 72 0 0 7 0.00 M M 7.5 17 30 M M 3 20 30
9 83 66 75 3 0 10 T M M 7.1 25 30 M M 5 1 35 90
10 85 60 73 1 0 8 0.00 M M 9.7 26 40 M M 3 32 40
11 87 64 76 4 0 11 0.00 M M 8.7 23 40 M M 3 31 60
12 89 64 77 5 0 12 0.00 M M 5.9 17 30 M M 3 20 30
13 87 66 77 5 0 12 0.01 M M 7.9 18 190 M M 2 24 160
14 88 62 75 3 0 10 0.00 M M 6.5 22 30 M M 1 1 25 40
15 88 63 76 4 0 11 0.00 M M 5.2 17 30 M M 2 18 21 20
16 89 62 76 4 0 11 0.00 M M 6.4 22 70 M M 2 8 28 60
17 84 66 75 3 0 10 0.66 M M 6.7 20 210 M M 6 1 23 210
18 75 69 72 0 0 7 2.76 M M 16.8 35 30 M M 9 18 41 30
19 85 69 77 5 0 12 0.00 M M 10.2 23 80 M M 4 8 30 80
20 81 70 76 4 0 11 0.00 M M 11.6 25 40 M M 4 8 33 70
21 82 71 77 5 0 12 T M M 15.4 29 60 M M 3 41 80
22 83 70 77 5 0 12 0.00 M M 17.8 30 70 M M 1 40 70
23 82 70 76 4 0 11 T M M 17.3 30 60 M M 3 40 50
24 88 64 76 4 0 11 0.00 M M 8.2 26 70 M M 2 32 80
25 81 71 76 4 0 11 T M M 11.2 24 80 M M 5 35 80
26 84 72 78 6 0 13 0.18 M M 18.8 30 70 M M 5 1 39 60
27 81 72 77 5 0 12 0.00 M M 19.5 30 60 M M 3 41 60
28 82 70 76 4 0 11 T M M 17.3 31 60 M M 2 42 40
29 82 68 75 3 0 10 0.01 M M 16.2 26 60 M M 3 1 36 70
30 80 66 73 1 0 8 0.01 M M 15.4 26 60 M M 4 1 34 70
31 81 69 75 3 0 10 T M M 14.0 24 50 M M 3 31 60
================================================================================
SM 2605 2070 0 330 3.72 M 371.0 M 106
================================================================================
AV 84.0 66.8 12.0 FASTST M M 3 MAX(MPH)
MISC ----> 35 30 42 40
================================================================================
NOTES:
# LAST OF SEVERAL OCCURRENCES
COLUMN 17 PEAK WIND IN M.P.H.
PRELIMINARY LOCAL CLIMATOLOGICAL DATA (WS FORM: F-6) , PAGE 2
STATION: KAHULUI HI
MONTH: JANUARY
YEAR: 2021
LATITUDE: 20 53 N
LONGITUDE: 156 26 W
[TEMPERATURE DATA] [PRECIPITATION DATA] SYMBOLS USED IN COLUMN 16
AVERAGE MONTHLY: 75.4 TOTAL FOR MONTH: 3.72 1 = FOG OR MIST
DPTR FM NORMAL: 3.4 DPTR FM NORMAL: 0.85 2 = FOG REDUCING VISIBILITY
HIGHEST: 89 ON 16,12 GRTST 24HR 2.76 ON 18-18 TO 1/4 MILE OR LESS
LOWEST: 59 ON 8 3 = THUNDER
SNOW, ICE PELLETS, HAIL 4 = ICE PELLETS
TOTAL MONTH: M 5 = HAIL
GRTST 24HR M ON M 6 = FREEZING RAIN OR DRIZZLE
GRTST DEPTH: M ON M 7 = DUSTSTORM OR SANDSTORM:
VSBY 1/2 MILE OR LESS
8 = SMOKE OR HAZE
[NO. OF DAYS WITH] [WEATHER - DAYS WITH] 9 = BLOWING SNOW
X = TORNADO
MAX 32 OR BELOW: 0 0.01 INCH OR MORE: 8
MAX 90 OR ABOVE: 0 0.10 INCH OR MORE: 3
MIN 32 OR BELOW: 0 0.50 INCH OR MORE: 2
MIN 0 OR BELOW: 0 1.00 INCH OR MORE: 1
[HDD (BASE 65) ]
TOTAL THIS MO. 0 CLEAR (SCALE 0-3) 17
DPTR FM NORMAL 0 PTCLDY (SCALE 4-7) 13
TOTAL FM JUL 1 0 CLOUDY (SCALE 8-10) 1
DPTR FM NORMAL 0
[CDD (BASE 65) ]
TOTAL THIS MO. 330
DPTR FM NORMAL 113 [PRESSURE DATA]
TOTAL FM JAN 1 330 HIGHEST SLP 30.19 ON 3
DPTR FM NORMAL 113 LOWEST SLP 29.89 ON 24
[REMARKS]
#FINAL-01-21#