000
CXUS53 KEAX 061726 RRA
CLSOJC
CLIMATE REPORT
NATIONAL WEATHER SERVICE
1223 PM CDT MON JUN 06 2022
...................................
...THE JOHNSON COUNTY EXECUTIVE KS CLIMATE SUMMARY FOR THE SEASON, FROM
3/1/2022 TO 5/31/2022...
CLIMATE NORMAL PERIOD: 1991 TO 2020
CLIMATE RECORD PERIOD: 9999 TO 9999
WEATHER OBSERVED NORMAL DEPART LAST YEAR`S
VALUE DATE(S) VALUE FROM VALUE DATE(S)
NORMAL
................................................................
TEMPERATURE (F)
HIGHEST 90 05/12 87 3 86 05/26
LOWEST 8 03/12 16 -8 23 03/01
AVG. MAXIMUM 65.5 64.6 0.9 64.8
AVG. MINIMUM 45.2 45.0 0.2 46.0
MEAN 55.4 54.8 0.6 55.4
DAYS MAX >= 90 1 0.7 0.3 0
DAYS MAX <= 32 1 1.1 -0.1 0
DAYS MIN <= 32 10 14.9 -4.9 7
DAYS MIN <= 0 0 0.1 -0.1 0
PRECIPITATION (INCHES)
TOTALS 18.29 11.52 6.77 13.64
DAILY AVG. 0.20 0.13 0.07 0.15
DAYS >= .01 37 32.0 5.0 35
DAYS >= .10 22 19.6 2.4 26
DAYS >= .50 15 7.6 7.4 10
DAYS >= 1.00 8 2.9 5.1 3
GREATEST
24 HR. TOTAL 1.90 05/31 TO 05/31
DEGREE DAYS
HEATING TOTAL 1025 1045 -20 939
COOLING TOTAL 159 111 48 78
................................................................
WIND (MPH)
AVERAGE WIND SPEED 10.5
HIGHEST WIND SPEED/DIRECTION 39/310 DATE 05/15
HIGHEST GUST SPEED/DIRECTION 255/020 DATE 04/16
SKY COVER
POSSIBLE SUNSHINE (PERCENT) MM
AVERAGE SKY COVER 0.39
NUMBER OF DAYS FAIR 48
NUMBER OF DAYS PC 26
NUMBER OF DAYS CLOUDY 18
AVERAGE RH (PERCENT) 62
WEATHER CONDITIONS. NUMBER OF DAYS WITH
THUNDERSTORM 24 MIXED PRECIP 0
HEAVY RAIN 15 RAIN 19
LIGHT RAIN 37 FREEZING RAIN 1
LT FREEZING RAIN 1 HAIL 0
HEAVY SNOW 0 SNOW 1
LIGHT SNOW 7 SLEET 0
FOG 38 FOG W/VIS <= 1/4 MILE 4
HAZE 9
- INDICATES NEGATIVE NUMBERS.
R INDICATES RECORD WAS SET OR TIED.
MM INDICATES DATA IS MISSING.
T INDICATES TRACE AMOUNT.
$$