000
CXUS56 KSGX 011145
CF6OKB
PRELIMINARY LOCAL CLIMATOLOGICAL DATA (WS FORM: F-6)
STATION: OCEANSIDE AIRPORT CA
MONTH: NOVEMBER
YEAR: 2023
LATITUDE: 33 13 N
LONGITUDE: 117 21 W
TEMPERATURE IN F: :PCPN: SNOW: WIND :SUNSHINE: SKY :PK WND
================================================================================
1 2 3 4 5 6A 6B 7 8 9 10 11 12 13 14 15 16 17 18
12Z AVG MX 2MIN
DY MAX MIN AVG DEP HDD CDD WTR SNW DPTH SPD SPD DIR MIN PSBL S-S WX SPD DR
================================================================================
1 85 44 65 4 0 0 0.00 M M 3.2 12 270 M M 0 15 250
2 83 41 62 2 3 0 0.00 M M 3.5 13 260 M M 0 17 280
3 80 40 60 0 5 0 0.00 M M 3.6 15 260 M M 0 18 290
4 78 40 59 -1 6 0 0.00 M M 3.8 14 260 M M 2 18 260
5 76 42 59 -1 6 0 0.00 M M 3.1 12 250 M M 2 17 270
6 71 42 57 -3 8 0 0.00 M M 3.0 10 230 M M 3 14 250
7 73 51 62 3 3 0 0.00 M M 3.7 14 260 M M 5 18 250
8 75 45 60 1 5 0 0.00 M M 4.7 21 300 M M 1 28 290
9 80 40 60 1 5 0 0.00 M M 6.0 18 290 M M 0 25 300
10 78 35 57 -2 8 0 0.00 M M 4.2 16 260 M M 0 22 260
11 79 35 57 -1 8 0 0.00 M M 3.3 15 290 M M 0 18 290
12 81 42 62 4 3 0 0.00 M M 2.6 12 250 M M 0 13 250
13 80 39 60 2 5 0 0.00 M M 2.1 10 250 M M 0 14 240
14 78 39 59 1 6 0 0.00 M M 3.5 15 280 M M 0 22 290
15 71 43 57 0 8 0 1.22 M M 2.5 16 250 M M 5 3 22 210
16 76 55 66 9 0 1 0.01 M M 2.2 12 260 M M 5 1 14 290
17 74 50 62 5 3 0 0.00 M M 3.0 13 250 M M 2 18 15 260
18 71 57 64 7 1 0 0.06 M M 1.9 12 210 M M 8 1 14 210
19 71 49 60 4 5 0 0.00 M M 3.6 13 260 M M 5 1 15 260
20 82 47 65 9 0 0 0.00 M M 5.7 15 50 M M 0 21 30
21 83 43 63 7 2 0 0.00 M M 3.8 16 290 M M 0 21 290
22 81 46 64 8 1 0 0.00 M M 3.9 15 280 M M 0 19 300
23 70 46 58 2 7 0 0.00 M M 4.2 20 200 M M 3 24 220
24 68 48 58 3 7 0 0.02 M M 4.3 13 210 M M 5 1 16 200
25 69 44 57 2 8 0 0.00 M M 3.9 13 280 M M 0 1 18 250
26 71 42 57 2 8 0 0.00 M M 4.3 10 290 M M 0 14 270
27 74 41 58 3 7 0 0.00 M M 3.7 14 270 M M 0 17 260
28 71 43 57 2 8 0 0.00 M M 3.8 16 270 M M 0 20 270
29 67 40 54 0 11 0 0.19 M M 2.3 14 250 M M 6 1 17 220
30 65 49 57 3 8 0 0.09 M M 2.3 10 210 M M 7 128 12 220
================================================================================
SM 2261 1318 155 1 1.59 M 105.7 M 59
================================================================================
AV 75.4 43.9 3.5 FASTST M M 2 MAX(MPH)
MISC ----> 21 300 28 290
================================================================================
NOTES:
# LAST OF SEVERAL OCCURRENCES
COLUMN 17 PEAK WIND IN M.P.H.
PRELIMINARY LOCAL CLIMATOLOGICAL DATA (WS FORM: F-6) , PAGE 2
STATION: OCEANSIDE AIRPORT CA
MONTH: NOVEMBER
YEAR: 2023
LATITUDE: 33 13 N
LONGITUDE: 117 21 W
[TEMPERATURE DATA] [PRECIPITATION DATA] SYMBOLS USED IN COLUMN 16
AVERAGE MONTHLY: 59.7 TOTAL FOR MONTH: 1.59 1 = FOG OR MIST
DPTR FM NORMAL: 2.3 DPTR FM NORMAL: 0.80 2 = FOG REDUCING VISIBILITY
HIGHEST: 85 ON 1 GRTST 24HR 1.23 ON 15-16 TO 1/4 MILE OR LESS
LOWEST: 35 ON 11,10 3 = THUNDER
SNOW, ICE PELLETS, HAIL 4 = ICE PELLETS
TOTAL MONTH: M 5 = HAIL
GRTST 24HR M ON M 6 = FREEZING RAIN OR DRIZZLE
GRTST DEPTH: M ON M 7 = DUSTSTORM OR SANDSTORM:
VSBY 1/2 MILE OR LESS
8 = SMOKE OR HAZE
[NO. OF DAYS WITH] [WEATHER - DAYS WITH] 9 = BLOWING SNOW
X = TORNADO
MAX 32 OR BELOW: 0 0.01 INCH OR MORE: 6
MAX 90 OR ABOVE: 0 0.10 INCH OR MORE: 2
MIN 32 OR BELOW: 0 0.50 INCH OR MORE: 1
MIN 0 OR BELOW: 0 1.00 INCH OR MORE: 1
[HDD (BASE 65) ]
TOTAL THIS MO. 155 CLEAR (SCALE 0-3) 21
DPTR FM NORMAL -79 PTCLDY (SCALE 4-7) 9
TOTAL FM JUL 1 182 CLOUDY (SCALE 8-10) 0
DPTR FM NORMAL -142
[CDD (BASE 65) ]
TOTAL THIS MO. 1
DPTR FM NORMAL -4 [PRESSURE DATA]
TOTAL FM JAN 1 571 HIGHEST SLP 30.25 ON 21
DPTR FM NORMAL 62 LOWEST SLP 29.78 ON 23
[REMARKS]
#FINAL-11-23#