000
CXUS56 KSGX 012233
CLMOKB
CLIMATE REPORT
NATIONAL WEATHER SERVICE SAN DIEGO, CA
333 PM PDT SAT APR 01 2023
...................................
...THE OCEANSIDE AIRPORT CA CLIMATE SUMMARY FOR THE MONTH OF MARCH 2023...
CLIMATE NORMAL PERIOD: 1991 TO 2020
CLIMATE RECORD PERIOD: 1999 TO 2023
WEATHER OBSERVED NORMAL DEPART LAST YEAR`S
VALUE DATE(S) VALUE FROM VALUE DATE(S)
NORMAL
................................................................
TEMPERATURE (F)
RECORD
HIGH 92 03/15/2015
03/14/2015
03/13/2015
LOW 29 03/02/2021
03/02/2021
HIGHEST 74 03/18 MM MM 89 03/23
LOWEST 34 03/02 MM MM 32 03/08
AVG. MAXIMUM 62.0 66.3 -4.3 69.5
AVG. MINIMUM 45.7 46.2 -0.5 44.2
MEAN 53.9 56.2 -2.3 56.9
DAYS MAX >= 90 0 0.2 -0.2 0
DAYS MAX <= 32 0 0.0 0.0 0
DAYS MAX >= 45 31 31
DAYS MIN <= 32 0 0.1 -0.1 1
PRECIPITATION (INCHES)
RECORD
MAXIMUM 6.15 2023
MINIMUM MM MM
TOTALS 6.42 1.68 4.74 1.21
DAILY AVG. 0.21 0.05 0.16 0.04
DAYS >= .01 12 7.8 4.2 7
DAYS >= .10 10 3.0 7.0 5
DAYS >= .50 4 0.5 3.5 0
DAYS >= 1.00 2 0.2 1.8 0
DAYS >= %-5.2F 0 0
DAYS >= %-5.2F 0 0
GREATEST
24 HR. TOTAL 2.39 03/14 TO 03/15 0.50 03/28 TO 03/29
STORM TOTAL 1.66 0.34
(MM/DD(HH)) MM
DEGREE DAYS
HEATING TOTAL 339 273 66 247
SINCE 7/1 1770 1629 141 MM
COOLING TOTAL 0 2 -2 3
SINCE 1/1 0 3 -3 MM
FREEZE DATES
RECORD
EARLIEST MM
LATEST MM
EARLIEST 12/26
LATEST 01/23
................................................................
WIND (MPH)
AVERAGE WIND SPEED 5.2
RESULTANT WIND SPEED/DIRECTION 3/250
HIGHEST WIND SPEED/DIRECTION 28/300 DATE 03/01
28/210 03/21
HIGHEST GUST SPEED/DIRECTION 42/260 DATE 03/01
SKY COVER
POSSIBLE SUNSHINE (PERCENT) MM
AVERAGE SKY COVER 0.48
NUMBER OF DAYS FAIR 13
NUMBER OF DAYS PC 7
NUMBER OF DAYS CLOUDY 11
AVERAGE RH (PERCENT) 76
WEATHER CONDITIONS. NUMBER OF DAYS WITH
THUNDERSTORM 0 MIXED PRECIP 0
HEAVY RAIN 7 RAIN 8
LIGHT RAIN 12 FREEZING RAIN 0
LT FREEZING RAIN 0 HAIL 0
HEAVY SNOW 0 SNOW 0
LIGHT SNOW 0 SLEET 0
FOG 21 FOG W/VIS <= 1/4 MILE 1
HAZE 9
- INDICATES NEGATIVE NUMBERS.
R INDICATES RECORD WAS SET OR TIED.
MM INDICATES DATA IS MISSING.
T INDICATES TRACE AMOUNT.
$$