000
CXUS55 KTWC 011430
CF6OLS
PRELIMINARY LOCAL CLIMATOLOGICAL DATA (WS FORM: F-6)
STATION: NOGALES AZ AIRPORT
MONTH: JUNE
YEAR: 2023
LATITUDE: 31 25 N
LONGITUDE: 110 51 W
TEMPERATURE IN F: :PCPN: SNOW: WIND :SUNSHINE: SKY :PK WND
================================================================================
1 2 3 4 5 6A 6B 7 8 9 10 11 12 13 14 15 16 17 18
12Z AVG MX 2MIN
DY MAX MIN AVG DEP HDD CDD WTR SNW DPTH SPD SPD DIR MIN PSBL S-S WX SPD DR
================================================================================
1 84 48 66 -10 0 1 0.00 M M 7.7 21 210 M M 0 29 220
2 86 50 68 -8 0 3 0.00 M M 4.9 15 270 M M 0 23 200
3 92 50 71 -6 0 6 0.00 M M 4.2 15 230 M M 0 22 210
4 96 57 77 0 0 12 0.00 M M 5.2 21 250 M M 0 27 240
5 95 56 76 -1 0 11 0.00 M M 7.3 22 220 M M 0 31 220
6 92 60 76 -2 0 11 0.00 M M 10.9 25 200 M M 0 37 210
7 89 54 72 -6 0 7 0.00 M M 7.6 20 250 M M 0 30 250
8 89 55 72 -6 0 7 0.00 M M 6.8 17 210 M M 0 26 210
9 87 56 72 -6 0 7 0.00 M M 4.6 18 200 M M 0 8 25 200
10 93 51 72 -7 0 7 0.00 M M 9.6 29 200 M M 0 40 190
11 89 59 74 -5 0 9 0.00 M M 13.3 30 210 M M 0 43 220
12 87 50 69 -10 0 4 0.00 M M 6.6 20 180 M M M 31 230
13 90 49 70 -10 0 5 0.00 M M 5.4 17 260 M M M 25 260
14 96 52 74 -6 0 9 0.00 M M 7.2 22 230 M M M 33 250
15 95 53 74 -6 0 9 0.00 M M 7.6 23 210 M M 0 33 220
16 94 65 80 0 0 15 0.00 M M 9.5 29 220 M M M 41 240
17 98 58 78 -2 0 13 0.00 M M 6.3 21 250 M M M 30 240
18 98 60 79 -2 0 14 0.00 M M 6.1 23 250 M M M 33 240
19 97 63 80 -1 0 15 0.00 M M 7.2 22 240 M M 0 34 230
20 98 69 84 3 0 19 0.00 M M 5.9 20 260 M M 0 30 270
21 98 61 80 -1 0 15 0.00 M M 6.9 15 210 M M M 28 210
22 99 62 81 0 0 16 0.00 M M 7.8 22 230 M M 0 30 230
23 100 62 81 0 0 16 0.00 M M 6.0 22 220 M M 0 30 220
24 103 57 80 -1 0 15 0.00 M M 6.6 20 230 M M 0 29 200
25 106 62 84 2 0 19 0.00 M M 4.8 16 300 M M 0 26 290
26 107 66 87 5 0 22 0.00 M M 5.4 18 270 M M 0 29 260
27 103 67 85 3 0 20 0.00 M M 7.0 18 220 M M 0 27 200
28 101 70 86 4 0 21 0.00 M M 8.6 24 160 M M 0 42 150
29 100 65 83 1 0 18 0.00 M M 9.4 23 230 M M 0 33 220
30 101 60 81 -1 0 16 0.00 M M 6.1 16 300 M M 0 27 290
================================================================================
SM 2863 1747 0 362 0.00 M 212.5 M 0
================================================================================
AV 95.4 58.2 7.1 FASTST M M 0 MAX(MPH)
MISC ----> 30 210 43 220
================================================================================
NOTES:
# LAST OF SEVERAL OCCURRENCES
COLUMN 17 PEAK WIND IN M.P.H.
PRELIMINARY LOCAL CLIMATOLOGICAL DATA (WS FORM: F-6) , PAGE 2
STATION: NOGALES AZ AIRPORT
MONTH: JUNE
YEAR: 2023
LATITUDE: 31 25 N
LONGITUDE: 110 51 W
[TEMPERATURE DATA] [PRECIPITATION DATA] SYMBOLS USED IN COLUMN 16
AVERAGE MONTHLY: 76.8 TOTAL FOR MONTH: 0.00 1 = FOG OR MIST
DPTR FM NORMAL: -2.8 DPTR FM NORMAL: -0.54 2 = FOG REDUCING VISIBILITY
HIGHEST: 107 ON 26 GRTST 24HR 0.00 ON 1- 1 TO 1/4 MILE OR LESS
LOWEST: 48 ON 1 3 = THUNDER
SNOW, ICE PELLETS, HAIL 4 = ICE PELLETS
TOTAL MONTH: M 5 = HAIL
GRTST 24HR M ON M 6 = FREEZING RAIN OR DRIZZLE
GRTST DEPTH: M ON M 7 = DUSTSTORM OR SANDSTORM:
VSBY 1/2 MILE OR LESS
8 = SMOKE OR HAZE
[NO. OF DAYS WITH] [WEATHER - DAYS WITH] 9 = BLOWING SNOW
X = TORNADO
MAX 32 OR BELOW: 0 0.01 INCH OR MORE: 0
MAX 90 OR ABOVE: 23 0.10 INCH OR MORE: 0
MIN 32 OR BELOW: 0 0.50 INCH OR MORE: 0
MIN 0 OR BELOW: 0 1.00 INCH OR MORE: 0
[HDD (BASE 65) ]
TOTAL THIS MO. 0 CLEAR (SCALE 0-3) 23
DPTR FM NORMAL 0 PTCLDY (SCALE 4-7) 0
TOTAL FM JUL 1 2318 CLOUDY (SCALE 8-10) 7
DPTR FM NORMAL 277
[CDD (BASE 65) ]
TOTAL THIS MO. 362
DPTR FM NORMAL -77 [PRESSURE DATA]
TOTAL FM JAN 1 545 HIGHEST SLP 29.93 ON 9
DPTR FM NORMAL -104 LOWEST SLP 29.65 ON 4
[REMARKS]
#FINAL-06-23#