287
CXUS55 KTWC 020553
CF6OLS
PRELIMINARY LOCAL CLIMATOLOGICAL DATA (WS FORM: F-6)
STATION: NOGALES AZ AIRPORT
MONTH: JANUARY
YEAR: 2021
LATITUDE: 31 25 N
LONGITUDE: 110 51 W
TEMPERATURE IN F: :PCPN: SNOW: WIND :SUNSHINE: SKY :PK WND
================================================================================
1 2 3 4 5 6A 6B 7 8 9 10 11 12 13 14 15 16 17 18
12Z AVG MX 2MIN
DY MAX MIN AVG DEP HDD CDD WTR SNW DPTH SPD SPD DIR MIN PSBL S-S WX SPD DR
================================================================================
1 59 26 43 -5 22 0 0.00 M M 3.5 9 340 M M 1 13 340
2 61 24 43 -5 22 0 0.00 M M 4.0 12 320 M M 0 13 320
3 66 25 46 -2 19 0 0.00 M M 3.1 10 320 M M M 13 330
4 72 28 50 2 15 0 0.00 M M 1.7 8 80 M M M 9 220
5 72 35 54 6 11 0 0.00 M M 3.9 17 320 M M M 23 320
6 73 28 51 2 14 0 0.00 M M 2.2 12 170 M M M 13 170
7 74 32 53 4 12 0 0.00 M M 2.9 13 350 M M M 17 360
8 73 32 53 4 12 0 0.00 M M 2.9 13 250 M M M 17 230
9 66 29 48 -1 17 0 0.00 M M 5.7 22 320 M M M 29 350
10 61 26 44 -5 21 0 0.00 M M 4.2 12 10 M M 0 20 120
11 59 33 46 -3 19 0 0.00 M M 8.1 18 70 M M 0 25 10
12 62 28 45 -4 20 0 0.00 M M 4.7 15 50 M M 0 20 60
13 70 21 46 -3 19 0 0.00 M M 2.9 12 320 M M 0 15 320
14 76 33 55 6 10 0 0.00 M M 3.9 13 240 M M 0 16 250
15 76 34 55 6 10 0 0.00 M M 4.0 17 10 M M 0 22 20
16 78 35 57 7 8 0 0.00 M M 4.2 20 300 M M 0 27 300
17 79 35 57 7 8 0 0.00 M M 3.5 9 150 M M 0 13 180
18 75 36 56 6 9 0 0.00 M M 5.8 18 250 M M M 23 190
19 68 47 58 8 7 0 0.00 M M 11.4 30 190 M M M 42 160
20 66 44 55 5 10 0 0.34 M M 7.8 18 160 M M M 1 24 160
21 61 42 52 2 13 0 0.15 M M 5.4 18 290 M M M 1 26 190
22 63 34 49 -1 16 0 0.00 M M 6.9 20 190 M M M 12 23 200
23 62 41 52 2 13 0 0.00 M M 11.1 22 210 M M M 27 190
24 50 35 43 -7 22 0 0.08 M M 8.9 31 200 M M M 1 39 200
25 50 33 42 -8 23 0 0.21 T M 12.7 30 170 M M 9 1 37 170
26 38 26 32 -18 33 0 0.21 M M 6.6 18 210 M M 7 12 23 180
27 57 22 40 -10 25 0 0.00 M M 4.4 10 10 M M 0 13 10
28 70 37 54 4 11 0 0.00 M M 6.7 18 190 M M 0 24 190
29 66 44 55 5 10 0 0.00 M M 13.1 31 200 M M 2 42 210
30 60 34 47 -3 18 0 0.00 M M 4.9 13 20 M M 0 20 290
31 73 32 53 3 12 0 0.00 M M 5.4 10 30 M M 0 14 170
================================================================================
SM 2036 1011 481 0 0.99 T 176.5 M 19
================================================================================
AV 65.7 32.6 5.7 FASTST M M 1 MAX(MPH)
MISC ----> # 31 200 # 42 210
================================================================================
NOTES:
# LAST OF SEVERAL OCCURRENCES
COLUMN 17 PEAK WIND IN M.P.H.
PRELIMINARY LOCAL CLIMATOLOGICAL DATA (WS FORM: F-6) , PAGE 2
STATION: NOGALES AZ AIRPORT
MONTH: JANUARY
YEAR: 2021
LATITUDE: 31 25 N
LONGITUDE: 110 51 W
[TEMPERATURE DATA] [PRECIPITATION DATA] SYMBOLS USED IN COLUMN 16
AVERAGE MONTHLY: 49.1 TOTAL FOR MONTH: 0.99 1 = FOG OR MIST
DPTR FM NORMAL: -0.4 DPTR FM NORMAL: -0.22 2 = FOG REDUCING VISIBILITY
HIGHEST: 79 ON 17 GRTST 24HR 1.12 ON 20-20 TO 1/4 MILE OR LESS
LOWEST: 21 ON 13 3 = THUNDER
SNOW, ICE PELLETS, HAIL 4 = ICE PELLETS
TOTAL MONTH: T 5 = HAIL
GRTST 24HR T ON 25-25 6 = FREEZING RAIN OR DRIZZLE
GRTST DEPTH: M ON M 7 = DUSTSTORM OR SANDSTORM:
VSBY 1/2 MILE OR LESS
8 = SMOKE OR HAZE
[NO. OF DAYS WITH] [WEATHER - DAYS WITH] 9 = BLOWING SNOW
X = TORNADO
MAX 32 OR BELOW: 0 0.01 INCH OR MORE: 5
MAX 90 OR ABOVE: 0 0.10 INCH OR MORE: 4
MIN 32 OR BELOW: 14 0.50 INCH OR MORE: 0
MIN 0 OR BELOW: 0 1.00 INCH OR MORE: 0
[HDD (BASE 65) ]
TOTAL THIS MO. 481 CLEAR (SCALE 0-3) 15
DPTR FM NORMAL -1 PTCLDY (SCALE 4-7) 1
TOTAL FM JUL 1 1211 CLOUDY (SCALE 8-10) 15
DPTR FM NORMAL -107
[CDD (BASE 65) ]
TOTAL THIS MO. 0
DPTR FM NORMAL 0 [PRESSURE DATA]
TOTAL FM JAN 1 0 HIGHEST SLP 30.29 ON 13
DPTR FM NORMAL 0 LOWEST SLP 29.68 ON 25
[REMARKS]
#FINAL-01-21#