392
CXUS55 KTWC 010855
CF6OLS
PRELIMINARY LOCAL CLIMATOLOGICAL DATA (WS FORM: F-6)
STATION: NOGALES AZ AIRPORT
MONTH: AUGUST
YEAR: 2020
LATITUDE: 31 25 N
LONGITUDE: 110 51 W
TEMPERATURE IN F: :PCPN: SNOW: WIND :SUNSHINE: SKY :PK WND
================================================================================
1 2 3 4 5 6A 6B 7 8 9 10 11 12 13 14 15 16 17 18
12Z AVG MX 2MIN
DY MAX MIN AVG DEP HDD CDD WTR SNW DPTH SPD SPD DIR MIN PSBL S-S WX SPD DR
================================================================================
1 101 68 85 7 0 20 0.54 M M 7.2 40 90 M M M 13 54 90
2 98 67 83 5 0 18 0.77 M M 4.3 39 100 M M M 13 59 110
3 99 68 84 6 0 19 T M M 3.3 25 310 M M 1 3 38 310
4 97 66 82 4 0 17 0.00 M M 4.6 15 240 M M 0 20 230
5 98 65 82 4 0 17 0.00 M M 4.6 15 190 M M 0 22 210
6 98 65 82 5 0 17 0.00 M M 4.6 16 230 M M 1 3 21 230
7 97 67 82 5 0 17 0.02 M M 3.6 14 240 M M 1 20 230
8 100 65 83 6 0 18 0.00 M M 3.4 21 150 M M 1 28 150
9 101 66 84 7 0 19 0.00 M M 4.5 16 150 M M 0 21 250
10 101 67 84 7 0 19 0.00 M M 4.0 12 190 M M 0 18 270
11 100 71 86 9 0 21 0.11 M M 4.0 25 220 M M 1 3 38 230
12 102 69 86 9 0 21 0.00 M M 5.4 22 180 M M 1 3 30 170
13 104 68 86 9 0 21 0.06 M M 4.4 21 270 M M 1 3 33 260
14 103 73 88 11 0 23 0.05 M M 7.5 33 90 M M 1 3 59 60
15 104 68 86 9 0 21 0.08 M M 6.4 30 140 M M 1 13 38 150
16 103 70 87 10 0 22 T M M 5.2 30 100 M M 1 3 41 90
17 102 67 85 8 0 20 0.00 M M 4.7 16 90 M M 0 3 26 160
18 102 73 88 11 0 23 0.00 M M 4.7 18 110 M M 0 24 100
19 104 66 85 8 0 20 0.00 M M 5.1 16 90 M M 0 24 160
20 100 64 82 5 0 17 0.55 M M 6.3 37 100 M M 1 138 51 110
21 93 69 81 4 0 16 0.00 M M 5.7 25 150 M M 0 39 160
22 96 69 83 6 0 18 0.00 M M 6.7 30 20 M M 1 47 30
23 101 71 86 9 0 21 T M M 4.8 13 190 M M 0 3 18 300
24 103 68 86 9 0 21 0.07 M M 3.9 22 50 M M 0 3 32 50
25 100 67 84 7 0 19 0.00 M M 4.4 14 190 M M 1 19 190
26 101 66 84 7 0 19 0.00 M M 3.5 16 300 M M 0 22 310
27 104 66 85 8 0 20 T M M 3.9 16 290 M M 0 24 330
28 103 67 85 8 0 20 0.06 M M 6.4 26 80 M M 2 3 37 70
29 93 68 81 4 0 16 0.43 M M 5.8 37 180 M M 2 138 52 180
30 79 69 74 -3 0 9 0.02 M M 2.1 10 160 M M 8 12 170
31 79 67 73 -4 0 8 0.40 0.0 0 3.7 15 160 M M M 13 19 160
================================================================================
SM 3066 2100 0 577 3.16 0.0 148.7 M 25
================================================================================
AV 98.9 67.7 4.8 FASTST M M 1 MAX(MPH)
MISC ----> 40 90 # 59 110
================================================================================
NOTES:
# LAST OF SEVERAL OCCURRENCES
COLUMN 17 PEAK WIND IN M.P.H.
PRELIMINARY LOCAL CLIMATOLOGICAL DATA (WS FORM: F-6) , PAGE 2
STATION: NOGALES AZ AIRPORT
MONTH: AUGUST
YEAR: 2020
LATITUDE: 31 25 N
LONGITUDE: 110 51 W
[TEMPERATURE DATA] [PRECIPITATION DATA] SYMBOLS USED IN COLUMN 16
AVERAGE MONTHLY: 83.3 TOTAL FOR MONTH: 3.16 1 = FOG OR MIST
DPTR FM NORMAL: 6.0 DPTR FM NORMAL: -1.04 2 = FOG REDUCING VISIBILITY
HIGHEST: 104 ON 27,19 GRTST 24HR 0.90 ON 1- 2 TO 1/4 MILE OR LESS
LOWEST: 64 ON 20 3 = THUNDER
SNOW, ICE PELLETS, HAIL 4 = ICE PELLETS
TOTAL MONTH: 0.0 INCH 5 = HAIL
GRTST 24HR 0.0 6 = FREEZING RAIN OR DRIZZLE
GRTST DEPTH: 0 7 = DUSTSTORM OR SANDSTORM:
VSBY 1/2 MILE OR LESS
8 = SMOKE OR HAZE
[NO. OF DAYS WITH] [WEATHER - DAYS WITH] 9 = BLOWING SNOW
X = TORNADO
MAX 32 OR BELOW: 0 0.01 INCH OR MORE: 13
MAX 90 OR ABOVE: 29 0.10 INCH OR MORE: 6
MIN 32 OR BELOW: 0 0.50 INCH OR MORE: 3
MIN 0 OR BELOW: 0 1.00 INCH OR MORE: 0
[HDD (BASE 65) ]
TOTAL THIS MO. 0 CLEAR (SCALE 0-3) 27
DPTR FM NORMAL 0 PTCLDY (SCALE 4-7) 1
TOTAL FM JUL 1 0 CLOUDY (SCALE 8-10) 3
DPTR FM NORMAL 0
[CDD (BASE 65) ]
TOTAL THIS MO. 577
DPTR FM NORMAL 196 [PRESSURE DATA]
TOTAL FM JAN 1 1922 HIGHEST SLP M ON M
DPTR FM NORMAL 464 LOWEST SLP 29.59 ON 27
[REMARKS]
#FINAL-08-20#