000
CXUS53 KARX 240648
CF6OLZ
PRELIMINARY LOCAL CLIMATOLOGICAL DATA (WS FORM: F-6)
STATION: OELWEIN IA
MONTH: JULY
YEAR: 2022
LATITUDE: 42 40 N
LONGITUDE: 91 58 W
TEMPERATURE IN F: :PCPN: SNOW: WIND :SUNSHINE: SKY :PK WND
================================================================================
1 2 3 4 5 6A 6B 7 8 9 10 11 12 13 14 15 16 17 18
12Z AVG MX 2MIN
DY MAX MIN AVG DEP HDD CDD WTR SNW DPTH SPD SPD DIR MIN PSBL S-S WX SPD DR
================================================================================
1 79 63 71 M 0 6 0.00 0.0 0 6.2 14 M M M 1 16 M
2 84 55 70 M 0 5 0.00 0.0 0 5.9 16 20 M M 1 23 20
3 86 59 73 M 0 8 0.00 0.0 0 9.0 15 170 M M 0 20 190
4 86 66 76 M 0 11 0.60 0.0 0 9.9 21 180 M M 5 13 31 160
5 90 68 79 M 0 14 0.89 0.0 0 7.6 20 320 M M 4 13 39 320
6 82 68 75 M 0 10 0.00 0.0 0 5.7 12 120 M M 5 M M
7 81 68 75 M 0 10 0.00 0.0 0 7.5 10 170 M M 6 1 13 130
8 79 68 74 M 0 9 0.49 0.0 0 8.6 13 90 M M 6 1 20 60
9 81 59 70 M 0 5 0.00 0.0 0 5.7 12 60 M M 1 M M
10 82 63 73 M 0 8 0.00 0.0 0 10.9 23 180 M M 3 30 180
11 81 66 74 M 0 9 0.13 0.0 0 11.6 22 280 M M 3 1 28 280
12 81 59 70 M 0 5 0.00 0.0 0 9.6 15 290 M M 1 21 310
13 81 63 72 M 0 7 0.00 0.0 0 6.6 10 50 M M 2 16 350
14 82 61 72 M 0 7 0.40 0.0 0 11.2 16 150 M M 4 1 27 140
15 77 68 73 M 0 8 0.35 0.0 0 11.7 22 140 M M 8 1 29 140
16 77 66 72 M 0 7 0.00 0.0 0 5.8 10 40 M M 8 12 14 90
17 82 64 73 M 0 8 0.00 0.0 0 4.8 8 40 M M 3 1 12 330
18 86 63 75 M 0 10 0.00 0.0 0 4.2 8 190 M M 0 18 270
19 88 66 77 M 0 12 0.00 0.0 0 12.5 25 180 M M 1 32 190
20 82 64 73 M 0 8 0.00 0.0 0 13.5 24 300 M M 1 30 310
21 84 63 74 M 0 9 0.00 0.0 0 8.6 18 290 M M 0 24 310
22 86 59 73 M 0 8 0.00 0.0 0 7.4 16 200 M M 2 18 200
23 88 70 79 M 0 14 0.04 0.0 0 9.1 36 220 M M 3 3 53 220
24 79 61 70 M 0 5 0.28 0.0 0 10.6 17 330 M M 3 1 22 340
25 75 55 65 M 0 0 0.00 0.0 0 3.9 7 350 M M 3 14 320
26 79 59 69 M 0 4 0.00 0.0 0 5.2 9 200 M M 4 18 14 160
27 81 66 74 M 0 9 0.04 0.0 0 9.1 15 290 M M 4 1 20 310
28 75 59 67 M 0 2 0.28 0.0 0 9.2 16 320 M M 2 1 21 310
29 77 54 66 M 0 1 0.00 0.0 0 6.7 13 310 M M 1 20 270
30 79 54 67 M 0 2 0.00 0.0 0 4.4 10 190 M M 1 M M
31 81 59 70 M 0 5 0.07 0.0 0 9.5 18 180 M M 6 27 200
================================================================================
SM 2531 1936 0 226 3.57 0.0 252.2 M 92
================================================================================
AV 81.6 62.5 8.1 FASTST M M 3 MAX(MPH)
MISC ----> 36 220 53 220
================================================================================
NOTES:
# LAST OF SEVERAL OCCURRENCES
COLUMN 17 PEAK WIND IN M.P.H.
PRELIMINARY LOCAL CLIMATOLOGICAL DATA (WS FORM: F-6) , PAGE 2
STATION: OELWEIN IA
MONTH: JULY
YEAR: 2022
LATITUDE: 42 40 N
LONGITUDE: 91 58 W
[TEMPERATURE DATA] [PRECIPITATION DATA] SYMBOLS USED IN COLUMN 16
AVERAGE MONTHLY: 72.0 TOTAL FOR MONTH: 3.57 1 = FOG OR MIST
DPTR FM NORMAL: 0.0 DPTR FM NORMAL: M 2 = FOG REDUCING VISIBILITY
HIGHEST: 90 ON 5 GRTST 24HR 0.89 ON 5- 5 TO 1/4 MILE OR LESS
LOWEST: 54 ON 30,29 3 = THUNDER
SNOW, ICE PELLETS, HAIL 4 = ICE PELLETS
TOTAL MONTH: 0.0 INCH 5 = HAIL
GRTST 24HR 0.0 6 = FREEZING RAIN OR DRIZZLE
GRTST DEPTH: 0 7 = DUSTSTORM OR SANDSTORM:
VSBY 1/2 MILE OR LESS
8 = SMOKE OR HAZE
[NO. OF DAYS WITH] [WEATHER - DAYS WITH] 9 = BLOWING SNOW
X = TORNADO
MAX 32 OR BELOW: 0 0.01 INCH OR MORE: 11
MAX 90 OR ABOVE: 1 0.10 INCH OR MORE: 8
MIN 32 OR BELOW: 0 0.50 INCH OR MORE: 2
MIN 0 OR BELOW: 0 1.00 INCH OR MORE: 0
[HDD (BASE 65) ]
TOTAL THIS MO. 0 CLEAR (SCALE 0-3) 18
DPTR FM NORMAL M PTCLDY (SCALE 4-7) 12
TOTAL FM JUL 1 0 CLOUDY (SCALE 8-10) 1
DPTR FM NORMAL M
[CDD (BASE 65) ]
TOTAL THIS MO. 226
DPTR FM NORMAL M [PRESSURE DATA]
TOTAL FM JAN 1 508 HIGHEST SLP M ON M
DPTR FM NORMAL M LOWEST SLP M ON M
[REMARKS]
#FINAL-07-22#