000
CXUS53 KOAX 010930
CF6OMA
PRELIMINARY LOCAL CLIMATOLOGICAL DATA (WS FORM: F-6)
STATION: OMAHA NE
MONTH: MARCH
YEAR: 2024
LATITUDE: 41 17 N
LONGITUDE: 95 54 W
TEMPERATURE IN F: :PCPN: SNOW: WIND :SUNSHINE: SKY :PK WND
================================================================================
1 2 3 4 5 6A 6B 7 8 9 10 11 12 13 14 15 16 17 18
12Z AVG MX 2MIN
DY MAX MIN AVG DEP HDD CDD WTR SNW DPTH SPD SPD DIR MIN PSBL S-S WX SPD DR
================================================================================
1 57 35 46 12 19 0 0.00 0.0 0 16.3 26 180 M M 2 33 190
2 70 33 52 17 13 0 0.00 0.0 0 16.0 30 160 M M 3 1 39 150
3 70 37 54 19 11 0 0.00 0.0 0 15.4 28 220 M M 1 41 190
4 51 34 43 7 22 0 0.01 0.0 0 15.1 26 30 M M 7 37 10
5 57 20 39 3 26 0 0.00 0.0 0 6.5 15 20 M M 5 21 20
6 60 22 41 4 24 0 T 0.0 0 7.5 22 160 M M 7 28 150
7 57 30 44 7 21 0 T 0.0 0 12.7 26 20 M M 8 35 10
8 39 26 33 -5 32 0 0.33 1.4 1 15.9 24 340 M M 9 146 32 350
9 52 21 37 -1 28 0 0.00 0.0 0 6.3 16 340 M M 1 25 350
10 66 24 45 7 20 0 0.00 0.0 0 8.8 21 180 M M 1 27 180
11 75 35 55 16 10 0 0.00 0.0 0 13.8 25 200 M M 3 36 220
12 68 38 53 14 12 0 0.00 0.0 0 6.3 14 140 M M 6 15 160
13 71 33 52 12 13 0 T 0.0 0 6.7 20 30 M M 8 27 30
14 56 42 49 9 16 0 0.65 0.0 0 12.8 28 30 M M 10 1 35 40
15 57 34 46 5 19 0 0.00 0.0 0 9.8 18 340 M M 2 22 350
16 57 33 45 4 20 0 0.00 0.0 0 15.0 29 300 M M 3 37 300
17 39 19 29 -13 36 0 0.00 0.0 0 16.0 31 320 M M 3 42 320
18 42 16 29 -13 36 0 0.00 0.0 0 8.6 21 330 M M 3 28 330
19 67 28 48 6 17 0 0.00 0.0 0 10.9 24 350 M M 0 32 350
20 46 32 39 -4 26 0 0.00 0.0 0 10.9 20 10 M M 4 27 20
21 55 29 42 -1 23 0 0.00 0.0 0 11.7 21 130 M M 6 28 100
22 44 29 37 -7 28 0 0.12 0.0 0 13.5 30 360 M M 9 135 39 360
23 36 24 30 -14 35 0 T T 0 10.0 20 120 M M 9 26 130
24 49 32 41 -4 24 0 0.78 0.0 0 17.6 30 160 M M 10 13 40 150
25 60 32 46 1 19 0 0.25 0.0 0 18.0 30 340 M M 10 13 40 340
26 32 23 28 -18 37 0 T 0.2 T 19.5 31 320 M M 9 16 42 320
27 42 18 30 -16 35 0 0.00 0.0 0 7.3 13 310 M M 4 18 200
28 66 23 45 -1 20 0 0.00 0.0 0 4.1 18 90 M M 4 24 80
29 71 42 57 10 8 0 0.00 0.0 0 11.7 25 340 M M 8 32 340
30 58 34 46 -1 19 0 0.00 0.0 0 12.4 24 330 M M 7 33 330
31 58 39 49 2 16 0 T 0.0 0 10.8 22 30 M M 10 34 30
================================================================================
SM 1728 917 685 0 2.14 1.6 367.9 M 172
================================================================================
AV 55.7 29.6 11.9 FASTST M M 6 MAX(MPH)
MISC ----> # 31 320 # 42 320
================================================================================
NOTES:
# LAST OF SEVERAL OCCURRENCES
COLUMN 17 PEAK WIND IN M.P.H.
PRELIMINARY LOCAL CLIMATOLOGICAL DATA (WS FORM: F-6) , PAGE 2
STATION: OMAHA NE
MONTH: MARCH
YEAR: 2024
LATITUDE: 41 17 N
LONGITUDE: 95 54 W
[TEMPERATURE DATA] [PRECIPITATION DATA] SYMBOLS USED IN COLUMN 16
AVERAGE MONTHLY: 42.7 TOTAL FOR MONTH: 2.14 1 = FOG OR MIST
DPTR FM NORMAL: 1.7 DPTR FM NORMAL: 0.35 2 = FOG REDUCING VISIBILITY
HIGHEST: 75 ON 11 GRTST 24HR 0.79 ON 24-25 TO 1/4 MILE OR LESS
LOWEST: 16 ON 18 3 = THUNDER
SNOW, ICE PELLETS, HAIL 4 = ICE PELLETS
TOTAL MONTH: 1.6 INCHES 5 = HAIL
GRTST 24HR 1.4 ON 8- 8 6 = FREEZING RAIN OR DRIZZLE
GRTST DEPTH: 1 ON 8 7 = DUSTSTORM OR SANDSTORM:
VSBY 1/2 MILE OR LESS
8 = SMOKE OR HAZE
[NO. OF DAYS WITH] [WEATHER - DAYS WITH] 9 = BLOWING SNOW
X = TORNADO
MAX 32 OR BELOW: 1 0.01 INCH OR MORE: 6
MAX 90 OR ABOVE: 0 0.10 INCH OR MORE: 5
MIN 32 OR BELOW: 18 0.50 INCH OR MORE: 2
MIN 0 OR BELOW: 0 1.00 INCH OR MORE: 0
[HDD (BASE 65) ]
TOTAL THIS MO. 685 CLEAR (SCALE 0-3) 11
DPTR FM NORMAL -60 PTCLDY (SCALE 4-7) 12
TOTAL FM JUL 1 4740 CLOUDY (SCALE 8-10) 8
DPTR FM NORMAL -563
[CDD (BASE 65) ]
TOTAL THIS MO. 0
DPTR FM NORMAL -2 [PRESSURE DATA]
TOTAL FM JAN 1 0 HIGHEST SLP 30.41 ON 23
DPTR FM NORMAL -2 LOWEST SLP 29.34 ON 25
[REMARKS]
#FINAL-03-24#