000
CXUS53 KOAX 010930
CF6OMA
PRELIMINARY LOCAL CLIMATOLOGICAL DATA (WS FORM: F-6)
STATION: OMAHA NE
MONTH: AUGUST
YEAR: 2022
LATITUDE: 41 17 N
LONGITUDE: 95 54 W
TEMPERATURE IN F: :PCPN: SNOW: WIND :SUNSHINE: SKY :PK WND
================================================================================
1 2 3 4 5 6A 6B 7 8 9 10 11 12 13 14 15 16 17 18
12Z AVG MX 2MIN
DY MAX MIN AVG DEP HDD CDD WTR SNW DPTH SPD SPD DIR MIN PSBL S-S WX SPD DR
================================================================================
1 94 66 80 2 0 15 0.00 0.0 0 6.0 14 110 M M 4 21 140
2 101 77 89 11 0 24 T 0.0 0 13.0 24 170 M M 6 32 180
3 96 71 84 6 0 19 0.01 0.0 0 6.2 15 10 M M 6 3 24 230
4 92 62 77 -1 0 12 0.00 0.0 0 5.5 12 110 M M 2 18 40
5 94 68 81 3 0 16 0.00 0.0 0 12.6 21 150 M M 4 27 130
6 100 78 89 12 0 24 0.00 0.0 0 11.9 23 150 M M 6 38 150
7 98 69 84 7 0 19 0.85 0.0 0 11.0 24 350 M M 8 13 31 350
8 82 63 73 -4 0 8 0.03 0.0 0 10.1 20 340 M M 5 13 26 350
9 86 57 72 -5 0 7 0.00 0.0 0 4.3 12 100 M M 0 1 16 100
10 91 66 79 2 0 14 0.00 0.0 0 5.5 12 90 M M 1 16 100
11 93 63 78 1 0 13 0.00 0.0 0 6.4 16 160 M M 4 30 190
12 93 70 82 5 0 17 0.00 0.0 0 12.5 24 170 M M 5 31 170
13 88 72 80 4 0 15 0.00 0.0 0 9.7 18 350 M M 9 23 360
14 80 64 72 -4 0 7 0.00 0.0 0 6.5 15 100 M M 8 20 100
15 72 64 68 -8 0 3 0.18 0.0 0 10.3 22 80 M M 10 13 28 90
16 79 62 71 -5 0 6 0.54 0.0 0 7.0 13 100 M M 8 1 M M
17 85 60 73 -3 0 8 0.00 0.0 0 3.2 8 10 M M 2 1 12 40
18 87 62 75 -1 0 10 0.00 0.0 0 7.9 20 180 M M 5 28 190
19 86 62 74 -1 0 9 0.10 0.0 0 6.2 25 310 M M 6 13 37 300
20 82 63 73 -2 0 8 T 0.0 0 9.2 17 340 M M 6 22 340
21 85 58 72 -3 0 7 0.00 0.0 0 5.9 10 50 M M 3 12 15 30
22 85 58 72 -3 0 7 0.00 0.0 0 4.7 9 170 M M 2 1 13 100
23 89 64 77 2 0 12 0.00 0.0 0 7.7 17 170 M M 3 23 160
24 91 69 80 6 0 15 0.00 0.0 0 6.3 13 220 M M 6 31 220
25 87 66 77 3 0 12 0.46 0.0 0 5.7 22 300 M M 5 13 28 300
26 82 64 73 -1 0 8 0.07 0.0 0 9.6 20 150 M M 7 13 23 150
27 84 69 77 3 0 12 0.38 0.0 0 10.6 22 160 M M 8 13 29 170
28 93 70 82 8 0 17 0.00 0.0 0 13.5 23 180 M M 3 30 190
29 87 63 75 2 0 10 0.05 0.0 0 5.7 20 90 M M 5 3 26 80
30 86 57 72 -1 0 7 0.00 0.0 0 5.6 14 320 M M 0 19 360
31 90 60 75 2 0 10 0.00 0.0 0 8.8 21 160 M M 2 28 150
================================================================================
SM 2738 2017 0 371 2.67 0.0 249.1 M 149
================================================================================
AV 88.3 65.1 8.0 FASTST M M 5 MAX(MPH)
MISC ----> 25 310 38 150
================================================================================
NOTES:
# LAST OF SEVERAL OCCURRENCES
COLUMN 17 PEAK WIND IN M.P.H.
PRELIMINARY LOCAL CLIMATOLOGICAL DATA (WS FORM: F-6) , PAGE 2
STATION: OMAHA NE
MONTH: AUGUST
YEAR: 2022
LATITUDE: 41 17 N
LONGITUDE: 95 54 W
[TEMPERATURE DATA] [PRECIPITATION DATA] SYMBOLS USED IN COLUMN 16
AVERAGE MONTHLY: 76.7 TOTAL FOR MONTH: 2.67 1 = FOG OR MIST
DPTR FM NORMAL: 1.0 DPTR FM NORMAL: -1.93 2 = FOG REDUCING VISIBILITY
HIGHEST: 101 ON 2 GRTST 24HR 0.88 ON 7- 8 TO 1/4 MILE OR LESS
LOWEST: 57 ON 30, 9 3 = THUNDER
SNOW, ICE PELLETS, HAIL 4 = ICE PELLETS
TOTAL MONTH: 0.0 INCH 5 = HAIL
GRTST 24HR 0.0 6 = FREEZING RAIN OR DRIZZLE
GRTST DEPTH: 0 7 = DUSTSTORM OR SANDSTORM:
VSBY 1/2 MILE OR LESS
8 = SMOKE OR HAZE
[NO. OF DAYS WITH] [WEATHER - DAYS WITH] 9 = BLOWING SNOW
X = TORNADO
MAX 32 OR BELOW: 0 0.01 INCH OR MORE: 10
MAX 90 OR ABOVE: 13 0.10 INCH OR MORE: 6
MIN 32 OR BELOW: 0 0.50 INCH OR MORE: 2
MIN 0 OR BELOW: 0 1.00 INCH OR MORE: 0
[HDD (BASE 65) ]
TOTAL THIS MO. 0 CLEAR (SCALE 0-3) 10
DPTR FM NORMAL -3 PTCLDY (SCALE 4-7) 19
TOTAL FM JUL 1 0 CLOUDY (SCALE 8-10) 2
DPTR FM NORMAL 0
[CDD (BASE 65) ]
TOTAL THIS MO. 371
DPTR FM NORMAL 36 [PRESSURE DATA]
TOTAL FM JAN 1 1270 HIGHEST SLP 30.18 ON 10
DPTR FM NORMAL 146 LOWEST SLP 29.57 ON 28
[REMARKS]
#FINAL-08-22#