000
CXAK56 PAFG 011016
CF6OME
PRELIMINARY LOCAL CLIMATOLOGICAL DATA (WS FORM: F-6)
STATION: NOME AK
MONTH: DECEMBER
YEAR: 2022
LATITUDE: 64 30 N
LONGITUDE: 165 26 W
TEMPERATURE IN F: :PCPN: SNOW: WIND :SUNSHINE: SKY :PK WND
================================================================================
1 2 3 4 5 6A 6B 7 8 9 10 11 12 13 14 15 16 17 18
12Z AVG MX 2MIN
DY MAX MIN AVG DEP HDD CDD WTR SNW DPTH SPD SPD DIR MIN PSBL S-S WX SPD DR
================================================================================
1 30 14 22 9 43 0 0.06 M M 12.1 18 100 M M 8 126 21 100
2 34 30 32 19 33 0 0.50 M M 10.2 20 100 M M 10 126 23 100
3 35 31 33 21 32 0 0.25 M M 12.0 23 100 M M 10 16 28 110
4 36 32 34 22 31 0 0.09 M M 25.0 37 100 M M 7 1 46 140
5 32 28 30 18 35 0 0.09 M M 19.1 33 110 M M 9 1 41 120
6 32 8 20 8 45 0 0.01 M M 3.5 16 150 M M 5 12 20 150
7 23 2 13 2 52 0 0.22 M M 6.2 17 300 M M 7 12 22 280
8 22 0 11 0 54 0 T M M 6.7 14 300 M M 8 8 M M
9 30 -3 14 3 51 0 0.09 M M 6.8 21 80 M M 9 16 24 70
10 31 25 28 18 37 0 0.27 M M 23.6 39 110 M M 10 126 49 110
11 31 19 25 15 40 0 0.04 M M 14.9 25 270 M M 10 168 30 270
12 24 3 14 4 51 0 0.12 M M 8.1 25 270 M M 8 12 29 280
13 16 -19 -1 -11 66 0 T M M 3.9 14 330 M M 2 8 16 320
14 10 -16 -3 -12 68 0 T M M 9.1 17 70 M M 3 20 70
15 14 -11 2 -7 63 0 T M M 4.8 15 310 M M 3 18 18 310
16 22 -8 7 -2 58 0 0.00 M M 8.3 18 70 M M 0 8 26 70
17 27 17 22 13 43 0 0.00 M M 12.0 21 70 M M 1 27 70
18 23 11 17 9 48 0 0.00 M M 9.8 17 50 M M 0 23 50
19 19 -2 9 1 56 0 0.00 M M 8.8 18 70 M M 0 23 60
20 17 -6 6 -2 59 0 T M M 8.1 43 40 M M 2 8 57 40
21 19 8 14 6 51 0 T M M 25.8 37 60 M M 0 9 48 50
22 25 14 20 12 45 0 T M M 24.2 35 50 M M 0 9 46 50
23 25 16 21 14 44 0 0.00 M M 16.2 35 40 M M 0 9 45 50
24 19 5 12 5 53 0 T M M 17.9 36 30 M M 1 9 43 40
25 8 2 5 -2 60 0 0.00 M M 28.0 47 50 M M 0 89 59 50
26 13 4 9 2 56 0 0.00 M M 13.5 30 50 M M 0 9 39 50
27 8 0 4 -3 61 0 T M M 7.1 13 70 M M 7 8 16 80
28 8 -6 1 -5 64 0 T M M 5.5 12 70 M M 8 18 13 70
29 11 -8 2 -4 63 0 0.00 M M 4.1 16 340 M M 3 1 17 350
30 14 9 12 6 53 0 0.00 M M 11.9 18 340 M M 2 21 350
31 22 12 17 11 48 0 0.00 M M 13.7 29 360 M M 6 35 10
================================================================================
SM 680 211 1563 0 1.74 M 380.9 M 139
================================================================================
AV 21.9 6.8 12.3 FASTST M M 4 MAX(MPH)
MISC ----> 47 50 59 50
================================================================================
NOTES:
# LAST OF SEVERAL OCCURRENCES
COLUMN 17 PEAK WIND IN M.P.H.
PRELIMINARY LOCAL CLIMATOLOGICAL DATA (WS FORM: F-6) , PAGE 2
STATION: NOME AK
MONTH: DECEMBER
YEAR: 2022
LATITUDE: 64 30 N
LONGITUDE: 165 26 W
[TEMPERATURE DATA] [PRECIPITATION DATA] SYMBOLS USED IN COLUMN 16
AVERAGE MONTHLY: 14.4 TOTAL FOR MONTH: 1.74 1 = FOG OR MIST
DPTR FM NORMAL: 5.3 DPTR FM NORMAL: 0.69 2 = FOG REDUCING VISIBILITY
HIGHEST: 36 ON 4 GRTST 24HR 0.53 ON 1- 2 TO 1/4 MILE OR LESS
LOWEST: -19 ON 13 3 = THUNDER
SNOW, ICE PELLETS, HAIL 4 = ICE PELLETS
TOTAL MONTH: M 5 = HAIL
GRTST 24HR M ON M 6 = FREEZING RAIN OR DRIZZLE
GRTST DEPTH: M ON M 7 = DUSTSTORM OR SANDSTORM:
VSBY 1/2 MILE OR LESS
8 = SMOKE OR HAZE
[NO. OF DAYS WITH] [WEATHER - DAYS WITH] 9 = BLOWING SNOW
X = TORNADO
MAX 32 OR BELOW: 28 0.01 INCH OR MORE: 11
MAX 90 OR ABOVE: 0 0.10 INCH OR MORE: 5
MIN 32 OR BELOW: 31 0.50 INCH OR MORE: 1
MIN 0 OR BELOW: 11 1.00 INCH OR MORE: 0
[HDD (BASE 65) ]
TOTAL THIS MO. 1563 CLEAR (SCALE 0-3) 15
DPTR FM NORMAL -170 PTCLDY (SCALE 4-7) 8
TOTAL FM JUL 1 5271 CLOUDY (SCALE 8-10) 8
DPTR FM NORMAL -456
[CDD (BASE 65) ]
TOTAL THIS MO. 0
DPTR FM NORMAL 0 [PRESSURE DATA]
TOTAL FM JAN 1 0 HIGHEST SLP M ON M
DPTR FM NORMAL -3 LOWEST SLP 29.05 ON 26
[REMARKS]
#FINAL-12-22#