000
CXUS53 KARX 041208
CF6ONA
PRELIMINARY LOCAL CLIMATOLOGICAL DATA (WS FORM: F-6)
STATION: WINONA_MUNI_(AWOS) MN
MONTH: APRIL
YEAR: 2022
LATITUDE: 44 4 N
LONGITUDE: 91 42 W
TEMPERATURE IN F: :PCPN: SNOW: WIND :SUNSHINE: SKY :PK WND
================================================================================
1 2 3 4 5 6A 6B 7 8 9 10 11 12 13 14 15 16 17 18
12Z AVG MX 2MIN
DY MAX MIN AVG DEP HDD CDD WTR SNW DPTH SPD SPD DIR MIN PSBL S-S WX SPD DR
================================================================================
1 46 21 34 M 31 0 T 0.0 0 2.5 8 270 M M 2 M M
2 52 32 42 M 23 0 0.12 0.0 0 5.0 16 320 M M 8 22 320
3 46 27 37 M 28 0 0.03 0.0 0 5.3 16 130 M M 5 17 140
4 43 30 37 M 28 0 0.00 0.0 0 6.8 16 320 M M 9 27 320
5 50 32 41 M 24 0 0.15 M M 10.3 17 130 M M 8 23 130
6 43 36 40 M 25 0 0.05 0.0 0 10.2 16 290 M M 8 27 290
7 43 32 38 M 27 0 M M 0 11.8 22 330 M M 10 32 330
8 43 32 38 M 27 0 M M M 8.6 17 320 M M 8 22 330
9 54 27 41 M 24 0 0.00 0.0 0 2.4 13 330 M M 0 16 350
10 64 32 48 M 17 0 0.00 0.0 0 8.8 23 120 M M 3 29 130
11 61 37 49 M 16 0 0.00 0.0 0 7.5 14 290 M M 3 23 280
12 61 34 48 M 17 0 1.44 0.0 0 8.2 27 120 M M 7 3 32 130
13 52 36 44 M 21 0 0.09 0.0 0 7.2 15 270 M M 8 13 22 300
14 37 30 34 M 31 0 T T 0 12.7 23 240 M M 8 36 240
15 37 30 34 M 31 0 T T 0 12.6 22 290 M M 7 33 290
16 41 28 35 M 30 0 0.00 0.0 0 9.7 15 300 M M 6 24 320
17 46 23 35 M 30 0 T 0.0 0 4.1 12 130 M M 5 18 100
18 39 32 36 M 29 0 T T 0 12.5 20 330 M M 9 29 290
19 48 30 39 M 26 0 0.00 0.0 0 4.7 13 320 M M 3 20 320
20 52 43 48 M 17 0 0.38 0.0 0 8.1 17 160 M M 10 1 27 160
21 61 41 51 M 14 0 0.00 0.0 0 5.5 13 310 M M 3 22 280
22 52 41 47 M 18 0 0.63 0.0 0 11.4 20 130 M M 8 13 24 130
23 73 50 62 M 3 0 T 0.0 0 7.7 16 150 M M 5 1 27 220
24 63 41 52 M 13 0 0.00 0.0 0 12.7 18 260 M M 6 33 250
25 41 34 38 M 27 0 T 0.0 0 10.7 15 310 M M 10 21 290
26 43 32 38 M 27 0 0.00 0.0 0 7.8 13 320 M M 6 21 300
27 50 32 41 M 24 0 0.00 0.0 0 9.5 14 120 M M 4 18 130
28 52 37 45 M 20 0 0.00 0.0 0 12.5 15 130 M M 8 21 100
29 61 43 52 M 13 0 0.33 0.0 0 12.8 21 110 M M 10 3 25 110
30 61 48 55 M 10 0 0.39 0.0 0 12.8 18 120 M M 10 1 25 130
================================================================================
SM 1515 1023 671 0 3.61 T 262.4 M 197
================================================================================
AV 50.5 34.1 8.7 FASTST M M 7 MAX(MPH)
MISC ----> 27 120 36 240
================================================================================
NOTES:
# LAST OF SEVERAL OCCURRENCES
COLUMN 17 PEAK WIND IN M.P.H.
PRELIMINARY LOCAL CLIMATOLOGICAL DATA (WS FORM: F-6) , PAGE 2
STATION: WINONA_MUNI_(AWOS) MN
MONTH: APRIL
YEAR: 2022
LATITUDE: 44 4 N
LONGITUDE: 91 42 W
[TEMPERATURE DATA] [PRECIPITATION DATA] SYMBOLS USED IN COLUMN 16
AVERAGE MONTHLY: 42.3 TOTAL FOR MONTH: 3.61 1 = FOG OR MIST
DPTR FM NORMAL: 0.0 DPTR FM NORMAL: M 2 = FOG REDUCING VISIBILITY
HIGHEST: 73 ON 23 GRTST 24HR 1.44 ON 12-12 TO 1/4 MILE OR LESS
LOWEST: 21 ON 1 3 = THUNDER
SNOW, ICE PELLETS, HAIL 4 = ICE PELLETS
TOTAL MONTH: T 5 = HAIL
GRTST 24HR T ON 14-14 6 = FREEZING RAIN OR DRIZZLE
GRTST DEPTH: 0 7 = DUSTSTORM OR SANDSTORM:
VSBY 1/2 MILE OR LESS
8 = SMOKE OR HAZE
[NO. OF DAYS WITH] [WEATHER - DAYS WITH] 9 = BLOWING SNOW
X = TORNADO
MAX 32 OR BELOW: 0 0.01 INCH OR MORE: 10
MAX 90 OR ABOVE: 0 0.10 INCH OR MORE: 7
MIN 32 OR BELOW: 17 0.50 INCH OR MORE: 2
MIN 0 OR BELOW: 0 1.00 INCH OR MORE: 1
[HDD (BASE 65) ]
TOTAL THIS MO. 671 CLEAR (SCALE 0-3) 6
DPTR FM NORMAL M PTCLDY (SCALE 4-7) 15
TOTAL FM JUL 1 6750 CLOUDY (SCALE 8-10) 9
DPTR FM NORMAL M
[CDD (BASE 65) ]
TOTAL THIS MO. 0
DPTR FM NORMAL M [PRESSURE DATA]
TOTAL FM JAN 1 0 HIGHEST SLP M ON M
DPTR FM NORMAL M LOWEST SLP M ON M
[REMARKS]
#FINAL-04-22#