000
CXUS56 KSGX 011045
CF6ONT
PRELIMINARY LOCAL CLIMATOLOGICAL DATA (WS FORM: F-6)
STATION: ONTARIO INTL AIRPORT CA
MONTH: MARCH
YEAR: 2022
LATITUDE: 34 2 N
LONGITUDE: 117 37 W
TEMPERATURE IN F: :PCPN: SNOW: WIND :SUNSHINE: SKY :PK WND
================================================================================
1 2 3 4 5 6A 6B 7 8 9 10 11 12 13 14 15 16 17 18
12Z AVG MX 2MIN
DY MAX MIN AVG DEP HDD CDD WTR SNW DPTH SPD SPD DIR MIN PSBL S-S WX SPD DR
================================================================================
1 87 49 68 9 0 3 0.00 M M 6.5 16 270 M M 1 20 270
2 86 47 67 8 0 2 0.00 M M 5.5 14 230 M M 4 20 240
3 72 49 61 2 4 0 0.00 M M 7.7 20 280 M M 7 25 260
4 59 50 55 -4 10 0 0.08 M M 6.6 18 270 M M 8 13 22 290
5 55 41 48 -11 17 0 0.03 M M 6.7 20 230 M M 7 1 25 210
6 61 38 50 -9 15 0 0.00 M M 4.6 15 230 M M 1 20 230
7 69 39 54 -5 11 0 0.00 M M 10.4 31 30 M M 1 41 20
8 70 41 56 -4 9 0 0.00 M M 6.3 18 270 M M 1 23 30
9 68 42 55 -5 10 0 0.00 M M 5.8 17 200 M M 1 21 200
10 69 49 59 -1 6 0 0.00 M M 6.6 26 30 M M 4 36 30
11 73 48 61 1 4 0 0.00 M M 8.8 31 20 M M 0 42 30
12 77 43 60 0 5 0 0.00 M M 4.3 17 270 M M 1 22 280
13 70 44 57 -3 8 0 0.00 M M 5.5 17 220 M M 5 23 210
14 81 47 64 4 1 0 0.00 M M 4.1 14 270 M M 2 8 17 270
15 81 53 67 7 0 2 0.00 M M 4.9 15 260 M M 3 20 280
16 76 50 63 3 2 0 0.00 M M 4.9 16 210 M M 1 21 210
17 82 50 66 6 0 1 0.00 M M 6.7 18 270 M M 4 23 270
18 80 50 65 5 0 0 0.00 M M 5.6 13 240 M M 3 18 230
19 70 52 61 0 4 0 0.06 M M 7.0 20 240 M M 7 1 26 250
20 70 50 60 -1 5 0 T M M 6.6 18 220 M M 4 24 210
21 82 47 65 4 0 0 0.00 M M 5.3 24 50 M M 6 33 50
22 88 54 71 10 0 6 0.00 M M 11.3 28 40 M M 3 40 30
23 88 56 72 11 0 7 0.00 M M 6.3 18 260 M M 0 23 240
24 88 57 73 12 0 8 0.00 M M 4.9 17 270 M M 2 22 270
25 89 57 73 12 0 8 0.00 M M 4.9 17 260 M M 5 22 260
26 84 52 68 7 0 3 0.00 M M 5.2 17 260 M M 5 18 24 270
27 76 52 64 3 1 0 0.00 M M 6.9 21 250 M M 5 18 26 250
28 59 50 55 -6 10 0 0.70 M M 6.5 14 260 M M 9 18 16 270
29 63 50 57 -4 8 0 0.10 M M 6.0 15 250 M M 7 1 21 220
30 72 48 60 -1 5 0 0.00 M M 7.1 16 230 M M 5 23 250
31 64 54 59 -3 6 0 0.00 M M 8.2 15 270 M M 10 8 20 220
================================================================================
SM 2309 1509 141 40 0.97 M 197.7 M 122
================================================================================
AV 74.5 48.7 6.4 FASTST M M 4 MAX(MPH)
MISC ----> # 31 30 42 30
================================================================================
NOTES:
# LAST OF SEVERAL OCCURRENCES
COLUMN 17 PEAK WIND IN M.P.H.
PRELIMINARY LOCAL CLIMATOLOGICAL DATA (WS FORM: F-6) , PAGE 2
STATION: ONTARIO INTL AIRPORT CA
MONTH: MARCH
YEAR: 2022
LATITUDE: 34 2 N
LONGITUDE: 117 37 W
[TEMPERATURE DATA] [PRECIPITATION DATA] SYMBOLS USED IN COLUMN 16
AVERAGE MONTHLY: 61.6 TOTAL FOR MONTH: 0.97 1 = FOG OR MIST
DPTR FM NORMAL: 1.4 DPTR FM NORMAL: -0.67 2 = FOG REDUCING VISIBILITY
HIGHEST: 89 ON 25 GRTST 24HR 0.80 ON 28-29 TO 1/4 MILE OR LESS
LOWEST: 38 ON 6 3 = THUNDER
SNOW, ICE PELLETS, HAIL 4 = ICE PELLETS
TOTAL MONTH: M 5 = HAIL
GRTST 24HR M ON M 6 = FREEZING RAIN OR DRIZZLE
GRTST DEPTH: M ON M 7 = DUSTSTORM OR SANDSTORM:
VSBY 1/2 MILE OR LESS
8 = SMOKE OR HAZE
[NO. OF DAYS WITH] [WEATHER - DAYS WITH] 9 = BLOWING SNOW
X = TORNADO
MAX 32 OR BELOW: 0 0.01 INCH OR MORE: 5
MAX 90 OR ABOVE: 0 0.10 INCH OR MORE: 2
MIN 32 OR BELOW: 0 0.50 INCH OR MORE: 1
MIN 0 OR BELOW: 0 1.00 INCH OR MORE: 0
[HDD (BASE 65) ]
TOTAL THIS MO. 141 CLEAR (SCALE 0-3) 13
DPTR FM NORMAL -31 PTCLDY (SCALE 4-7) 15
TOTAL FM JUL 1 1058 CLOUDY (SCALE 8-10) 3
DPTR FM NORMAL -86
[CDD (BASE 65) ]
TOTAL THIS MO. 40
DPTR FM NORMAL 17 [PRESSURE DATA]
TOTAL FM JAN 1 70 HIGHEST SLP 30.29 ON 11
DPTR FM NORMAL 34 LOWEST SLP 29.74 ON 28
[REMARKS]
#FINAL-03-22#