000
CXUS52 KMFL 011130
CF6OPF
PRELIMINARY LOCAL CLIMATOLOGICAL DATA (WS FORM: F-6)
STATION: OPA-LOCKA ARPT
MONTH: NOVEMBER
YEAR: 2021
LATITUDE: 25 53 N
LONGITUDE: 80 17 W
TEMPERATURE IN F: :PCPN: SNOW: WIND :SUNSHINE: SKY :PK WND
================================================================================
1 2 3 4 5 6A 6B 7 8 9 10 11 12 13 14 15 16 17 18
12Z AVG MX 2MIN
DY MAX MIN AVG DEP HDD CDD WTR SNW DPTH SPD SPD DIR MIN PSBL S-S WX SPD DR
================================================================================
1 82 68 75 -2 0 10 0.00 0.0 0 8.6 16 350 M M 7 24 280
2 77 71 74 -2 0 9 0.09 0.0 0 5.4 14 50 M M 8 1 16 30
3 83 71 77 1 0 12 T M M 6.1 16 90 M M 9 19 80
4 83 73 78 2 0 13 0.02 0.0 0 4.8 15 140 M M 6 18 60
5 79 71 75 -1 0 10 1.98 0.0 0 6.7 18 300 M M 8 13 23 310
6 76 61 69 -7 0 4 0.01 0.0 0 13.0 23 320 M M 3 1 29 310
7 76 58 67 -8 0 2 0.00 0.0 0 12.7 22 310 M M 2 28 300
8 77 62 70 -5 0 5 0.00 0.0 0 10.2 17 340 M M 3 21 340
9 80 62 71 -4 0 6 0.00 0.0 0 7.7 17 70 M M 6 22 60
10 84 64 74 -1 0 9 0.01 0.0 0 4.6 18 70 M M 5 22 80
11 85 71 78 3 0 13 T M M 8.1 18 130 M M 2 22 110
12 81 73 77 3 0 12 0.02 M M 2.4 9 330 M M 3 1 11 330
13 85 68 77 3 0 12 0.00 M M 5.2 13 300 M M 1 12 15 250
14 77 65 71 -3 0 6 0.00 M M 7.6 14 340 M M 1 16 330
15 79 59 69 -5 0 4 0.00 0.0 M 8.5 16 40 M M 0 21 50
16 80 62 71 -3 0 6 0.00 0.0 M 11.0 20 70 M M 1 24 90
17 82 72 77 3 0 12 T 0.0 M 12.1 21 80 M M 6 26 80
18 81 69 75 1 0 10 0.79 0.0 M 9.4 16 80 M M 6 13 19 100
19 83 72 78 5 0 13 0.38 0.0 0 8.6 24 10 M M 9 13 31 20
20 80 72 76 3 0 11 0.57 0.0 M 13.8 25 60 M M 9 1 31 50
21 83 72 78 5 0 13 1.85 0.0 M 7.9 18 80 M M 7 13 22 100
22 84 67 76 3 0 11 0.03 0.0 0 6.6 24 330 M M 5 12 28 330
23 72 58 65 -8 0 0 0.00 0.0 0 13.8 22 340 M M 0 8 30 350
24 76 57 67 -6 0 2 0.00 0.0 0 9.6 22 70 M M 5 26 30
25 78 62 70 -3 0 5 0.00 0.0 0 6.3 17 90 M M 7 21 70
26 80 63 72 -1 0 7 0.00 0.0 0 5.9 15 300 M M 2 21 290
27 76 62 69 -3 0 4 0.00 0.0 0 6.2 14 300 M M 0 8 19 340
28 78 58 68 -4 0 3 0.00 0.0 0 3.5 10 360 M M 0 14 310
29 74 61 68 -4 0 3 T M M 7.5 17 360 M M 3 22 360
30 78 58 68 -4 0 3 0.00 M M 4.7 10 70 M M 1 13 100
================================================================================
SM 2389 1962 0 230 5.75 0.0 238.5 M 125
================================================================================
AV 79.6 65.4 7.9 FASTST M M 4 MAX(MPH)
MISC ----> 25 60 # 31 20
================================================================================
NOTES:
# LAST OF SEVERAL OCCURRENCES
COLUMN 17 PEAK WIND IN M.P.H.
PRELIMINARY LOCAL CLIMATOLOGICAL DATA (WS FORM: F-6) , PAGE 2
STATION: OPA-LOCKA ARPT
MONTH: NOVEMBER
YEAR: 2021
LATITUDE: 25 53 N
LONGITUDE: 80 17 W
[TEMPERATURE DATA] [PRECIPITATION DATA] SYMBOLS USED IN COLUMN 16
AVERAGE MONTHLY: 72.5 TOTAL FOR MONTH: 5.75 1 = FOG OR MIST
DPTR FM NORMAL: -1.5 DPTR FM NORMAL: 2.86 2 = FOG REDUCING VISIBILITY
HIGHEST: 85 ON 13,11 GRTST 24HR 2.41 ON 20-21 TO 1/4 MILE OR LESS
LOWEST: 57 ON 24 3 = THUNDER
SNOW, ICE PELLETS, HAIL 4 = ICE PELLETS
TOTAL MONTH: 0.0 INCH 5 = HAIL
GRTST 24HR 0.0 6 = FREEZING RAIN OR DRIZZLE
GRTST DEPTH: 0 7 = DUSTSTORM OR SANDSTORM:
VSBY 1/2 MILE OR LESS
8 = SMOKE OR HAZE
[NO. OF DAYS WITH] [WEATHER - DAYS WITH] 9 = BLOWING SNOW
X = TORNADO
MAX 32 OR BELOW: 0 0.01 INCH OR MORE: 11
MAX 90 OR ABOVE: 0 0.10 INCH OR MORE: 5
MIN 32 OR BELOW: 0 0.50 INCH OR MORE: 4
MIN 0 OR BELOW: 0 1.00 INCH OR MORE: 2
[HDD (BASE 65) ]
TOTAL THIS MO. 0 CLEAR (SCALE 0-3) 14
DPTR FM NORMAL -4 PTCLDY (SCALE 4-7) 13
TOTAL FM JUL 1 0 CLOUDY (SCALE 8-10) 3
DPTR FM NORMAL 0
[CDD (BASE 65) ]
TOTAL THIS MO. 230
DPTR FM NORMAL -46 [PRESSURE DATA]
TOTAL FM JAN 1 4487 HIGHEST SLP 30.22 ON 24
DPTR FM NORMAL 192 LOWEST SLP 29.82 ON 6
[REMARKS]
#FINAL-11-21#