000
CXUS52 KMLB 010645
CF6ORL
PRELIMINARY LOCAL CLIMATOLOGICAL DATA (WS FORM: F-6)
STATION: ORLANDO EXEC
MONTH: AUGUST
YEAR: 2022
LATITUDE: 28 32 N
LONGITUDE: 81 20 W
TEMPERATURE IN F: :PCPN: SNOW: WIND :SUNSHINE: SKY :PK WND
================================================================================
1 2 3 4 5 6A 6B 7 8 9 10 11 12 13 14 15 16 17 18
12Z AVG MX 2MIN
DY MAX MIN AVG DEP HDD CDD WTR SNW DPTH SPD SPD DIR MIN PSBL S-S WX SPD DR
================================================================================
1 97 74 86 2 0 21 0.17 0.0 0 5.6 21 230 M M 2 3 26 230
2 98 76 87 3 0 22 0.08 0.0 0 5.3 26 240 M M 2 3 37 230
3 96 75 86 2 0 21 0.01 0.0 0 3.5 24 120 M M 1 3 31 110
4 96 77 87 3 0 22 0.01 0.0 0 6.4 17 110 M M 2 21 100
5 95 79 87 3 0 22 T 0.0 0 7.4 20 70 M M 2 3 25 70
6 92 79 86 2 0 21 0.19 0.0 0 5.8 23 180 M M 1 38 27 170
7 95 78 87 3 0 22 0.19 0.0 0 7.8 24 100 M M 2 38 31 100
8 91 78 85 1 0 20 0.09 0.0 M 4.8 18 190 M M 3 38 24 200
9 91 77 84 0 0 19 0.14 0.0 0 5.1 18 130 M M 1 3 23 130
10 96 79 88 4 0 23 0.00 0.0 0 6.5 18 110 M M 2 3 21 130
11 93 76 85 1 0 20 0.09 0.0 0 6.1 26 80 M M 2 3 34 80
12 94 78 86 2 0 21 0.02 0.0 0 4.2 14 290 M M 2 3 17 260
13 94 76 85 1 0 20 0.11 0.0 0 5.6 18 200 M M 4 3 21 200
14 94 76 85 1 0 20 0.51 0.0 0 2.6 14 270 M M 4 13 17 360
15 95 77 86 2 0 21 T 0.0 0 2.7 14 120 M M 6 16 130
16 96 79 88 4 0 23 0.00 0.0 0 6.3 15 300 M M 2 3 20 300
17 94 80 87 3 0 22 0.00 0.0 0 8.0 23 280 M M 1 3 25 270
18 96 78 87 3 0 22 1.04 0.0 0 4.4 24 310 M M 2 13 32 320
19 96 75 86 2 0 21 1.50 0.0 0 4.7 35 260 M M 2 13 44 260
20 97 76 87 3 0 22 0.02 0.0 0 4.3 17 110 M M 1 38 20 100
21 96 79 88 5 0 23 0.05 0.0 0 4.7 24 160 M M 1 3 30 160
22 98 79 89 6 0 24 0.00 0.0 0 3.5 15 130 M M M 3 18 120
23 96 78 87 4 0 22 0.47 0.0 0 M 24 130 M M M 34 100
24 97 78 88 5 0 23 0.01 0.0 0 4.2 20 120 M M 3 3 24 80
25 93 77 85 2 0 20 0.15 0.0 0 6.0 21 100 M M 2 38 26 110
26 92 75 84 1 0 19 0.72 0.0 0 3.6 14 280 M M 3 13 17 220
27 94 75 85 2 0 20 0.60 0.0 0 2.0 23 290 M M 3 13 28 290
28 90 75 83 0 0 18 0.11 0.0 0 3.7 23 200 M M 4 13 28 190
29 93 75 84 1 0 19 1.22 0.0 0 4.6 20 110 M M 2 1238 29 110
30 93 77 85 2 0 20 0.01 0.0 0 6.6 17 280 M M 3 3 22 300
31 94 77 86 3 0 21 0.28 0.0 0 4.6 22 300 M M 2 3 27 290
================================================================================
SM 2932 2388 0 654 7.79 0.0 150.6 M 67
================================================================================
AV 94.6 77.0 5.0 FASTST M M 2 MAX(MPH)
MISC ----> 35 260 44 260
================================================================================
NOTES:
# LAST OF SEVERAL OCCURRENCES
COLUMN 17 PEAK WIND IN M.P.H.
PRELIMINARY LOCAL CLIMATOLOGICAL DATA (WS FORM: F-6) , PAGE 2
STATION: ORLANDO EXEC
MONTH: AUGUST
YEAR: 2022
LATITUDE: 28 32 N
LONGITUDE: 81 20 W
[TEMPERATURE DATA] [PRECIPITATION DATA] SYMBOLS USED IN COLUMN 16
AVERAGE MONTHLY: 85.8 TOTAL FOR MONTH: 7.79 1 = FOG OR MIST
DPTR FM NORMAL: 2.2 DPTR FM NORMAL: 0.13 2 = FOG REDUCING VISIBILITY
HIGHEST: 98 ON 22, 2 GRTST 24HR 1.51 ON 19-20 TO 1/4 MILE OR LESS
LOWEST: 74 ON 1 3 = THUNDER
SNOW, ICE PELLETS, HAIL 4 = ICE PELLETS
TOTAL MONTH: 0.0 INCH 5 = HAIL
GRTST 24HR 0.0 6 = FREEZING RAIN OR DRIZZLE
GRTST DEPTH: 0 7 = DUSTSTORM OR SANDSTORM:
VSBY 1/2 MILE OR LESS
8 = SMOKE OR HAZE
[NO. OF DAYS WITH] [WEATHER - DAYS WITH] 9 = BLOWING SNOW
X = TORNADO
MAX 32 OR BELOW: 0 0.01 INCH OR MORE: 25
MAX 90 OR ABOVE: 31 0.10 INCH OR MORE: 15
MIN 32 OR BELOW: 0 0.50 INCH OR MORE: 6
MIN 0 OR BELOW: 0 1.00 INCH OR MORE: 3
[HDD (BASE 65) ]
TOTAL THIS MO. 0 CLEAR (SCALE 0-3) 24
DPTR FM NORMAL 0 PTCLDY (SCALE 4-7) 5
TOTAL FM JUL 1 0 CLOUDY (SCALE 8-10) 2
DPTR FM NORMAL 0
[CDD (BASE 65) ]
TOTAL THIS MO. 654
DPTR FM NORMAL 79 [PRESSURE DATA]
TOTAL FM JAN 1 3201 HIGHEST SLP M ON M
DPTR FM NORMAL 602 LOWEST SLP 29.88 ON 15
[REMARKS]
#FINAL-08-22#