000
CXUS53 KDMX 020615
CF6OTM
PRELIMINARY LOCAL CLIMATOLOGICAL DATA (WS FORM: F-6)
STATION: OTTUMWA IA
MONTH: JUNE
YEAR: 2023
LATITUDE: 41 6 N
LONGITUDE: 92 27 W
TEMPERATURE IN F: :PCPN: SNOW: WIND :SUNSHINE: SKY :PK WND
================================================================================
1 2 3 4 5 6A 6B 7 8 9 10 11 12 13 14 15 16 17 18
12Z AVG MX 2MIN
DY MAX MIN AVG DEP HDD CDD WTR SNW DPTH SPD SPD DIR MIN PSBL S-S WX SPD DR
================================================================================
1 88 66 77 9 0 12 0.03 0.0 0 6.4 18 200 M M 3 8 24 190
2 91 63 77 9 0 12 0.00 0.0 0 6.4 26 70 M M 0 3 35 80
3 92 63 78 10 0 13 0.00 0.0 0 7.1 18 90 M M 0 26 90
4 90 65 78 9 0 13 0.00 0.0 0 7.7 25 90 M M 2 38 35 80
5 84 56 70 1 0 5 0.00 0.0 0 4.8 12 90 M M 0 18 16 90
6 90 52 71 2 0 6 0.00 0.0 0 4.2 25 350 M M 1 35 330
7 80 60 70 0 0 5 0.28 0.0 0 6.7 15 90 M M 3 138 18 350
8 79 53 66 -4 0 1 T 0.0 0 5.6 12 120 M M 2 21 100
9 80 48 64 -6 1 0 0.00 0.0 0 3.9 10 180 M M 0 8 17 180
10 82 54 68 -2 0 3 0.14 0.0 0 6.9 17 50 M M 6 1 24 50
11 67 51 59 -12 6 0 0.06 0.0 0 10.9 21 350 M M 8 1 27 350
12 76 41 59 -12 6 0 0.00 0.0 0 9.1 17 330 M M 2 12 25 290
13 85 59 72 1 0 7 0.00 0.0 0 12.1 23 300 M M 1 31 300
14 88 55 72 0 0 7 0.00 0.0 0 4.7 13 30 M M 1 8 20 50
15 89 61 75 3 0 10 0.00 0.0 0 7.8 15 300 M M 1 8 21 290
16 79 56 68 -4 0 3 0.00 0.0 0 9.0 16 90 M M 0 8 21 70
17 84 54 69 -3 0 4 0.00 0.0 0 9.0 28 320 M M 0 3 35 320
18 81 61 71 -1 0 6 0.52 0.0 0 8.4 38 140 M M 1 13 48 150
19 87 57 72 -1 0 7 0.00 0.0 0 5.1 12 90 M M 0 1 14 90
20 88 61 75 2 0 10 0.00 0.0 0 8.0 17 100 M M 0 8 22 100
21 86 64 75 2 0 10 0.00 0.0 0 9.9 17 100 M M 1 8 28 80
22 90 60 75 2 0 10 0.00 0.0 0 4.3 13 20 M M 0 18 17 30
23 91 59 75 2 0 10 0.00 0.0 0 3.8 10 20 M M 1 18 17 40
24 91 64 78 4 0 13 0.08 0.0 0 9.1 24 150 M M 3 13 36 140
25 81 65 73 -1 0 8 T 0.0 0 15.0 29 290 M M 4 1 42 300
26 80 61 71 -3 0 6 0.00 0.0 0 13.3 23 330 M M 3 33 310
27 84 58 71 -3 0 6 0.00 0.0 0 6.6 12 50 M M 5 18 15 360
28 85 64 75 1 0 10 0.08 0.0 0 10.6 25 150 M M 3 138 36 170
29 85 66 76 2 0 11 0.75 0.0 0 6.8 31 40 M M 2 1238 42 190
30 83 65 74 0 0 9 0.49 0.0 0 5.4 21 230 M M 4 123 27 230
================================================================================
SM 2536 1762 13 217 2.43 0.0 228.6 M 57
================================================================================
AV 84.5 58.7 7.6 FASTST M M 2 MAX(MPH)
MISC ----> 38 140 48 150
================================================================================
NOTES:
# LAST OF SEVERAL OCCURRENCES
COLUMN 17 PEAK WIND IN M.P.H.
PRELIMINARY LOCAL CLIMATOLOGICAL DATA (WS FORM: F-6) , PAGE 2
STATION: OTTUMWA IA
MONTH: JUNE
YEAR: 2023
LATITUDE: 41 6 N
LONGITUDE: 92 27 W
[TEMPERATURE DATA] [PRECIPITATION DATA] SYMBOLS USED IN COLUMN 16
AVERAGE MONTHLY: 71.6 TOTAL FOR MONTH: 2.43 1 = FOG OR MIST
DPTR FM NORMAL: 0.0 DPTR FM NORMAL: -2.95 2 = FOG REDUCING VISIBILITY
HIGHEST: 92 ON 3 GRTST 24HR 0.98 ON 29-30 TO 1/4 MILE OR LESS
LOWEST: 41 ON 12 3 = THUNDER
SNOW, ICE PELLETS, HAIL 4 = ICE PELLETS
TOTAL MONTH: 0.0 INCH 5 = HAIL
GRTST 24HR 0.0 6 = FREEZING RAIN OR DRIZZLE
GRTST DEPTH: 0 7 = DUSTSTORM OR SANDSTORM:
VSBY 1/2 MILE OR LESS
8 = SMOKE OR HAZE
[NO. OF DAYS WITH] [WEATHER - DAYS WITH] 9 = BLOWING SNOW
X = TORNADO
MAX 32 OR BELOW: 0 0.01 INCH OR MORE: 9
MAX 90 OR ABOVE: 7 0.10 INCH OR MORE: 5
MIN 32 OR BELOW: 0 0.50 INCH OR MORE: 2
MIN 0 OR BELOW: 0 1.00 INCH OR MORE: 0
[HDD (BASE 65) ]
TOTAL THIS MO. 13 CLEAR (SCALE 0-3) 21
DPTR FM NORMAL -4 PTCLDY (SCALE 4-7) 9
TOTAL FM JUL 1 5885 CLOUDY (SCALE 8-10) 0
DPTR FM NORMAL -258
[CDD (BASE 65) ]
TOTAL THIS MO. 217
DPTR FM NORMAL 2 [PRESSURE DATA]
TOTAL FM JAN 1 286 HIGHEST SLP 30.07 ON 5
DPTR FM NORMAL -7 LOWEST SLP 29.62 ON 14
[REMARKS]
#FINAL-06-23#