618
CXUS53 KDMX 060143
CF6OTM
PRELIMINARY LOCAL CLIMATOLOGICAL DATA (WS FORM: F-6)
STATION: OTTUMWA IA
MONTH: JANUARY
YEAR: 2021
LATITUDE: 41 6 N
LONGITUDE: 92 27 W
TEMPERATURE IN F: :PCPN: SNOW: WIND :SUNSHINE: SKY :PK WND
================================================================================
1 2 3 4 5 6A 6B 7 8 9 10 11 12 13 14 15 16 17 18
12Z AVG MX 2MIN
DY MAX MIN AVG DEP HDD CDD WTR SNW DPTH SPD SPD DIR MIN PSBL S-S WX SPD DR
================================================================================
1 25 15 20 -3 45 0 0.33 3.1 3 13.0 22 330 M M 8 12 27 320
2 22 9 16 -7 49 0 0.00 0.0 6 4.2 13 320 M M 0 18 17 330
3 31 6 19 -4 46 0 0.00 0.0 6 6.4 14 180 M M 5 128 18 180
4 36 28 32 9 33 0 0.00 0.0 6 9.4 14 270 M M 6 12 17 260
5 36 16 26 3 39 0 0.00 0.0 5 6.0 13 280 M M 0 128 16 290
6 33 27 30 8 35 0 0.00 0.0 5 12.1 21 90 M M 8 12 26 100
7 33 20 27 5 38 0 0.00 0.0 4 7.8 16 100 M M 6 128 19 100
8 30 25 28 6 37 0 0.00 0.0 4 8.3 13 330 M M 10 18 14 330
9 26 22 24 2 41 0 0.00 0.0 4 7.0 12 330 M M 10 14 350
10 29 20 25 3 40 0 0.00 0.0 4 8.3 15 320 M M 10 1 18 310
11 38 24 31 9 34 0 0.00 0.0 4 11.9 21 210 M M 3 29 210
12 43 21 32 10 33 0 0.00 0.0 3 8.1 16 240 M M 0 20 240
13 41 31 36 14 29 0 0.00 0.0 2 8.9 14 230 M M 0 19 220
14 38 30 34 12 31 0 0.18 1.2 2 13.5 23 290 M M 7 1 33 300
15 34 29 32 10 33 0 0.05 0.5 3 12.9 20 360 M M 10 1 29 250
16 33 26 30 8 35 0 T T 3 14.9 24 300 M M 9 1 34 300
17 31 24 28 6 37 0 0.02 0.3 3 11.2 17 300 M M 10 1 22 290
18 31 12 22 0 43 0 0.00 0.0 3 6.1 10 350 M M 4 1 13 270
19 37 14 26 4 39 0 0.00 0.0 3 11.9 33 320 M M 7 1 42 310
20 44 8 26 4 39 0 0.00 0.0 3 11.4 26 200 M M 0 34 190
21 43 25 34 12 31 0 0.00 0.0 2 12.3 23 310 M M 0 32 310
22 25 8 17 -5 48 0 0.00 0.0 2 9.5 23 330 M M 1 30 330
23 29 6 18 -4 47 0 0.02 0.3 2 8.4 17 100 M M 5 23 120
24 32 27 30 8 35 0 T T 2 6.9 13 50 M M 10 1 16 50
25 28 23 26 4 39 0 0.41 5.4 2 17.1 26 50 M M 10 12 36 50
26 24 8 16 -7 49 0 0.08 1.3 8 11.6 18 360 M M 8 168 26 10
27 23 2 13 -10 52 0 0.00 0.0 7 7.0 13 20 M M 5 17 10
28 26 -2 12 -11 53 0 0.00 0.0 7 5.3 16 150 M M 0 18 21 140
29 35 13 24 1 41 0 0.00 0.0 7 11.6 20 120 M M 1 1 25 120
30 34 29 32 9 33 0 1.01 0.4 5 14.8 20 80 M M 8 1 24 80
31 32 28 30 7 35 0 0.16 2.2 5 18.5 24 340 M M 10 1 29 330
================================================================================
SM 1002 574 1219 0 2.26 14.7 316.3 M 171
================================================================================
AV 32.3 18.5 10.2 FASTST M M 6 MAX(MPH)
MISC ----> 33 320 42 310
================================================================================
NOTES:
# LAST OF SEVERAL OCCURRENCES
COLUMN 17 PEAK WIND IN M.P.H.
PRELIMINARY LOCAL CLIMATOLOGICAL DATA (WS FORM: F-6) , PAGE 2
STATION: OTTUMWA IA
MONTH: JANUARY
YEAR: 2021
LATITUDE: 41 6 N
LONGITUDE: 92 27 W
[TEMPERATURE DATA] [PRECIPITATION DATA] SYMBOLS USED IN COLUMN 16
AVERAGE MONTHLY: 25.4 TOTAL FOR MONTH: 2.26 1 = FOG OR MIST
DPTR FM NORMAL: 2.9 DPTR FM NORMAL: 1.36 2 = FOG REDUCING VISIBILITY
HIGHEST: 44 ON 20 GRTST 24HR 1.01 ON 30-30 TO 1/4 MILE OR LESS
LOWEST: -2 ON 28 3 = THUNDER
SNOW, ICE PELLETS, HAIL 4 = ICE PELLETS
TOTAL MONTH: 14.7 INCHES 5 = HAIL
GRTST 24HR 5.4 ON 25-25 6 = FREEZING RAIN OR DRIZZLE
GRTST DEPTH: 8 ON 26 7 = DUSTSTORM OR SANDSTORM:
VSBY 1/2 MILE OR LESS
8 = SMOKE OR HAZE
[NO. OF DAYS WITH] [WEATHER - DAYS WITH] 9 = BLOWING SNOW
X = TORNADO
MAX 32 OR BELOW: 16 0.01 INCH OR MORE: 9
MAX 90 OR ABOVE: 0 0.10 INCH OR MORE: 5
MIN 32 OR BELOW: 31 0.50 INCH OR MORE: 1
MIN 0 OR BELOW: 1 1.00 INCH OR MORE: 1
[HDD (BASE 65) ]
TOTAL THIS MO. 1219 CLEAR (SCALE 0-3) 9
DPTR FM NORMAL -98 PTCLDY (SCALE 4-7) 12
TOTAL FM JUL 1 3563 CLOUDY (SCALE 8-10) 10
DPTR FM NORMAL -262
[CDD (BASE 65) ]
TOTAL THIS MO. 0
DPTR FM NORMAL 0 [PRESSURE DATA]
TOTAL FM JAN 1 0 HIGHEST SLP 30.76 ON 28
DPTR FM NORMAL 0 LOWEST SLP 29.26 ON 15
[REMARKS]
#FINAL-01-21#