000
CXUS53 KPAH 010700
CF6OWB
PRELIMINARY LOCAL CLIMATOLOGICAL DATA (WS FORM: F-6)
STATION: OWENSBORO KY
MONTH: OCTOBER
YEAR: 2022
LATITUDE: 37 45 N
LONGITUDE: 87 10 W
TEMPERATURE IN F: :PCPN: SNOW: WIND :SUNSHINE: SKY :PK WND
================================================================================
1 2 3 4 5 6A 6B 7 8 9 10 11 12 13 14 15 16 17 18
12Z AVG MX 2MIN
DY MAX MIN AVG DEP HDD CDD WTR SNW DPTH SPD SPD DIR MIN PSBL S-S WX SPD DR
================================================================================
1 76 48 62 -4 3 0 M M M 7.2 14 350 M M 0 18 360
2 76 51 64 -1 1 0 M M M 8.0 16 20 M M 0 21 30
3 73 47 60 -5 5 0 M M M 6.3 14 60 M M 0 17 60
4 73 42 58 -7 7 0 M M M 2.4 10 60 M M 0 8 14 50
5 78 42 60 -4 5 0 M M M 0.7 8 270 M M 0 128 10 290
6 81 51 66 2 0 1 M M M 5.5 16 250 M M 4 8 20 250
7 68 49 59 -5 6 0 M M M 8.4 15 330 M M 1 20 330
8 60 38 49 -14 16 0 M M M 3.5 14 300 M M 1 20 20
9 68 36 52 -11 13 0 M M M 3.4 13 270 M M 0 8 20 230
10 77 42 60 -2 5 0 M M M 5.8 12 160 M M 0 18 17 190
11 81 47 64 2 1 0 M M M 6.9 16 160 M M 0 21 170
12 75 53 64 2 1 0 M M M 8.0 21 190 M M 4 1 25 200
13 69 40 55 -7 10 0 M M M 8.7 28 250 M M 1 1 36 250
14 74 36 55 -6 10 0 M M M 9.0 24 230 M M 2 8 30 230
15 66 46 56 -5 9 0 M M M 4.1 18 220 M M 1 23 210
16 70 43 57 -4 8 0 M M M 3.7 13 210 M M 4 8 14 210
17 51 38 45 -15 20 0 M M M 11.5 24 300 M M 3 32 300
18 50 34 42 -18 23 0 M M M 12.0 22 320 M M 3 25 320
19 55 33 44 -16 21 0 M M M 7.0 16 290 M M 0 20 250
20 64 29 47 -12 18 0 M M M 7.7 20 240 M M 0 23 240
21 77 41 59 0 6 0 M M M 9.3 20 180 M M 0 23 170
22 80 56 68 9 0 3 M M M 11.7 23 190 M M 1 29 220
23 81 60 71 13 0 6 M M M 12.0 23 170 M M 2 28 180
24 81 55 68 10 0 3 M M M 10.0 20 170 M M 0 25 170
25 75 49 62 4 3 0 M M M 14.7 26 160 M M 8 18 32 160
26 60 40 50 -7 15 0 M M M 8.3 23 270 M M 5 1 28 270
27 62 37 50 -7 15 0 M M M 6.6 14 20 M M 1 128 17 30
28 68 42 55 -2 10 0 M M M 4.3 9 70 M M 0 8 12 30
29 72 41 57 1 8 0 M M M 4.1 9 30 M M 0 18 12 30
30 64 56 60 4 5 0 M M M 6.3 10 150 M M 10 1 14 150
31 69 55 62 6 3 0 M M M 7.7 18 230 M M 10 1 22 220
================================================================================
SM 2174 1377 247 13 M M 224.8 M 61
================================================================================
AV 70.1 44.4 7.3 FASTST M M 2 MAX(MPH)
MISC ----> 28 250 36 250
================================================================================
NOTES:
# LAST OF SEVERAL OCCURRENCES
COLUMN 17 PEAK WIND IN M.P.H.
PRELIMINARY LOCAL CLIMATOLOGICAL DATA (WS FORM: F-6) , PAGE 2
STATION: OWENSBORO KY
MONTH: OCTOBER
YEAR: 2022
LATITUDE: 37 45 N
LONGITUDE: 87 10 W
[TEMPERATURE DATA] [PRECIPITATION DATA] SYMBOLS USED IN COLUMN 16
AVERAGE MONTHLY: 57.3 TOTAL FOR MONTH: M 1 = FOG OR MIST
DPTR FM NORMAL: -3.4 DPTR FM NORMAL: M 2 = FOG REDUCING VISIBILITY
HIGHEST: 81 ON 24,23 GRTST 24HR 0.73 ON 30-31 TO 1/4 MILE OR LESS
LOWEST: 29 ON 20 3 = THUNDER
SNOW, ICE PELLETS, HAIL 4 = ICE PELLETS
TOTAL MONTH: M 5 = HAIL
GRTST 24HR M ON M 6 = FREEZING RAIN OR DRIZZLE
GRTST DEPTH: M ON M 7 = DUSTSTORM OR SANDSTORM:
VSBY 1/2 MILE OR LESS
8 = SMOKE OR HAZE
[NO. OF DAYS WITH] [WEATHER - DAYS WITH] 9 = BLOWING SNOW
X = TORNADO
MAX 32 OR BELOW: 0 0.01 INCH OR MORE: 0
MAX 90 OR ABOVE: 0 0.10 INCH OR MORE: 0
MIN 32 OR BELOW: 1 0.50 INCH OR MORE: 0
MIN 0 OR BELOW: 0 1.00 INCH OR MORE: 0
[HDD (BASE 65) ]
TOTAL THIS MO. 247 CLEAR (SCALE 0-3) 24
DPTR FM NORMAL 62 PTCLDY (SCALE 4-7) 4
TOTAL FM JUL 1 285 CLOUDY (SCALE 8-10) 3
DPTR FM NORMAL 73
[CDD (BASE 65) ]
TOTAL THIS MO. 13
DPTR FM NORMAL -38 [PRESSURE DATA]
TOTAL FM JAN 1 1644 HIGHEST SLP 30.47 ON 8
DPTR FM NORMAL -108 LOWEST SLP 29.59 ON 25
[REMARKS]
#FINAL-10-22#