000
CXUS53 KDDC 012234
CF6P28
PRELIMINARY LOCAL CLIMATOLOGICAL DATA (WS FORM: F-6)

                                          STATION:   MEDICINE LODGE KS
                                          MONTH:     JULY
                                          YEAR:      2013
                                          LATITUDE:   37 17 N
                                          LONGITUDE:  98 35 W

  TEMPERATURE IN F:       :PCPN:    SNOW:  WIND      :SUNSHINE: SKY     :PK WND
================================================================================
1   2   3   4   5  6A  6B    7    8   9   10  11  12  13   14  15   16   17  18
                                     12Z  AVG MX 2MIN
DY MAX MIN AVG DEP HDD CDD  WTR  SNW DPTH SPD SPD DIR MIN PSBL S-S WX    SPD DR
================================================================================

 1  84  55  70 -10   0   5 0.00  0.0    0  8.4 21  50   M    M   0        27  40
 2  86  52  69 -12   0   4 0.00  0.0    0  6.7 17  40   M    M   0        23  50
 3  87  54  71 -10   0   6 0.00  0.0    0  5.9 17  70   M    M   0        22  50
 4  93  62  78  -3   0  13 0.00  0.0    0 10.2 18 190   M    M   0        24 200
 5  94  69  82   1   0  17 0.00  0.0    0 12.9 25 180   M    M   0        32 180
 6  96  74  85   4   0  20 0.00  0.0    0 12.3 26 190   M    M   0        36 190
 7 101  73  87   5   0  22 0.00  0.0    0 13.3 23 170   M    M   0        31 200
 8 102  73  88   6   0  23 0.00  0.0    0 11.0 22 180   M    M   0        28 190
 9 106  75  91   9   0  26 0.00  0.0    0 11.3 30 360   M    M   0        41 360
10 102  73  88   6   0  23 0.16  0.0    0  7.7 20  60   M    M   0        25  50
11  94  77  86   4   0  21 0.00  0.0    0  8.1 15 120   M    M   0        22 130
12 103  72  88   6   0  23 0.00  0.0    0 10.6 21 190   M    M   0        29 170
13 105  74  90   8   0  25 0.00  0.0    0  9.1 20 140   M    M   0        27 120
14  84  66  75  -7   0  10 0.31  0.0    0  7.7 20 170   M    M   0        27 180
15  76  63  70 -12   0   5 0.32  0.0    0  6.6 18  80   M    M   0        25  80
16  87  67  77  -5   0  12 0.16  0.0    0  7.6 18 110   M    M   0        28 120
17  89  68  79  -3   0  14 0.21  0.0    0  4.5 18 160   M    M   0        30 160
18  91  68  80  -2   0  15 0.00  0.0    0  9.4 23 200   M    M   0        31 190
19  95  69  82   0   0  17 0.00  0.0    0  8.7 18 220   M    M   0        25 180
20  96  70  83   0   0  18 0.49  0.0    0  6.7 40 240   M    M   0        51 240
21  92  69  81  -2   0  16 0.07  0.0    0  9.0 16  90   M    M   0        22 130
22 101  71  86   3   0  21 0.00  0.0    0  8.4 26  90   M    M   0        34 100
23 102  72  87   4   0  22 0.00  0.0    0  8.5 31  30   M    M   0        40  30
24  93  71  82  -1   0  17 0.00  0.0    0  7.7 16  70   M    M   0        26 350
25  87  72  80  -3   0  15 0.14  0.0    0  8.0 20 190   M    M   0        25 200
26  85  66  76  -7   0  11 0.33  0.0    0  9.9 25  40   M    M   0        32  30
27  85  62  74  -9   0   9 0.00  0.0    0  9.4 26  50   M    M   0        36  90
28  81  64  73 -10   0   8 0.04  0.0    0 12.1 24  90   M    M   0        32 110
29  90  67  79  -3   0  14 0.55  0.0    0  9.0 23  20   M    M   0        31 170
30  83  69  76  -6   0  11 0.00  0.0    0  6.0 15  10   M    M   0        18  10
31  88  65  77  -5   0  12 0.00  0.0    0  4.7 12  80   M    M   0        15 360
================================================================================
SM 2858 2102         0 475 2.78  0.0     271.4          M        0
================================================================================
AV 92.2 67.8                               8.8 FASTST   M    M   0      MAX(MPH)
                                 MISC ---->    40 240                     51 240
================================================================================
NOTES:
# LAST OF SEVERAL OCCURRENCES

COLUMN 17 PEAK WIND IN M.P.H.

PRELIMINARY LOCAL CLIMATOLOGICAL DATA (WS FORM: F-6) , PAGE 2

                                          STATION:  MEDICINE LODGE KS
                                          MONTH:    JULY
                                          YEAR:     2013
                                          LATITUDE:   37 17 N
                                          LONGITUDE:  98 35 W

[TEMPERATURE DATA]      [PRECIPITATION DATA]       SYMBOLS USED IN COLUMN 16

AVERAGE MONTHLY: 80.0   TOTAL FOR MONTH:   2.78    1 = FOG OR MIST
DPTR FM NORMAL:  -2.1   DPTR FM NORMAL:   -0.60    2 = FOG REDUCING VISIBILITY
HIGHEST:   106 ON  9    GRTST 24HR  0.56 ON 20-21      TO 1/4 MILE OR LESS
LOWEST:     52 ON  2                               3 = THUNDER
                        SNOW, ICE PELLETS, HAIL    4 = ICE PELLETS
                        TOTAL MONTH:   0.0 INCH    5 = HAIL
                        GRTST 24HR     0.0         6 = FREEZING RAIN OR DRIZZLE
                        GRTST DEPTH:   0           7 = DUSTSTORM OR SANDSTORM:
                                                       VSBY 1/2 MILE OR LESS
                                                   8 = SMOKE OR HAZE
[NO. OF DAYS WITH]      [WEATHER - DAYS WITH]      9 = BLOWING SNOW
                                                   X = TORNADO
MAX 32 OR BELOW:   0    0.01 INCH OR MORE:  11
MAX 90 OR ABOVE:  18    0.10 INCH OR MORE:   9
MIN 32 OR BELOW:   0    0.50 INCH OR MORE:   1
MIN  0 OR BELOW:   0    1.00 INCH OR MORE:   0

[HDD (BASE 65) ]
TOTAL THIS MO.     0
DPTR FM NORMAL     0
TOTAL FM JUL 1     0
DPTR FM NORMAL     0

[CDD (BASE 65) ]
TOTAL THIS MO.   475
DPTR FM NORMAL   -53    [PRESSURE DATA]
TOTAL FM JAN 1  1022    HIGHEST SLP 30.30 ON 17
DPTR FM NORMAL   -15    LOWEST  SLP 29.66 ON 23

[REMARKS]
#FINAL-07-13#
