000
CXUS53 KDDC 021620
CF6P28
PRELIMINARY LOCAL CLIMATOLOGICAL DATA (WS FORM: F-6)

                                          STATION:   MEDICINE LODGE KS
                                          MONTH:     JUNE
                                          YEAR:      2013
                                          LATITUDE:   37 17 N
                                          LONGITUDE:  98 35 W

  TEMPERATURE IN F:       :PCPN:    SNOW:  WIND      :SUNSHINE: SKY     :PK WND
================================================================================
1   2   3   4   5  6A  6B    7    8   9   10  11  12  13   14  15   16   17  18
                                     12Z  AVG MX 2MIN
DY MAX MIN AVG DEP HDD CDD  WTR  SNW DPTH SPD SPD DIR MIN PSBL S-S WX    SPD DR
================================================================================

 1  76  54  65  -7   0   0 0.01  0.0    0 13.1 30 360   M    M   0        39 360
 2  75  48  62 -11   3   0 0.00  0.0    0  6.5 16  30   M    M   0        21  10
 3  90  53  72  -1   0   7 0.00  0.0    0 13.6 40 210   M    M   0        56 220
 4  84  64  74   1   0   9 0.04  0.0    0 10.4 29 190   M    M   0        35 180
 5  72  56  64 -10   1   0 0.51  0.0    0 11.9 30 340   M    M   0        39 340
 6  79  54  67  -7   0   2 0.00  0.0    0  6.5 17 350   M    M   0        23 350
 7  82  52  67  -7   0   2 0.00  0.0    0  4.6 15 190   M    M   0        18 200
 8  86  62  74  -1   0   9 0.44  0.0    0 12.5 29 130   M    M   0        39 140
 9  88  57  73  -2   0   8 0.00  0.0    0  6.3 17 230   M    M   0        23 210
10  99  61  80   5   0  15 0.00  0.0    0  8.9 20 190   M    M   0        25 200
11  98  66  82   6   0  17 0.00  0.0    0 13.8 29 190   M    M   0        38 190
12 102  71  87  11   0  22 0.00  0.0    0  8.4 16  60   M    M   0        21  60
13  95  64  80   4   0  15 0.00  0.0    0  9.4 22  40   M    M   0        28  60
14  99  69  84   8   0  19 0.00  0.0    0 11.7 26 200   M    M   0        33 190
15  93  72  83   6   0  18 0.00  0.0    0  9.9 28 200   M    M   0        40 180
16  94  64  79   2   0  14 0.60  0.0    0  7.4 37 300   M    M   0        47 310
17  87  64  76  -1   0  11 0.08  0.0    0  9.7 23 360   M    M   0        29  50
18  90  62  76  -2   0  11 0.00  0.0    0  4.2 18  70   M    M   0        25  70
19  87  67  77  -1   0  12 0.00  0.0    0 10.7 21 180   M    M   0        27 180
20  97  70  84   6   0  19 0.00  0.0    0 15.9 32 190   M    M   0        42 200
21  98  74  86   8   0  21 0.00  0.0    0 16.2 31 190   M    M   0        39 200
22  96  74  85   7   0  20 0.00  0.0    0 16.5 32 180   M    M   0        43 180
23  97  74  86   7   0  21 0.00  0.0    0 15.1 26 180   M    M   0        38 180
24  97  74  86   7   0  21 0.00  0.0    0 15.3 30 180   M    M   0        41 180
25 101  74  88   9   0  23 0.00  0.0    0 15.1 29 190   M    M   0        39 180
26 105  73  89   9   0  24 0.00  0.0    0  7.6 15 180   M    M   0        22 140
27 109  68  89   9   0  24 0.52  0.0    0  8.7 44 360   M    M   0        57 360
28  98  70  84   4   0  19 0.00  0.0    0  8.1 18  20   M    M   0        23  10
29  92  66  79  -1   0  14 0.02  0.0    0  8.6 21 360   M    M   0        26 360
30  86  58  72  -8   0   7 0.00  0.0    0  9.8 22  40   M    M   0        29  30
================================================================================
SM 2752 1935         4 404 2.22  0.0     316.4          M        0
================================================================================
AV 91.7 64.5                              10.5 FASTST   M    M   0      MAX(MPH)
                                 MISC ---->    44 360                     57 360
================================================================================
NOTES:
# LAST OF SEVERAL OCCURRENCES

COLUMN 17 PEAK WIND IN M.P.H.

PRELIMINARY LOCAL CLIMATOLOGICAL DATA (WS FORM: F-6) , PAGE 2

                                          STATION:  MEDICINE LODGE KS
                                          MONTH:    JUNE
                                          YEAR:     2013
                                          LATITUDE:   37 17 N
                                          LONGITUDE:  98 35 W

[TEMPERATURE DATA]      [PRECIPITATION DATA]       SYMBOLS USED IN COLUMN 16

AVERAGE MONTHLY: 78.1   TOTAL FOR MONTH:   2.22    1 = FOG OR MIST
DPTR FM NORMAL:   1.5   DPTR FM NORMAL:   -1.89    2 = FOG REDUCING VISIBILITY
HIGHEST:   109 ON 27    GRTST 24HR  0.68 ON 16-17      TO 1/4 MILE OR LESS
LOWEST:     48 ON  2                               3 = THUNDER
                        SNOW, ICE PELLETS, HAIL    4 = ICE PELLETS
                        TOTAL MONTH:   0.0 INCH    5 = HAIL
                        GRTST 24HR     0.0         6 = FREEZING RAIN OR DRIZZLE
                        GRTST DEPTH:   0           7 = DUSTSTORM OR SANDSTORM:
                                                       VSBY 1/2 MILE OR LESS
                                                   8 = SMOKE OR HAZE
[NO. OF DAYS WITH]      [WEATHER - DAYS WITH]      9 = BLOWING SNOW
                                                   X = TORNADO
MAX 32 OR BELOW:   0    0.01 INCH OR MORE:   8
MAX 90 OR ABOVE:  19    0.10 INCH OR MORE:   4
MIN 32 OR BELOW:   0    0.50 INCH OR MORE:   3
MIN  0 OR BELOW:   0    1.00 INCH OR MORE:   0

[HDD (BASE 65) ]
TOTAL THIS MO.     4
DPTR FM NORMAL     1
TOTAL FM JUL 1  4523
DPTR FM NORMAL    65

[CDD (BASE 65) ]
TOTAL THIS MO.   404
DPTR FM NORMAL    51    [PRESSURE DATA]
TOTAL FM JAN 1   547    HIGHEST SLP 30.16 ON  2
DPTR FM NORMAL    38    LOWEST  SLP 29.61 ON 25

[REMARKS]
#FINAL-06-13#
