000
CXUS53 KDDC 011513
CF6P28
PRELIMINARY LOCAL CLIMATOLOGICAL DATA (WS FORM: F-6)

                                          STATION:   MEDICINE LODGE KS
                                          MONTH:     OCTOBER
                                          YEAR:      2012
                                          LATITUDE:   37 17 N
                                          LONGITUDE:  98 35 W

  TEMPERATURE IN F:       :PCPN:    SNOW:  WIND      :SUNSHINE: SKY     :PK WND
================================================================================
1   2   3   4   5  6A  6B    7    8   9   10  11  12  13   14  15   16   17  18
                                     12Z  AVG MX 2MIN
DY MAX MIN AVG DEP HDD CDD  WTR  SNW DPTH SPD SPD DIR MIN PSBL S-S WX    SPD DR
================================================================================

 1  77  45  61  -4   4   0 0.00  0.0    0 11.4 31  10   M    M   0        40  10
 2  77  42  60  -4   5   0 0.00  0.0    0  4.3 12 230   M    M   0        14 290
 3  83  43  63  -1   2   0 0.00  0.0    0 10.0 23 190   M    M   0        31 170
 4  66  52  59  -5   6   0 0.00  0.0    0 13.6 26  10   M    M   0        34  10
 5  61  40  51 -12  14   0 0.00  0.0    0 12.6 23  30   M    M   0        29  30
 6  48  35  42 -21  23   0 0.01  0.0    0  8.3 17  50   M    M   0        23  50
 7  55  28  42 -20  23   0 0.00  0.0    0  4.4 12 220   M    M   0        15 220
 8  71  35  53  -9  12   0 0.00  0.0    0  9.7 22 190   M    M   0        30 180
 9  73  43  58  -4   7   0 0.00  0.0    0 10.4 25  20   M    M   0        32  20
10  68  35  52  -9  13   0 0.00  0.0    0  5.4 15 190   M    M   0        20 190
11  88  53  71  10   0   6 0.00  0.0    0 11.4 25 200   M    M   0        33 200
12  62  51  57  -3   8   0 0.04  0.0    0  7.4 18  30   M    M   0        24  30
13  86  58  72  12   0   7 0.02  0.0    0 12.4 30 240   M    M   0        41 240
14  78  48  63   4   2   0 0.00  0.0    0 10.5 22 340   M    M   0        31 320
15  88  47  68   9   0   3 0.00  0.0    0  8.2 22 240   M    M   0        32 220
16  83  51  67   8   0   2 0.00  0.0    0  6.3 13 180   M    M   0        19 180
17  73  43  58   0   7   0 0.00  0.0    0 14.7 36 350   M    M   0        50 360
18  68  38  53  -5  12   0 0.00  0.0    0 18.7 38 320   M    M   0        58 340
19  74  41  58   0   7   0 0.00  0.0    0 12.2 29 340   M    M   0        38 330
20  85  38  62   5   3   0 0.00  0.0    0  5.4 15 180   M    M   0        20 170
21  93  48  71  14   0   6 0.00  0.0    0 10.1 24 190   M    M   0        33 180
22  73  48  61   5   4   0 0.00  0.0    0  6.4 15 170   M    M   0        23 170
23  92  62  77  21   0  12 0.00  0.0    0 11.6 23 210   M    M   0        29 220
24  82  64  73  17   0   8 0.00  0.0    0 13.3 24 180   M    M   0        33 180
25  72  33  53  -2  12   0 0.00  0.0    0 18.2 32 360   M    M   0        43 340
26  49  26  38 -17  27   0 0.00  0.0    0 10.9 23  20   M    M   0        30  30
27  51  19  35 -19  30   0 0.00  0.0    0  4.3 12 200   M    M   0        18 200
28  60  24  42 -12  23   0 0.00  0.0    0  7.4 15 170   M    M   0        21 150
29  71  34  53   0  12   0 0.00  0.0    0  7.8 20 190   M    M   0        24 200
30  83  41  62   9   3   0 0.00  0.0    0  6.2 20  10   M    M   0        24  40
31  75  35  55   3  10   0 0.00  0.0    0  5.2 15 180   M    M   0        19 170
================================================================================
SM 2265 1300       269  44 0.07  0.0     298.7          M        0
================================================================================
AV 73.1 41.9                               9.6 FASTST   M    M   0      MAX(MPH)
                                 MISC ---->    38 320                     58 340
================================================================================
NOTES:
# LAST OF SEVERAL OCCURRENCES

COLUMN 17 PEAK WIND IN M.P.H.

PRELIMINARY LOCAL CLIMATOLOGICAL DATA (WS FORM: F-6) , PAGE 2

                                          STATION:  MEDICINE LODGE KS
                                          MONTH:    OCTOBER
                                          YEAR:     2012
                                          LATITUDE:   37 17 N
                                          LONGITUDE:  98 35 W

[TEMPERATURE DATA]      [PRECIPITATION DATA]       SYMBOLS USED IN COLUMN 16

AVERAGE MONTHLY: 57.5   TOTAL FOR MONTH:   0.07    1 = FOG OR MIST
DPTR FM NORMAL:  -1.1   DPTR FM NORMAL:   -2.77    2 = FOG REDUCING VISIBILITY
HIGHEST:    93 ON 21    GRTST 24HR  0.06 ON 12-13      TO 1/4 MILE OR LESS
LOWEST:     19 ON 27                               3 = THUNDER
                        SNOW, ICE PELLETS, HAIL    4 = ICE PELLETS
                        TOTAL MONTH:   0.0 INCH    5 = HAIL
                        GRTST 24HR     0.0         6 = FREEZING RAIN OR DRIZZLE
                        GRTST DEPTH:   0           7 = DUSTSTORM OR SANDSTORM:
                                                       VSBY 1/2 MILE OR LESS
                                                   8 = SMOKE OR HAZE
[NO. OF DAYS WITH]      [WEATHER - DAYS WITH]      9 = BLOWING SNOW
                                                   X = TORNADO
MAX 32 OR BELOW:   0    0.01 INCH OR MORE:   3
MAX 90 OR ABOVE:   2    0.10 INCH OR MORE:   0
MIN 32 OR BELOW:   4    0.50 INCH OR MORE:   0
MIN  0 OR BELOW:   0    1.00 INCH OR MORE:   0

[HDD (BASE 65) ]
TOTAL THIS MO.   269
DPTR FM NORMAL    34
TOTAL FM JUL 1   281
DPTR FM NORMAL    12

[CDD (BASE 65) ]
TOTAL THIS MO.    44
DPTR FM NORMAL     6    [PRESSURE DATA]
TOTAL FM JAN 1  2256    HIGHEST SLP 30.56 ON 26
DPTR FM NORMAL   487    LOWEST  SLP 29.34 ON 17

[REMARKS]
#FINAL-10-12#
