000
CXUS53 KDDC 011636
CF6P28
PRELIMINARY LOCAL CLIMATOLOGICAL DATA (WS FORM: F-6)

                                          STATION:   MEDICINE LODGE KS
                                          MONTH:     MARCH
                                          YEAR:      2014
                                          LATITUDE:   37 17 N
                                          LONGITUDE:  98 35 W

  TEMPERATURE IN F:       :PCPN:    SNOW:  WIND      :SUNSHINE: SKY     :PK WND
================================================================================
1   2   3   4   5  6A  6B    7    8   9   10  11  12  13   14  15   16   17  18
                                     12Z  AVG MX 2MIN
DY MAX MIN AVG DEP HDD CDD  WTR  SNW DPTH SPD SPD DIR MIN PSBL S-S WX    SPD DR
================================================================================

 1  38   9  24 -18  41   0 0.00  0.0    0 16.7 28  10   M    M   0        35  20
 2   9   4   7 -35  58   0 0.31  4.0    T 17.9 28  10   M    M   0        36  20
 3  16  -7   5 -38  60   0 0.00  0.0    4  5.9 18 360   M    M   0        22 360
 4  37   5  21 -22  44   0 0.00  0.0    M  6.8 13 160   M    M   0        19 150
 5  37  25  31 -12  34   0 0.01  0.0    M  9.3 21  20   M    M   0        26  20
 6  47  29  38  -6  27   0 0.00  0.0    M  7.5 17 160   M    M   0        23 170
 7  60  33  47   3  18   0 0.00  0.0    0 13.7 32  20   M    M   0        42  20
 8  43  23  33 -11  32   0 0.00  0.0    0 13.9 35  10   M    M   0        43  10
 9  66  18  42  -3  23   0 0.00  0.0    0  7.6 20 220   M    M   0        24 200
10  79  25  52   7  13   0 0.00  0.0    0  6.0 14 180   M    M   0        18 220
11  66  37  52   7  13   0 0.00  0.0    0 20.0 44  10   M    M   0        62  10
12  58  31  45  -1  20   0 0.00  0.0    0 10.7 24 340   M    M   0        31 330
13  71  25  48   2  17   0 0.00  0.0    0  9.9 29 200   M    M   0        38 200
14  68  35  52   6  13   0 0.00  0.0    0  9.3 25  40   M    M   0        33  10
15  70  28  49   3  16   0 0.00  0.0    0 10.4 44  10   M    M   0        55  10
16  48  25  37 -10  28   0 0.00  0.0    0 19.1 38  10   M    M   0        52 360
17  63  20  42  -5  23   0 0.00  0.0    0 10.5 24 170   M    M   0        32 180
18  67  37  52   5  13   0 0.00  0.0    0 17.3 32 320   M    M   0        45 310
19  60  29  45  -3  20   0 0.00  0.0    0  9.2 30 350   M    M   0        39 340
20  74  30  52   4  13   0 0.00  0.0    0  8.0 24 220   M    M   0        33 220
21  65  39  52   4  13   0 0.00  0.0    0 14.5 31  10   M    M   0        38  20
22  52  29  41  -8  24   0 0.00  0.0    0 17.0 30  20   M    M   0        39  10
23  45  22  34 -15  31   0 0.00  0.0    0  8.1 22  20   M    M   0        26  20
24  55  28  42  -7  23   0 0.00  0.0    0  8.5 22  20   M    M   0        30  30
25  51  21  36 -13  29   0 0.00  0.0    0  6.9 17  30   M    M   0        23  30
26  48  32  40 -10  25   0 0.17  0.0    0 14.1 26 180   M    M   0        37 180
27  70  42  56   6   9   0 0.00  0.0    0 18.2 33 190   M    M   0        43 190
28  62  33  48  -2  17   0 0.00  0.0    0  9.0 24 360   M    M   0        30 350
29  67  30  49  -2  16   0 0.00  0.0    0  7.3 16 180   M    M   0        21 180
30  77  45  61  10   4   0 0.00  0.0    0 17.5 33 190   M    M   0        41 180
31  73  43  58   7   7   0 0.00  0.0    0 17.1 28  20   M    M   0        37 290
================================================================================
SM 1742  825       724   0 0.49  4.0     367.9          M        0
================================================================================
AV 56.2 26.6                              11.9 FASTST   M    M   0      MAX(MPH)
                                 MISC ---->    44  10                     62  10
================================================================================
NOTES:
# LAST OF SEVERAL OCCURRENCES

COLUMN 17 PEAK WIND IN M.P.H.

PRELIMINARY LOCAL CLIMATOLOGICAL DATA (WS FORM: F-6) , PAGE 2

                                          STATION:  MEDICINE LODGE KS
                                          MONTH:    MARCH
                                          YEAR:     2014
                                          LATITUDE:   37 17 N
                                          LONGITUDE:  98 35 W

[TEMPERATURE DATA]      [PRECIPITATION DATA]       SYMBOLS USED IN COLUMN 16

AVERAGE MONTHLY: 41.4   TOTAL FOR MONTH:   0.49    1 = FOG OR MIST
DPTR FM NORMAL:  -5.3   DPTR FM NORMAL:   -1.77    2 = FOG REDUCING VISIBILITY
HIGHEST:    79 ON 10    GRTST 24HR  0.31 ON  2- 2      TO 1/4 MILE OR LESS
LOWEST:     -7 ON  3                               3 = THUNDER
                        SNOW, ICE PELLETS, HAIL    4 = ICE PELLETS
                        TOTAL MONTH:   4.0 INCHES  5 = HAIL
                        GRTST 24HR   4.0 ON  2- 2  6 = FREEZING RAIN OR DRIZZLE
                        GRTST DEPTH:   4 ON  3     7 = DUSTSTORM OR SANDSTORM:
                                                       VSBY 1/2 MILE OR LESS
                                                   8 = SMOKE OR HAZE
[NO. OF DAYS WITH]      [WEATHER - DAYS WITH]      9 = BLOWING SNOW
                                                   X = TORNADO
MAX 32 OR BELOW:   2    0.01 INCH OR MORE:   3
MAX 90 OR ABOVE:   0    0.10 INCH OR MORE:   2
MIN 32 OR BELOW:  22    0.50 INCH OR MORE:   0
MIN  0 OR BELOW:   1    1.00 INCH OR MORE:   0

[HDD (BASE 65) ]
TOTAL THIS MO.   724
DPTR FM NORMAL   156
TOTAL FM JUL 1  4675
DPTR FM NORMAL   578

[CDD (BASE 65) ]
TOTAL THIS MO.     0
DPTR FM NORMAL    -2    [PRESSURE DATA]
TOTAL FM JAN 1     0    HIGHEST SLP 30.62 ON  3
DPTR FM NORMAL    -2    LOWEST  SLP 29.29 ON 18

[REMARKS]
#FINAL-03-14#
