000
CXUS53 KDDC 011559
CF6P28
PRELIMINARY LOCAL CLIMATOLOGICAL DATA (WS FORM: F-6)

                                          STATION:   MEDICINE LODGE KS
                                          MONTH:     MARCH
                                          YEAR:      2017
                                          LATITUDE:   37 17 N
                                          LONGITUDE:  98 35 W

  TEMPERATURE IN F:       :PCPN:    SNOW:  WIND      :SUNSHINE: SKY     :PK WND
================================================================================
1   2   3   4   5  6A  6B    7    8   9   10  11  12  13   14  15   16   17  18
                                     12Z  AVG MX 2MIN
DY MAX MIN AVG DEP HDD CDD  WTR  SNW DPTH SPD SPD DIR MIN PSBL S-S WX    SPD DR
================================================================================

 1  58  26  42   0  23   0 0.00  0.0    0 12.1 25 350   M    M   0        33 340
 2  62  19  41  -1  24   0 0.00  0.0    0  4.7 15 300   M    M   0        19 290
 3  71  27  49   6  16   0 0.00  0.0    0 12.8 29 230   M    M   0        37 200
 4  68  40  54  11  11   0 0.00  0.0    0 17.6 30 180   M    M   0        41 180
 5  72  51  62  19   3   0 0.00  0.0    0 18.4 32 180   M    M   0        41 180
 6  85  45  65  21   0   0 0.00  0.0    0 21.7 44 220   M    M   0        58 230
 7  65  27  46   2  19   0 0.00  0.0    0  7.3 25 260   M    M   0        34 260
 8  75  27  51   7  14   0 0.00  0.0    0  9.2 25 210   M    M   0        32 220
 9  81  37  59  14   6   0 0.00  0.0    0  9.2 25  30   M    M   0        35 360
10  46  28  37  -8  28   0 0.00  0.0    0 12.4 28  30   M    M   0        36  40
11  49  29  39  -6  26   0 0.00  0.0    0 10.7 21  20   M    M   0        26  30
12  40  25  33 -13  32   0 0.00  0.0    0  7.9 23 170   M    M   0        33 180
13  43  25  34 -12  31   0 0.00  0.0    0 14.6 30 360   M    M   0        40 350
14  43  25  34 -12  31   0 0.00  0.0    0  6.6 15  90   M    M   0        19  90
15  54  23  39  -7  26   0 0.00  0.0    0  9.2 21 180   M    M   0        26 170
16  82  35  59  12   6   0 0.00  0.0    0 12.4 25 180   M    M   0        34 190
17  77  46  62  15   3   0 0.00  0.0    0  9.4 24  30   M    M   0        32  20
18  72  39  56   9   9   0 0.00  0.0    0  7.9 16 140   M    M   0        25 120
19  93  50  72  24   0   7 0.00  0.0    0 12.6 28 180   M    M   0        36 190
20  85  48  67  19   0   2 0.00  0.0    0 10.1 20  40   M    M   0        26  40
21  67  52  60  12   5   0 0.00  0.0    0 17.5 28  30   M    M   0        36  20
22  57  46  52   3  13   0 0.00  0.0    0  9.8 24  60   M    M   0        31  60
23  82  54  68  19   0   3 0.00  0.0    0 16.6 31 180   M    M   0        45 160
24  74  44  59  10   6   0 0.00  0.0    0 15.7 30 350   M    M   0        40 350
25  58  37  48  -1  17   0 0.00  0.0    0 12.7 29 340   M    M   0        39 350
26  65  36  51   1  14   0 0.28  0.0    0 10.6 26  20   M    M   0        33  20
27  67  47  57   7   8   0 0.00  0.0    0  9.6 17 350   M    M   0        22 350
28  54  42  48  -2  17   0 1.48  0.0    0 12.5 30  50   M    M   0        38  50
29  51  42  47  -4  18   0 0.47  0.0    0 17.8 30  10   M    M   0        39  10
30  56  39  48  -3  17   0 0.00  0.0    0 13.5 24 340   M    M   0        35 340
31  54  34  44  -7  21   0 0.00  0.0    0 10.0 18  50   M    M   0        23  40
================================================================================
SM 2006 1145       444  12 2.23  0.0     373.1          M        0
================================================================================
AV 64.7 36.9                              12.0 FASTST   M    M   0      MAX(MPH)
                                 MISC ---->    44 220                     58 230
================================================================================
NOTES:
# LAST OF SEVERAL OCCURRENCES

COLUMN 17 PEAK WIND IN M.P.H.

PRELIMINARY LOCAL CLIMATOLOGICAL DATA (WS FORM: F-6) , PAGE 2

                                          STATION:  MEDICINE LODGE KS
                                          MONTH:    MARCH
                                          YEAR:     2017
                                          LATITUDE:   37 17 N
                                          LONGITUDE:  98 35 W

[TEMPERATURE DATA]      [PRECIPITATION DATA]       SYMBOLS USED IN COLUMN 16

AVERAGE MONTHLY: 50.8   TOTAL FOR MONTH:   2.23    1 = FOG OR MIST
DPTR FM NORMAL:   4.1   DPTR FM NORMAL:   -0.03    2 = FOG REDUCING VISIBILITY
HIGHEST:    93 ON 19    GRTST 24HR  1.48 ON 28-28      TO 1/4 MILE OR LESS
LOWEST:     19 ON  2                               3 = THUNDER
                        SNOW, ICE PELLETS, HAIL    4 = ICE PELLETS
                        TOTAL MONTH:   0.0 INCH    5 = HAIL
                        GRTST 24HR     0.0         6 = FREEZING RAIN OR DRIZZLE
                        GRTST DEPTH:   0           7 = DUSTSTORM OR SANDSTORM:
                                                       VSBY 1/2 MILE OR LESS
                                                   8 = SMOKE OR HAZE
[NO. OF DAYS WITH]      [WEATHER - DAYS WITH]      9 = BLOWING SNOW
                                                   X = TORNADO
MAX 32 OR BELOW:   0    0.01 INCH OR MORE:   3
MAX 90 OR ABOVE:   1    0.10 INCH OR MORE:   3
MIN 32 OR BELOW:  11    0.50 INCH OR MORE:   1
MIN  0 OR BELOW:   0    1.00 INCH OR MORE:   1

[HDD (BASE 65) ]
TOTAL THIS MO.   444
DPTR FM NORMAL  -124
TOTAL FM JUL 1  3445
DPTR FM NORMAL  -652

[CDD (BASE 65) ]
TOTAL THIS MO.    12
DPTR FM NORMAL    10    [PRESSURE DATA]
TOTAL FM JAN 1    12    HIGHEST SLP 30.50 ON 11
DPTR FM NORMAL    10    LOWEST  SLP 29.37 ON  6

[REMARKS]
#FINAL-03-17#
