000
CXUS53 KDDC 021624
CF6P28
PRELIMINARY LOCAL CLIMATOLOGICAL DATA (WS FORM: F-6)

                                          STATION:   MEDICINE LODGE KS
                                          MONTH:     APRIL
                                          YEAR:      2015
                                          LATITUDE:   37 17 N
                                          LONGITUDE:  98 35 W

  TEMPERATURE IN F:       :PCPN:    SNOW:  WIND      :SUNSHINE: SKY     :PK WND
================================================================================
1   2   3   4   5  6A  6B    7    8   9   10  11  12  13   14  15   16   17  18
                                     12Z  AVG MX 2MIN
DY MAX MIN AVG DEP HDD CDD  WTR  SNW DPTH SPD SPD DIR MIN PSBL S-S WX    SPD DR
================================================================================

 1  88  54  71  19   0   6 0.03  0.0    0 14.8 30 180   M    M   0        38 170
 2  78  53  66  14   0   1 0.00  0.0    0 12.6 29  10   M    M   0        39  10
 3  61  31  46  -6  19   0 0.00  0.0    0 19.1 44  10   M    M   0        54  10
 4  64  24  44  -8  21   0 0.00  0.0    0  8.6 22 190   M    M   0        30 180
 5  74  45  60   7   5   0 0.00  0.0    0 13.3 25 190   M    M   0        34 180
 6  93  55  74  21   0   9 0.00  0.0    0 13.0 24 210   M    M   0        34 190
 7  86  50  68  15   0   3 0.00  0.0    0  8.3 20  60   M    M   0        25  60
 8  83  51  67  13   0   2 0.39  0.0    0  8.6 23 180   M    M   0        33 190
 9  68  40  54   0  11   0 0.00  0.0    0 17.3 31 340   M    M   0        39 340
10  69  33  51  -3  14   0 0.01  0.0    0  5.4 12 200   M    M   0        15 210
11  64  49  57   3   8   0 0.04  0.0    0 10.4 24 180   M    M   0        31 190
12  81  55  68  13   0   3 0.71  0.0    0 11.5 24 330   M    M   0        36 330
13  64  50  57   2   8   0 0.04  0.0    0 13.6 26  50   M    M   0        34  50
14  68  46  57   1   8   0 0.00  0.0    0  4.9 14  90   M    M   0        18  70
15  70  51  61   5   4   0 0.00  0.0    0  8.6 21 180   M    M   0        29 170
16  77  52  65   9   0   0 1.28  0.0    0  9.2 23  20   M    M   0        29  30
17  75  56  66  10   0   1 0.45  0.0    0  7.8 17  80   M    M   0        24  70
18  73  55  64   7   1   0 0.26  0.0    0  6.9 25 190   M    M   0        40 180
19  65  42  54  -3  11   0 0.00  0.0    0 10.8 37 350   M    M   0        50 360
20  66  36  51  -7  14   0 0.00  0.0    0  6.1 18 320   M    M   0        25 310
21  78  48  63   5   2   0 0.00  0.0    0  5.1 17 240   M    M   0        25 240
22  64  45  55  -3  10   0 0.00  0.0    0 10.4 26  50   M    M   0        37  40
23  68  51  60   1   5   0 0.01  0.0    0  9.7 17 140   M    M   0        26 130
24  82  57  70  11   0   5 0.01  0.0    0 14.1 30 190   M    M   0        39 190
25  81  52  67   8   0   2 0.00  0.0    0 10.4 20  60   M    M   0        25  60
26  58  49  54  -6  11   0 0.00  0.0    0 13.6 23  30   M    M   0        29  30
27  57  45  51  -9  14   0 0.25  0.0    0 12.3 25  40   M    M   0        32  40
28  70  43  57  -3   8   0 0.00  0.0    0  7.8 18  40   M    M   0        24  10
29  77  40  59  -2   6   0 0.00  0.0    0  5.7 13 350   M    M   0        17 340
30  78  46  62   1   3   0 0.00  0.0    0  5.2 13 180   M    M   0        18 150
================================================================================
SM 2180 1404       183  32 3.48  0.0     305.1          M        0
================================================================================
AV 72.7 46.8                              10.2 FASTST   M    M   0      MAX(MPH)
                                 MISC ---->    44  10                     54  10
================================================================================
NOTES:
# LAST OF SEVERAL OCCURRENCES

COLUMN 17 PEAK WIND IN M.P.H.

PRELIMINARY LOCAL CLIMATOLOGICAL DATA (WS FORM: F-6) , PAGE 2

                                          STATION:  MEDICINE LODGE KS
                                          MONTH:    APRIL
                                          YEAR:     2015
                                          LATITUDE:   37 17 N
                                          LONGITUDE:  98 35 W

[TEMPERATURE DATA]      [PRECIPITATION DATA]       SYMBOLS USED IN COLUMN 16

AVERAGE MONTHLY: 59.8   TOTAL FOR MONTH:   3.48    1 = FOG OR MIST
DPTR FM NORMAL:   3.7   DPTR FM NORMAL:    1.05    2 = FOG REDUCING VISIBILITY
HIGHEST:    93 ON  6    GRTST 24HR  1.73 ON 16-17      TO 1/4 MILE OR LESS
LOWEST:     24 ON  4                               3 = THUNDER
                        SNOW, ICE PELLETS, HAIL    4 = ICE PELLETS
                        TOTAL MONTH:   0.0 INCH    5 = HAIL
                        GRTST 24HR     0.0         6 = FREEZING RAIN OR DRIZZLE
                        GRTST DEPTH:   0           7 = DUSTSTORM OR SANDSTORM:
                                                       VSBY 1/2 MILE OR LESS
                                                   8 = SMOKE OR HAZE
[NO. OF DAYS WITH]      [WEATHER - DAYS WITH]      9 = BLOWING SNOW
                                                   X = TORNADO
MAX 32 OR BELOW:   0    0.01 INCH OR MORE:  12
MAX 90 OR ABOVE:   1    0.10 INCH OR MORE:   6
MIN 32 OR BELOW:   2    0.50 INCH OR MORE:   2
MIN  0 OR BELOW:   0    1.00 INCH OR MORE:   1

[HDD (BASE 65) ]
TOTAL THIS MO.   183
DPTR FM NORMAL  -105
TOTAL FM JUL 1  4217
DPTR FM NORMAL  -168

[CDD (BASE 65) ]
TOTAL THIS MO.    32
DPTR FM NORMAL    10    [PRESSURE DATA]
TOTAL FM JAN 1    32    HIGHEST SLP 30.44 ON  4
DPTR FM NORMAL     8    LOWEST  SLP 29.39 ON 24

[REMARKS]
#FINAL-04-15#
