279
CXUS53 KDDC 021649
CF6P28
PRELIMINARY LOCAL CLIMATOLOGICAL DATA (WS FORM: F-6)

                                          STATION:   MEDICINE LODGE KS
                                          MONTH:     JANUARY
                                          YEAR:      2018
                                          LATITUDE:   37 17 N
                                          LONGITUDE:  98 35 W

  TEMPERATURE IN F:       :PCPN:    SNOW:  WIND      :SUNSHINE: SKY     :PK WND
================================================================================
1   2   3   4   5  6A  6B    7    8   9   10  11  12  13   14  15   16   17  18
                                     12Z  AVG MX 2MIN
DY MAX MIN AVG DEP HDD CDD  WTR  SNW DPTH SPD SPD DIR MIN PSBL S-S WX    SPD DR
================================================================================

 1  15  -4   6 -27  59   0 0.00  0.0    0  4.4  9  10   M    M   0        14  20
 2  26   9  18 -15  47   0 0.00  0.0    0  3.7  9 170   M    M   0        13 180
 3  42   7  25  -8  40   0 0.00  0.0    0  6.6 17 340   M    M   0        26 350
 4  42  18  30  -3  35   0 0.00  0.0    0  5.9 17 170   M    M   0        22 170
 5  47  16  32  -1  33   0 0.00  0.0    0  5.6 12  30   M    M   0        16  80
 6  40  15  28  -5  37   0 0.00  0.0    0  6.6 12 130   M    M   0        17 130
 7  53  28  41   8  24   0 0.00  0.0    0  8.6 23 360   M    M   0        33 350
 8  54  24  39   6  26   0 0.00  0.0    0  6.5 12 130   M    M   0        16 170
 9  62  34  48  15  17   0 0.00  0.0    0 12.5 23 170   M    M   0        32 170
10  64  41  53  20  12   0 0.00  0.0    0 13.2 21 140   M    M   0        30 150
11  49  14  32  -1  33   0 0.08    T    0 20.3 41 360   M    M   0        60 350
12  25   8  17 -16  48   0 0.00  0.0    0  9.9 18  10   M    M   0        26  20
13  29  16  23 -10  42   0 0.00  0.0    0  7.7 18  10   M    M   0        25 360
14  54  22  38   5  27   0 0.00  0.0    0  4.6 14 320   M    M   0        19 320
15  42   3  23 -10  42   0 0.00  0.0    0 16.0 29  20   M    M   0        41  20
16  21   0  11 -22  54   0 0.00  0.0    0  7.0 18 330   M    M   0        25 320
17  38   0  19 -14  46   0 0.00  0.0    0  7.9 18 180   M    M   0        26 160
18  58  17  38   5  27   0 0.00  0.0    0  7.8 17 200   M    M   0        23 220
19  62  23  43   9  22   0 0.00  0.0    0  9.1 22 180   M    M   0        30 180
20   M  35   M   M   M   M 0.00  0.0    0 10.0 17 180   M    M   0        23 170
21   M  35   M   M   M   M 0.00  0.0    0  8.4 16 250   M    M   0        23 250
22  53  36  45  11  20   0 0.00  0.0    0 21.7 41 330   M    M   0        62 310
23  53  24  39   5  26   0 0.00  0.0    0  8.1 17 330   M    M   0        25 330
24  59  18  39   5  26   0 0.00  0.0    0  7.5 20 200   M    M   0        27 190
25  69  29  49  15  16   0 0.00  0.0    0 13.9 29 190   M    M   0        41 180
26  67  38  53  19  12   0 0.00  0.0    0 16.4 29 190   M    M   0        38 190
27  59  22  41   7  24   0 0.00  0.0    0  5.6 14  10   M    M   0        21 340
28  60  20  40   6  25   0 0.00  0.0    0  9.2 23  10   M    M   0        33 360
29  41  17  29  -6  36   0 0.00  0.0    0  6.6 17  10   M    M   0        23 350
30  61  25  43   8  22   0 0.00  0.0    0 13.4 28 180   M    M   0        41 190
31  57  30  44   9  21   0 0.00  0.0    0 11.7 23  10   M    M   0        37  40
================================================================================
SM 1402  620       899   0 0.08    T     296.4          M        0
================================================================================
AV 48.3 20.0                               9.6 FASTST   M    M   0      MAX(MPH)
                                 MISC ---->    41 360                     62 310
================================================================================
NOTES:
# LAST OF SEVERAL OCCURRENCES

COLUMN 17 PEAK WIND IN M.P.H.

PRELIMINARY LOCAL CLIMATOLOGICAL DATA (WS FORM: F-6) , PAGE 2

                                          STATION:  MEDICINE LODGE KS
                                          MONTH:    JANUARY
                                          YEAR:     2018
                                          LATITUDE:   37 17 N
                                          LONGITUDE:  98 35 W

[TEMPERATURE DATA]      [PRECIPITATION DATA]       SYMBOLS USED IN COLUMN 16

AVERAGE MONTHLY: 34.2   TOTAL FOR MONTH:   0.08    1 = FOG OR MIST
DPTR FM NORMAL:   0.8   DPTR FM NORMAL:   -0.63    2 = FOG REDUCING VISIBILITY
HIGHEST:    69 ON 25    GRTST 24HR  0.08 ON 11-11      TO 1/4 MILE OR LESS
LOWEST:     -4 ON  1                               3 = THUNDER
                        SNOW, ICE PELLETS, HAIL    4 = ICE PELLETS
                        TOTAL MONTH:    T          5 = HAIL
                        GRTST 24HR    T  ON 11-11  6 = FREEZING RAIN OR DRIZZLE
                        GRTST DEPTH:   0           7 = DUSTSTORM OR SANDSTORM:
                                                       VSBY 1/2 MILE OR LESS
                                                   8 = SMOKE OR HAZE
[NO. OF DAYS WITH]      [WEATHER - DAYS WITH]      9 = BLOWING SNOW
                                                   X = TORNADO
MAX 32 OR BELOW:   5    0.01 INCH OR MORE:   1
MAX 90 OR ABOVE:   0    0.10 INCH OR MORE:   0
MIN 32 OR BELOW:  25    0.50 INCH OR MORE:   0
MIN  0 OR BELOW:   3    1.00 INCH OR MORE:   0

[HDD (BASE 65) ]
TOTAL THIS MO.   899
DPTR FM NORMAL   -79
TOTAL FM JUL 1  2561
DPTR FM NORMAL  -216

[CDD (BASE 65) ]
TOTAL THIS MO.     0
DPTR FM NORMAL     0    [PRESSURE DATA]
TOTAL FM JAN 1     0    HIGHEST SLP 30.95 ON  1
DPTR FM NORMAL     0    LOWEST  SLP 29.44 ON 10

[REMARKS]
#FINAL-01-18#
