000
CXUS53 KDDC 031615
CF6P28
PRELIMINARY LOCAL CLIMATOLOGICAL DATA (WS FORM: F-6)

                                          STATION:   MEDICINE LODGE KS
                                          MONTH:     JANUARY
                                          YEAR:      2016
                                          LATITUDE:   37 17 N
                                          LONGITUDE:  98 35 W

  TEMPERATURE IN F:       :PCPN:    SNOW:  WIND      :SUNSHINE: SKY     :PK WND
================================================================================
1   2   3   4   5  6A  6B    7    8   9   10  11  12  13   14  15   16   17  18
                                     12Z  AVG MX 2MIN
DY MAX MIN AVG DEP HDD CDD  WTR  SNW DPTH SPD SPD DIR MIN PSBL S-S WX    SPD DR
================================================================================

 1  46  19  33   0  32   0 0.00  0.0    0  5.8 15 320   M    M   0        22 300
 2  52  19  36   3  29   0 0.00  0.0    0  4.8 10 290   M    M   0        15 290
 3  49  21  35   2  30   0 0.00  0.0    0  6.7 17 360   M    M   0        21 360
 4  40  19  30  -3  35   0 0.00  0.0    0  5.1 12 130   M    M   0        16 110
 5  39  21  30  -3  35   0 0.03  0.0    0  9.5 21 170   M    M   0        26 180
 6  42  33  38   5  27   0 0.01  0.0    0 10.6 20 160   M    M   0        27 160
 7  44  36  40   7  25   0 0.46  0.0    0  6.8 15 330   M    M   0        22 320
 8  37  32  35   2  30   0 0.00  0.0    0 13.0 22  10   M    M   0        30 360
 9  32  16  24  -9  41   0 0.00  0.0    0 14.6 26 360   M    M   0        34 360
10  31   9  20 -13  45   0 0.00  0.0    0  6.5 13 170   M    M   0        18 200
11  51  18  35   2  30   0 0.00  0.0    0  5.5 20 310   M    M   0        26 340
12  45  22  34   1  31   0 0.00  0.0    0  5.2 10  80   M    M   0        12 140
13  56  21  39   6  26   0 0.00  0.0    0  4.5 10 170   M    M   0        13 180
14  60  24  42   9  23   0 0.00  0.0    0  3.4 10 180   M    M   0        14 170
15  48  31  40   7  25   0 0.00  0.0    0  8.1 16 350   M    M   0        22  10
16  43  26  35   2  30   0 0.00  0.0    0  3.3  9 170   M    M   0        12 160
17  28  16  22 -11  43   0 0.00  0.0    0 10.5 24  20   M    M   0        30  20
18  28  16  22 -11  43   0 0.00  0.0    0  7.4 16 170   M    M   0        21 160
19  29  22  26  -8  39   0 0.00  0.0    0  9.1 16 350   M    M   0        21  10
20  28  14  21 -13  44   0 0.01    T    0  7.0 17 130   M    M   0        22 130
21  33  28  31  -3  34   0 0.00  0.0    0 11.4 24 360   M    M   0        33 340
22  30  25  28  -6  37   0 0.00  0.0    0 10.1 21 360   M    M   0        27  10
23  39  23  31  -3  34   0 0.00  0.0    0  8.2 16 170   M    M   0        21 190
24  57  28  43   9  22   0 0.00  0.0    0  8.6 18 190   M    M   0        23 190
25  47  24  36   2  29   0 0.00  0.0    0 12.0 28 330   M    M   0        41 320
26  50  20  35   1  30   0 0.00  0.0    0  5.0 16 330   M    M   0        22 330
27  59  18  39   5  26   0 0.00  0.0    0  4.7 14 360   M    M   0        16 360
28  67  26  47  13  18   0 0.00  0.0    0  8.0 22 330   M    M   0        29 330
29  67  27  47  12  18   0 0.00  0.0    0  5.5 16 320   M    M   0        21 180
30  64  28  46  11  19   0 0.00  0.0    0  6.8 21 170   M    M   0        26 160
31  58  36  47  12  18   0 0.00  0.0    0 12.1 24 340   M    M   0        35 350
================================================================================
SM 1399  718       948   0 0.51    T     239.8          M        0
================================================================================
AV 45.1 23.2                               7.7 FASTST   M    M   0      MAX(MPH)
                                 MISC ---->    28 330                     41 320
================================================================================
NOTES:
# LAST OF SEVERAL OCCURRENCES

COLUMN 17 PEAK WIND IN M.P.H.

PRELIMINARY LOCAL CLIMATOLOGICAL DATA (WS FORM: F-6) , PAGE 2

                                          STATION:  MEDICINE LODGE KS
                                          MONTH:    JANUARY
                                          YEAR:     2016
                                          LATITUDE:   37 17 N
                                          LONGITUDE:  98 35 W

[TEMPERATURE DATA]      [PRECIPITATION DATA]       SYMBOLS USED IN COLUMN 16

AVERAGE MONTHLY: 34.1   TOTAL FOR MONTH:   0.51    1 = FOG OR MIST
DPTR FM NORMAL:   0.7   DPTR FM NORMAL:   -0.20    2 = FOG REDUCING VISIBILITY
HIGHEST:    67 ON 29,28 GRTST 24HR  0.46 ON  6- 7      TO 1/4 MILE OR LESS
LOWEST:      9 ON 10                               3 = THUNDER
                        SNOW, ICE PELLETS, HAIL    4 = ICE PELLETS
                        TOTAL MONTH:    T          5 = HAIL
                        GRTST 24HR    T  ON 20-20  6 = FREEZING RAIN OR DRIZZLE
                        GRTST DEPTH:   0           7 = DUSTSTORM OR SANDSTORM:
                                                       VSBY 1/2 MILE OR LESS
                                                   8 = SMOKE OR HAZE
[NO. OF DAYS WITH]      [WEATHER - DAYS WITH]      9 = BLOWING SNOW
                                                   X = TORNADO
MAX 32 OR BELOW:   7    0.01 INCH OR MORE:   4
MAX 90 OR ABOVE:   0    0.10 INCH OR MORE:   1
MIN 32 OR BELOW:  28    0.50 INCH OR MORE:   0
MIN  0 OR BELOW:   0    1.00 INCH OR MORE:   0

[HDD (BASE 65) ]
TOTAL THIS MO.   948
DPTR FM NORMAL   -30
TOTAL FM JUL 1  2283
DPTR FM NORMAL  -494

[CDD (BASE 65) ]
TOTAL THIS MO.     0
DPTR FM NORMAL     0    [PRESSURE DATA]
TOTAL FM JAN 1     0    HIGHEST SLP 30.62 ON  1
DPTR FM NORMAL     0    LOWEST  SLP 29.38 ON 30

[REMARKS]
#FINAL-01-16#
