000
CXUS53 KDDC 011341
CF6P28
PRELIMINARY LOCAL CLIMATOLOGICAL DATA (WS FORM: F-6)

                                          STATION:   MEDICINE LODGE KS
                                          MONTH:     AUGUST
                                          YEAR:      2017
                                          LATITUDE:   37 17 N
                                          LONGITUDE:  98 35 W

  TEMPERATURE IN F:       :PCPN:    SNOW:  WIND      :SUNSHINE: SKY     :PK WND
================================================================================
1   2   3   4   5  6A  6B    7    8   9   10  11  12  13   14  15   16   17  18
                                     12Z  AVG MX 2MIN
DY MAX MIN AVG DEP HDD CDD  WTR  SNW DPTH SPD SPD DIR MIN PSBL S-S WX    SPD DR
================================================================================

 1  83  66  75  -7   0  10 0.01  0.0    0  3.4  9 130   M    M   0        13  80
 2  91  62  77  -5   0  12 0.00  0.0    0  4.0 14  40   M    M   0        21  30
 3  94  62  78  -4   0  13 0.00  0.0    0  8.1 22  20   M    M   0        31  40
 4  85  65  75  -7   0  10 0.00  0.0    0  8.3 15 130   M    M   0        22 160
 5 101  65  83   1   0  18 0.22  0.0    0 14.2 30 170   M    M   0        42 170
 6  82  67  75  -7   0  10 0.00  0.0    0  9.5 21  20   M    M   0        24  10
 7  77  62  70 -12   0   5 0.00  0.0    0  8.0 17  50   M    M   0        22  50
 8  84  58  71 -11   0   6 0.00  0.0    0  5.1 12  80   M    M   0        16  70
 9  85  67  76  -6   0  11 2.57  0.0    0  9.1 40 230   M    M   0        58 210
10  86  66  76  -6   0  11 0.12  0.0    0  5.0 20  30   M    M   0        26  30
11  86  67  77  -4   0  12 0.34  0.0    0  8.8 17  10   M    M   0        22 360
12  76  65  71 -10   0   6 0.05  0.0    0  5.3 12 160   M    M   0        16 150
13  82  63  73  -8   0   8 0.00  0.0    0  4.7 13 210   M    M   0        16 210
14  90  68  79  -2   0  14 0.00  0.0    0  4.9 12 190   M    M   0        16 180
15  88  69  79  -2   0  14 0.05  0.0    0  7.7 21 180   M    M   0        26 170
16  89  67  78  -3   0  13 0.03  0.0    0  7.1 20  10   M    M   0        24  10
17  88  61  75  -5   0  10 0.00  0.0    0  5.0 17 160   M    M   0        27 170
18  96  68  82   2   0  17 0.00  0.0    0  6.0 17 340   M    M   0        23 300
19  98  68  83   3   0  18 0.13  0.0    0  5.2 40 190   M    M   0        58 180
20  96  71  84   4   0  19 0.00  0.0    0  8.3 20 190   M    M   0        28 180
21  89  69  79  -1   0  14 0.09  0.0    0  8.2 20 250   M    M   0        26 280
22  87  64  76  -3   0  11 0.00  0.0    0 11.7 24  50   M    M   0        30  10
23  86  56  71  -8   0   6 0.00  0.0    0  4.4 12  80   M    M   0        15  80
24  86  54  70  -9   0   5 0.00  0.0    0  5.9 12 130   M    M   0        16 180
25  81  67  74  -5   0   9 0.00  0.0    0  7.8 17 170   M    M   0        26 190
26  88  68  78   0   0  13 0.00  0.0    0  6.3 15 190   M    M   0        18 140
27  91  63  77  -1   0  12 0.00  0.0    0  4.4 24  40   M    M   0        33  40
28  89  60  75  -3   0  10 0.00  0.0    0  8.0 21  20   M    M   0        27  10
29  87  53  70  -8   0   5 0.00  0.0    0  5.1 10  10   M    M   0        16  40
30  86  53  70  -7   0   5 0.00  0.0    0  5.6 15  70   M    M   0        20  30
31  86  56  71  -6   0   6 0.00  0.0    0  5.8 13  60   M    M   0        18  50
================================================================================
SM 2713 1970         0 333 3.61  0.0     210.9          M        0
================================================================================
AV 87.5 63.5                               6.8 FASTST   M    M   0      MAX(MPH)
                                 MISC ---->    40 230                     58 210
================================================================================
NOTES:
# LAST OF SEVERAL OCCURRENCES

COLUMN 17 PEAK WIND IN M.P.H.

PRELIMINARY LOCAL CLIMATOLOGICAL DATA (WS FORM: F-6) , PAGE 2

                                          STATION:  MEDICINE LODGE KS
                                          MONTH:    AUGUST
                                          YEAR:     2017
                                          LATITUDE:   37 17 N
                                          LONGITUDE:  98 35 W

[TEMPERATURE DATA]      [PRECIPITATION DATA]       SYMBOLS USED IN COLUMN 16

AVERAGE MONTHLY: 75.5   TOTAL FOR MONTH:   3.61    1 = FOG OR MIST
DPTR FM NORMAL:  -4.8   DPTR FM NORMAL:    0.49    2 = FOG REDUCING VISIBILITY
HIGHEST:   101 ON  5    GRTST 24HR  2.57 ON  9- 9      TO 1/4 MILE OR LESS
LOWEST:     53 ON 30,29                            3 = THUNDER
                        SNOW, ICE PELLETS, HAIL    4 = ICE PELLETS
                        TOTAL MONTH:   0.0 INCH    5 = HAIL
                        GRTST 24HR     0.0         6 = FREEZING RAIN OR DRIZZLE
                        GRTST DEPTH:   0           7 = DUSTSTORM OR SANDSTORM:
                                                       VSBY 1/2 MILE OR LESS
                                                   8 = SMOKE OR HAZE
[NO. OF DAYS WITH]      [WEATHER - DAYS WITH]      9 = BLOWING SNOW
                                                   X = TORNADO
MAX 32 OR BELOW:   0    0.01 INCH OR MORE:  10
MAX 90 OR ABOVE:   8    0.10 INCH OR MORE:   5
MIN 32 OR BELOW:   0    0.50 INCH OR MORE:   1
MIN  0 OR BELOW:   0    1.00 INCH OR MORE:   1

[HDD (BASE 65) ]
TOTAL THIS MO.     0
DPTR FM NORMAL     0
TOTAL FM JUL 1     0
DPTR FM NORMAL     0

[CDD (BASE 65) ]
TOTAL THIS MO.   333
DPTR FM NORMAL  -141    [PRESSURE DATA]
TOTAL FM JAN 1  1359    HIGHEST SLP 30.18 ON  8
DPTR FM NORMAL  -152    LOWEST  SLP 29.62 ON  5

[REMARKS]
#FINAL-08-17#
