000
CXUS53 KDDC 011448
CF6P28
PRELIMINARY LOCAL CLIMATOLOGICAL DATA (WS FORM: F-6)

                                          STATION:   MEDICINE LODGE KS
                                          MONTH:     FEBRUARY
                                          YEAR:      2013
                                          LATITUDE:   37 17 N
                                          LONGITUDE:  98 35 W

  TEMPERATURE IN F:       :PCPN:    SNOW:  WIND      :SUNSHINE: SKY     :PK WND
================================================================================
1   2   3   4   5  6A  6B    7    8   9   10  11  12  13   14  15   16   17  18
                                     12Z  AVG MX 2MIN
DY MAX MIN AVG DEP HDD CDD  WTR  SNW DPTH SPD SPD DIR MIN PSBL S-S WX    SPD DR
================================================================================

 1  39  12  26  -9  39   0 0.00  0.0    0  6.0 20 180   M    M   0        23 170
 2  59  19  39   4  26   0 0.00  0.0    0  7.0 21 340   M    M   0        27 320
 3  58  25  42   7  23   0 0.00  0.0    0  8.4 22 190   M    M   0        28 180
 4  59  31  45   9  20   0 0.00  0.0    0  6.7 22  10   M    M   0        28  10
 5  66  21  44   8  21   0 0.00  0.0    0  5.7 16  20   M    M   0        20 360
 6  60  33  47  11  18   0 0.00  0.0    0  9.2 16 150   M    M   0        26 160
 7  56  35  46  10  19   0 0.04  0.0    0 12.1 26  10   M    M   0        34  10
 8  49  22  36   0  29   0 0.00  0.0    0  6.5 15 130   M    M   0        20 130
 9  44  31  38   1  27   0 0.14  0.0    0 11.0 22 160   M    M   0        32 160
10  51  30  41   4  24   0 0.00  0.0    0 15.2 31 310   M    M   0        41 310
11  48  24  36  -1  29   0 0.00  0.0    0  6.2 17 360   M    M   0        22  10
12  37  28  33  -4  32   0 0.06    T    0  3.8 10  60   M    M   0        13  90
13  57  21  39   1  26   0 0.00  0.0    0  7.0 18 240   M    M   0        24 280
14  49  29  39   1  26   0 0.00  0.0    0  9.3 21 360   M    M   0        27 360
15  42  20  31  -7  34   0 0.01  0.0    0  9.4 24  10   M    M   0        32  10
16  57  14  36  -2  29   0 0.00  0.0    0  6.3 18 180   M    M   0        24 200
17  69  24  47   8  18   0 0.00  0.0    0  8.9 24 170   M    M   0        32 160
18  56  27  42   3  23   0 0.00  0.0    0 15.9 36 340   M    M   0        49 350
19  48  18  33  -6  32   0 0.00  0.0    0  6.2 14 100   M    M   0        19  90
20  36  26  31  -9  34   0 0.86  5.0    2 12.1 20 130   M    M   0        28 120
21  28  12  20 -20  45   0 1.10 10.0   13 13.5 24  40   M    M   0        28  40
22  26   3  15 -25  50   0 0.00  0.0   15  7.0 16 330   M    M   0        21 320
23  31   1  16 -24  49   0 0.00  0.0    M  4.6 12 180   M    M   0        14 180
24  42  23  33  -8  32   0 0.05  0.5    M 10.9 24  10   M    M   0        30 360
25  34  29  32  -9  33   0 0.72  7.9    M 25.6 37  20   M    M   0        45  20
26  35  21  28 -13  37   0 0.01  0.1    M 12.1 25 360   M    M   0        34 360
27  38  19  29 -13  36   0 0.00  0.0    M 11.6 28 350   M    M   0        36 350
28  37  19  28 -14  37   0 0.00  0.0    M  7.3 20 340   M    M   0        25 330
================================================================================
SM 1311  617       848   0 2.99  23.5    265.5          M        0
================================================================================
AV 46.8 22.0                               9.5 FASTST   M    M   0      MAX(MPH)
                                 MISC ---->    37  20                     49 350
================================================================================
NOTES:
# LAST OF SEVERAL OCCURRENCES

COLUMN 17 PEAK WIND IN M.P.H.

PRELIMINARY LOCAL CLIMATOLOGICAL DATA (WS FORM: F-6) , PAGE 2

                                          STATION:  MEDICINE LODGE KS
                                          MONTH:    FEBRUARY
                                          YEAR:     2013
                                          LATITUDE:   37 17 N
                                          LONGITUDE:  98 35 W

[TEMPERATURE DATA]      [PRECIPITATION DATA]       SYMBOLS USED IN COLUMN 16

AVERAGE MONTHLY: 34.4   TOTAL FOR MONTH:   2.99    1 = FOG OR MIST
DPTR FM NORMAL:  -3.8   DPTR FM NORMAL:    1.95    2 = FOG REDUCING VISIBILITY
HIGHEST:    69 ON 17    GRTST 24HR  1.61 ON 20-21      TO 1/4 MILE OR LESS
LOWEST:      1 ON 23                               3 = THUNDER
                        SNOW, ICE PELLETS, HAIL    4 = ICE PELLETS
                        TOTAL MONTH:  23.5 INCHES  5 = HAIL
                        GRTST 24HR  10.0 ON 21-21  6 = FREEZING RAIN OR DRIZZLE
                        GRTST DEPTH:  15 ON 22     7 = DUSTSTORM OR SANDSTORM:
                                                       VSBY 1/2 MILE OR LESS
                                                   8 = SMOKE OR HAZE
[NO. OF DAYS WITH]      [WEATHER - DAYS WITH]      9 = BLOWING SNOW
                                                   X = TORNADO
MAX 32 OR BELOW:   3    0.01 INCH OR MORE:   9
MAX 90 OR ABOVE:   0    0.10 INCH OR MORE:   4
MIN 32 OR BELOW:  26    0.50 INCH OR MORE:   3
MIN  0 OR BELOW:   0    1.00 INCH OR MORE:   1

[HDD (BASE 65) ]
TOTAL THIS MO.   848
DPTR FM NORMAL    96
TOTAL FM JUL 1  3286
DPTR FM NORMAL  -243

[CDD (BASE 65) ]
TOTAL THIS MO.     0
DPTR FM NORMAL     0    [PRESSURE DATA]
TOTAL FM JAN 1     0    HIGHEST SLP 30.48 ON 15
DPTR FM NORMAL     0    LOWEST  SLP 29.43 ON 18

[REMARKS]
#FINAL-02-13#
