000
CXUS53 KDDC 311200
CF6P28
PRELIMINARY LOCAL CLIMATOLOGICAL DATA (WS FORM: F-6)

                                          STATION:   MEDICINE LODGE KS
                                          MONTH:     DECEMBER
                                          YEAR:      2012
                                          LATITUDE:   37 17 N
                                          LONGITUDE:  98 35 W

  TEMPERATURE IN F:       :PCPN:    SNOW:  WIND      :SUNSHINE: SKY     :PK WND
================================================================================
1   2   3   4   5  6A  6B    7    8   9   10  11  12  13   14  15   16   17  18
                                     12Z  AVG MX 2MIN
DY MAX MIN AVG DEP HDD CDD  WTR  SNW DPTH SPD SPD DIR MIN PSBL S-S WX    SPD DR
================================================================================

 1  61  40  51  13  14   0 0.00  0.0    0  6.5 13 330   M    M   0        16 320
 2  69  33  51  13  14   0 0.00  0.0    0  5.9 15 170   M    M   0        20 170
 3  67  50  59  21   6   0 0.00  0.0    0 13.5 26  20   M    M   0        34 360
 4  64  32  48  11  17   0 0.00  0.0    0  4.7 10  10   M    M   0        14  10
 5  60  27  44   7  21   0 0.00  0.0    0  7.7 18 170   M    M   0        26 180
 6  57  39  48  11  17   0 0.00  0.0    0  8.2 15  30   M    M   0        19  20
 7  56  33  45   9  20   0 0.00  0.0    0  5.8 14  10   M    M   0        18  10
 8  44  27  36   0  29   0 0.00  0.0    0  5.7 12 140   M    M   0        16 150
 9  45  22  34  -2  31   0 0.00  0.0    0 17.6 29 340   M    M   0        38 340
10  38   9  24 -12  41   0 0.00  0.0    0  8.0 23 340   M    M   0        31 330
11  50  13  32  -3  33   0 0.00  0.0    0  3.3 12 180   M    M   0        14 180
12  55  21  38   3  27   0 0.00  0.0    0   M  28 190   M    M   0        35 190
13  63  32  48  13  17   0 0.00  0.0    0  9.7 18 180   M    M   0        23 180
14  55  38  47  13  18   0 0.18  0.0    0 11.7 23 140   M    M   0        32 180
15  62  36  49  15  16   0 0.00  0.0    0  8.5 22 220   M    M   0        31 270
16  48  34  41   7  24   0 0.00  0.0    0  6.7 18  20   M    M   0        23  30
17  56  30  43   9  22   0 0.00  0.0    0  7.3 17 220   M    M   0        22 220
18  62  25  44  10  21   0 0.00  0.0    0  7.4 21 350   M    M   0        26 350
19  53  31  42   8  23   0 0.00  0.0    0 11.9 38 340   M    M   0        53 330
20  42  21  32  -2  33   0 0.00  0.0    0 16.3 36 330   M    M   0        53 320
21  55  15  35   2  30   0 0.00  0.0    0  3.3 10 110   M    M   0        15 110
22  61  20  41   8  24   0 0.00  0.0    0  4.2 12 220   M    M   0        15 200
23  41  20  31  -2  34   0 0.00  0.0    0  9.4 16 350   M    M   0        20 360
24  35  20  28  -5  37   0 0.00  0.0    0 10.5 23  50   M    M   0        28  50
25  23  14  19 -14  46   0 0.01    T    0 20.8 31  10   M    M   0        39  10
26  29   8  19 -14  46   0 0.00  0.0    T  7.1 18 340   M    M   0        23 340
27  32  17  25  -8  40   0 0.00  0.0    0  8.9 17 190   M    M   0        26 150
28  31  13  22 -11  43   0 0.00  0.0    0 11.5 21 350   M    M   0        26 330
29  49  10  30  -3  35   0 0.00  0.0    0  5.6 13 270   M    M   0        17 280
30  45  22  34   1  31   0 0.00  0.0    0 11.6 28 190   M    M   0        37 190
================================================================================
SM 1508  752       810   0  0.19    T    259.3          M        0
================================================================================
AV 50.3 25.1                               8.9 FASTST   M    M   0    MAX(MPH)
                                 MISC ---->  # 38 340               # 53  330
================================================================================
NOTES:
# LAST OF SEVERAL OCCURRENCES

COLUMN 17 PEAK WIND IN M.P.H.

PRELIMINARY LOCAL CLIMATOLOGICAL DATA (WS FORM: F-6) , PAGE 2

                                          STATION:  MEDICINE LODGE KS
                                          MONTH:    DECEMBER
                                          YEAR:     2012
                                          LATITUDE:   37 17 N
                                          LONGITUDE:  98 35 W

[TEMPERATURE DATA]      [PRECIPITATION DATA]       SYMBOLS USED IN COLUMN 16

AVERAGE MONTHLY: 37.7   TOTAL FOR MONTH:   0.19    1 = FOG OR MIST
DPTR FM NORMAL:   2.9   DPTR FM NORMAL:   -0.71    2 = FOG REDUCING VISIBILITY
HIGHEST:    69 ON  2    GRTST 24HR  0.96 ON 12-13      TO 1/4 MILE OR LESS
LOWEST:      8 ON 26                               3 = THUNDER
                        SNOW, ICE PELLETS, HAIL    4 = ICE PELLETS
                        TOTAL MONTH:    T          5 = HAIL
                        GRTST 24HR    T  ON 25-25  6 = FREEZING RAIN OR DRIZZLE
                        GRTST DEPTH:   T           7 = DUSTSTORM OR SANDSTORM:
                                                       VSBY 1/2 MILE OR LESS
                                                   8 = SMOKE OR HAZE
[NO. OF DAYS WITH]      [WEATHER - DAYS WITH]      9 = BLOWING SNOW
                                                   X = TORNADO
MAX 32 OR BELOW:   4    0.01 INCH OR MORE:   2
MAX 90 OR ABOVE:   0    0.10 INCH OR MORE:   1
MIN 32 OR BELOW:  22    0.50 INCH OR MORE:   0
MIN  0 OR BELOW:   0    1.00 INCH OR MORE:   0

[HDD (BASE 65) ]
TOTAL THIS MO.   810    CLEAR  (SCALE 0-3)  30
DPTR FM NORMAL   -99    PTCLDY (SCALE 4-7)   0
TOTAL FM JUL 1  1546    CLOUDY (SCALE 8-10)  0
DPTR FM NORMAL  -221

[CDD (BASE 65) ]
TOTAL THIS MO.     0
DPTR FM NORMAL     0    [PRESSURE DATA]
TOTAL FM JAN 1  2258    HIGHEST SLP M ON M
DPTR FM NORMAL   488    LOWEST  SLP 29.36 ON M

[REMARKS]
