000
CXUS53 KDDC 011410
CF6P28
PRELIMINARY LOCAL CLIMATOLOGICAL DATA (WS FORM: F-6)

                                          STATION:   MEDICINE LODGE KS
                                          MONTH:     JULY
                                          YEAR:      2012
                                          LATITUDE:   37 17 N
                                          LONGITUDE:  98 35 W

  TEMPERATURE IN F:       :PCPN:    SNOW:  WIND      :SUNSHINE: SKY     :PK WND
================================================================================
1   2   3   4   5  6A  6B    7    8   9   10  11  12  13   14  15   16   17  18
                                     12Z  AVG MX 2MIN
DY MAX MIN AVG DEP HDD CDD  WTR  SNW DPTH SPD SPD DIR MIN PSBL S-S WX    SPD DR
================================================================================

 1  98  76  87   7   0  22 0.00  0.0    0 10.0 20 180   M    M   0        26 180
 2  98  72  85   4   0  20 0.00  0.0    0 12.1 22 190   M    M   0        30 190
 3 100  74  87   6   0  22 0.00  0.0    0 11.9 23 200   M    M   0        34 190
 4 102  75  89   8   0  24 0.00  0.0    0 12.4 24 190   M    M   0        33 170
 5 102  75  89   8   0  24 0.00  0.0    0 10.3 21 190   M    M   0        27 190
 6 104  75  90   9   0  25 0.00  0.0    0  8.0 18 190   M    M   0        24 180
 7 105  70  88   6   0  23 0.00  0.0    0  4.7 21 180   M    M   0        25 180
 8  98  74  86   4   0  21 0.00  0.0    0  9.2 26  20   M    M   0        32 360
 9  93  73  83   1   0  18 0.00  0.0    0 12.8 23 340   M    M   0        30 340
10  94  71  83   1   0  18 0.00  0.0    0  8.2 17  50   M    M   0        24  50
11  95  65  80  -2   0  15 0.00  0.0    0  7.4 16  30   M    M   0        21  60
12  99  62  81  -1   0  16 0.00  0.0    0  4.9 14 180   M    M   0        19 180
13 102  66  84   2   0  19 0.00  0.0    0  6.3 22 100   M    M   0        31 100
14 103  70  87   5   0  22 0.00  0.0    0  5.6 14 100   M    M   0        20 120
15  99  71  85   3   0  20 0.00  0.0    0  8.2 15 150   M    M   0        25 160
16  98  70  84   2   0  19 0.00  0.0    0  9.2 21 180   M    M   0        29 180
17 102  74  88   6   0  23 0.00  0.0    0 11.4 23 190   M    M   0        32 190
18 106  76  91   9   0  26 0.00  0.0    0  8.6 18 210   M    M   0        27 190
19 108  72  90   8   0  25 0.00  0.0    0  5.1 28  50   M    M   0        40  40
20 106  73  90   7   0  25 0.00  0.0    0  5.3 16  70   M    M   0        21  90
21 105  71  88   5   0  23 0.00  0.0    0  6.8 15 130   M    M   0        26 140
22 103  66  85   2   0  20 0.00  0.0    0  5.8 16 130   M    M   0        23 140
23 102  71  87   4   0  22 0.00  0.0    0  8.9 21 180   M    M   0        28 180
24 104  78  91   8   0  26 0.00  0.0    0 12.2 23 170   M    M   0        30 190
25 106  72  89   6   0  24 0.03  0.0    0 14.6 28 190   M    M   0        37 210
26  97  71  84   1   0  19 0.00  0.0    0  4.8 17 360   M    M   0        24 350
27 105  69  87   4   0  22 0.00  0.0    0  4.0 12  90   M    M   0        16  70
28 105  75  90   7   0  25 0.00  0.0    0  8.0 20 210   M    M   0        27 210
29 107  78  93  11   0  28 0.00  0.0    0  7.1 18 200   M    M   0        26 200
30 109  69  89   7   0  24 0.00  0.0    0  5.0 17 200   M    M   0        23 200
31 108  69  89   7   0  24 0.00  0.0    0  7.1 15  50   M    M   0        19  30
================================================================================
SM 3163 2223         0 684  0.03 0.0     255.9          M        0
================================================================================
AV102.0 71.7                               8.3 FASTST   M    M   0      MAX(MPH)
                                 MISC ---->  # 28 190                     40  40
================================================================================
NOTES:
# LAST OF SEVERAL OCCURRENCES

COLUMN 17 PEAK WIND IN M.P.H.

PRELIMINARY LOCAL CLIMATOLOGICAL DATA (WS FORM: F-6) , PAGE 2

                                          STATION:  MEDICINE LODGE KS
                                          MONTH:    JULY
                                          YEAR:     2012
                                          LATITUDE:   37 17 N
                                          LONGITUDE:  98 35 W

[TEMPERATURE DATA]      [PRECIPITATION DATA]       SYMBOLS USED IN COLUMN 16

AVERAGE MONTHLY: 86.9   TOTAL FOR MONTH:   0.03    1 = FOG OR MIST
DPTR FM NORMAL:   4.8   DPTR FM NORMAL:   -3.35    2 = FOG REDUCING VISIBILITY
HIGHEST:   109 ON 30    GRTST 24HR  0.03 ON 25-25      TO 1/4 MILE OR LESS
LOWEST:     62 ON 12                               3 = THUNDER
                        SNOW, ICE PELLETS, HAIL    4 = ICE PELLETS
                        TOTAL MONTH:   0.0 INCH    5 = HAIL
                        GRTST 24HR     0.0         6 = FREEZING RAIN OR DRIZZLE
                        GRTST DEPTH:   0           7 = DUSTSTORM OR SANDSTORM:
                                                       VSBY 1/2 MILE OR LESS
                                                   8 = SMOKE OR HAZE
[NO. OF DAYS WITH]      [WEATHER - DAYS WITH]      9 = BLOWING SNOW
                                                   X = TORNADO
MAX 32 OR BELOW:   0    0.01 INCH OR MORE:   1
MAX 90 OR ABOVE:  31    0.10 INCH OR MORE:   0
MIN 32 OR BELOW:   0    0.50 INCH OR MORE:   0
MIN  0 OR BELOW:   0    1.00 INCH OR MORE:   0

[HDD (BASE 65) ]
TOTAL THIS MO.     0
DPTR FM NORMAL     0
TOTAL FM JUL 1     0
DPTR FM NORMAL     0

[CDD (BASE 65) ]
TOTAL THIS MO.   684
DPTR FM NORMAL   156    [PRESSURE DATA]
TOTAL FM JAN 1  1522    HIGHEST SLP 30.16 ON 10
DPTR FM NORMAL   485    LOWEST  SLP 29.58 ON 25

[REMARKS]
#FINAL-07-12#
