000
CXUS53 KDDC 011417
CF6P28
PRELIMINARY LOCAL CLIMATOLOGICAL DATA (WS FORM: F-6)

                                          STATION:   MEDICINE LODGE KS
                                          MONTH:     APRIL
                                          YEAR:      2012
                                          LATITUDE:   37 17 N
                                          LONGITUDE:  98 35 W

  TEMPERATURE IN F:       :PCPN:    SNOW:  WIND      :SUNSHINE: SKY     :PK WND
================================================================================
1   2   3   4   5  6A  6B    7    8   9   10  11  12  13   14  15   16   17  18
                                     12Z  AVG MX 2MIN
DY MAX MIN AVG DEP HDD CDD  WTR  SNW DPTH SPD SPD DIR MIN PSBL S-S WX    SPD DR
================================================================================

 1  89  62  76  24   0  11 0.00  0.0    0 11.2 24 170   M    M   0        30 180
 2  82  62  72  20   0   7 0.00  0.0    0 12.6 28 220   M    M   0        34 280
 3  62  50  56   4   9   0 0.54  0.0    0 12.7 35  10   M    M   0        41  10
 4  67  50  59   7   6   0 0.04  0.0    0  8.3 17 360   M    M   0        22 360
 5  60  52  56   3   9   0 0.00  0.0    0  8.3 15 350   M    M   0        19 350
 6  61  49  55   2  10   0 0.00  0.0    0  7.5 15 130   M    M   0        20 140
 7  67  42  55   2  10   0 0.01  0.0    0 12.2 35  10   M    M   0        44  20
 8  68  33  51  -3  14   0 0.00  0.0    0  4.0 12 140   M    M   0        16 140
 9  68  42  55   1  10   0 0.00  0.0    0  5.3 15 170   M    M   0        19 180
10  66  55  61   7   4   0 0.00  0.0    0  7.6 20  70   M    M   0        26  70
11  60  50  55   1  10   0 0.08  0.0    0  8.7 17  80   M    M   0        24 110
12  66  52  59   4   6   0 0.05  0.0    0 11.4 23 170   M    M   0        33 130
13  79  58  69  14   0   4 0.00  0.0    0  7.1 24 170   M    M   0        32 170
14  76  58  67  11   0   2 0.41  0.0    0 17.1 40 200   M    M   0        56 190
15  68  49  59   3   6   0 1.09  0.0    0 17.3 37 220   M    M   0        49 220
16  66  42  54  -2  11   0 0.00  0.0    0  6.3 14 320   M    M   0        21 330
17  73  46  60   4   5   0 0.00  0.0    0  9.2 18 180   M    M   0        23 160
18  81  54  68  11   0   3 0.00  0.0    0 12.3 28 200   M    M   0        37 200
19  75  53  64   7   1   0 0.00  0.0    0 12.7 24  20   M    M   0        31  10
20  65  43  54  -4  11   0 0.00  0.0    0 12.7 23 360   M    M   0        30  10
21  78  38  58   0   7   0 0.00  0.0    0  5.1 22 190   M    M   0        26 180
22  68  42  55  -3  10   0 0.00  0.0    0 11.5 25  20   M    M   0        31  20
23  73  36  55  -4  10   0 0.00  0.0    0  5.4 14 180   M    M   0        21 180
24  94  45  70  11   0   5 0.00  0.0    0  8.4 20 220   M    M   0        27 210
25  96  56  76  17   0  11 0.00  0.0    0  7.2 16 360   M    M   0        22 350
26  86  65  76  16   0  11 0.00  0.0    0  9.8 23  90   M    M   0        30  90
27  87  59  73  13   0   8 0.00  0.0    0 12.9 29 280   M    M   0        38 270
28  75  49  62   2   3   0 0.00  0.0    0 11.3 23  20   M    M   0        27  20
29  76  56  66   5   0   1 0.36  0.0    0  7.3 22 360   M    M   0        27 350
30  78  60  69   8   0   4 0.56  0.0    0  8.5 44 350   M    M   0        54 340
================================================================================
SM 2210 1508       152  67 3.14  0.0     291.9          M        0
================================================================================
AV 73.7 50.3                               9.7 FASTST   M    M   0      MAX(MPH)
                                 MISC ---->    44 350                     56 190
================================================================================
NOTES:
# LAST OF SEVERAL OCCURRENCES

COLUMN 17 PEAK WIND IN M.P.H.

PRELIMINARY LOCAL CLIMATOLOGICAL DATA (WS FORM: F-6) , PAGE 2

                                          STATION:  MEDICINE LODGE KS
                                          MONTH:    APRIL
                                          YEAR:     2012
                                          LATITUDE:   37 17 N
                                          LONGITUDE:  98 35 W

[TEMPERATURE DATA]      [PRECIPITATION DATA]       SYMBOLS USED IN COLUMN 16

AVERAGE MONTHLY: 62.0   TOTAL FOR MONTH:   3.14    1 = FOG OR MIST
DPTR FM NORMAL:   5.9   DPTR FM NORMAL:    0.71    2 = FOG REDUCING VISIBILITY
HIGHEST:    96 ON 25    GRTST 24HR  1.50 ON 14-15      TO 1/4 MILE OR LESS
LOWEST:     33 ON  8                               3 = THUNDER
                        SNOW, ICE PELLETS, HAIL    4 = ICE PELLETS
                        TOTAL MONTH:   0.0 INCH    5 = HAIL
                        GRTST 24HR     0.0         6 = FREEZING RAIN OR DRIZZLE
                        GRTST DEPTH:   0           7 = DUSTSTORM OR SANDSTORM:
                                                       VSBY 1/2 MILE OR LESS
                                                   8 = SMOKE OR HAZE
[NO. OF DAYS WITH]      [WEATHER - DAYS WITH]      9 = BLOWING SNOW
                                                   X = TORNADO
MAX 32 OR BELOW:   0    0.01 INCH OR MORE:   9
MAX 90 OR ABOVE:   2    0.10 INCH OR MORE:   5
MIN 32 OR BELOW:   0    0.50 INCH OR MORE:   3
MIN  0 OR BELOW:   0    1.00 INCH OR MORE:   1

[HDD (BASE 65) ]
TOTAL THIS MO.   152
DPTR FM NORMAL  -136
TOTAL FM JUL 1  3616
DPTR FM NORMAL  -769

[CDD (BASE 65) ]
TOTAL THIS MO.    67
DPTR FM NORMAL    45    [PRESSURE DATA]
TOTAL FM JAN 1   103    HIGHEST SLP 30.41 ON  8
DPTR FM NORMAL    79    LOWEST  SLP 29.35 ON 14

[REMARKS]
#FINAL-04-12#
