000
CXUS53 KDDC 011532
CF6P28
PRELIMINARY LOCAL CLIMATOLOGICAL DATA (WS FORM: F-6)

                                          STATION:   MEDICINE LODGE KS
                                          MONTH:     OCTOBER
                                          YEAR:      2016
                                          LATITUDE:   37 17 N
                                          LONGITUDE:  98 35 W

  TEMPERATURE IN F:       :PCPN:    SNOW:  WIND      :SUNSHINE: SKY     :PK WND
================================================================================
1   2   3   4   5  6A  6B    7    8   9   10  11  12  13   14  15   16   17  18
                                     12Z  AVG MX 2MIN
DY MAX MIN AVG DEP HDD CDD  WTR  SNW DPTH SPD SPD DIR MIN PSBL S-S WX    SPD DR
================================================================================

 1  78  55  67   2   0   2 0.00  0.0    0  5.5 13 180   M    M   0        24 190
 2  78  58  68   4   0   3 0.48  0.0    0  6.4 14  60   M    M   0        16  80
 3  82  58  70   6   0   5 0.00  0.0    0 12.7 25 170   M    M   0        37 160
 4  85  55  70   6   0   5 0.20  0.0    0 13.5 24 190   M    M   0        37 170
 5  76  47  62  -1   3   0 0.00  0.0    0  4.8 17  50   M    M   0        22  50
 6  92  45  69   6   0   4 0.00  0.0    0 13.9 33 330   M    M   0        46 350
 7  68  41  55  -7  10   0 0.00  0.0    0  9.6 18 360   M    M   0        24 350
 8  70  35  53  -9  12   0 0.00  0.0    0  5.1 13 170   M    M   0        17 170
 9  75  52  64   2   1   0 0.03  0.0    0  6.8 18 190   M    M   0        24 190
10  75  54  65   4   0   0 0.41  0.0    0 10.4 23 180   M    M   0        30 180
11  84  51  68   7   0   3 0.05  0.0    0  9.0 21 300   M    M   0        27 300
12  69  44  57  -3   8   0 0.11  0.0    0 15.3 31  10   M    M   0        39 360
13  56  38  47 -13  18   0 0.00  0.0    0  4.5 10 100   M    M   0        14  80
14  75  50  63   4   2   0 0.00  0.0    0 11.8 23 190   M    M   0        31 180
15  85  62  74  15   0   9 0.00  0.0    0 13.3 26 190   M    M   0        33 200
16  91  63  77  18   0  12 0.00  0.0    0 12.8 25 180   M    M   0        31 190
17  92  63  78  20   0  13 0.00  0.0    0 15.5 29 190   M    M   0        37 190
18  78  52  65   7   0   0 0.00  0.0    0 11.4 23  20   M    M   0        29  30
19  78  49  64   6   1   0 0.00  0.0    0  7.8 18  10   M    M   0        24  10
20  66  40  53  -4  12   0 0.00  0.0    0  8.2 16  20   M    M   0        22  10
21  71  34  53  -4  12   0 0.00  0.0    0  8.4 21 180   M    M   0        30 180
22  81  39  60   4   5   0 0.00  0.0    0  6.7 21 200   M    M   0        29 190
23  81  47  64   8   1   0 0.00  0.0    0  5.5 13  50   M    M   0        16  50
24  75  45  60   4   5   0 0.00  0.0    0  5.3 14 150   M    M   0        18 170
25  80  57  69  14   0   4 0.00  0.0    0 10.8 24 190   M    M   0        31 180
26  79  48  64   9   1   0 0.06  0.0    0  5.3 16 340   M    M   0        21 170
27  78  43  61   7   4   0 0.00  0.0    0  5.1 13 170   M    M   0        16 170
28  86  56  71  17   0   6 0.00  0.0    0 11.4 26 190   M    M   0        36 190
29  84  61  73  20   0   8 0.00  0.0    0 12.9 25 190   M    M   0        34 190
30  63  48  56   3   9   0 0.00  0.0    0  8.8 21 360   M    M   0        26 360
31  84  51  68  16   0   3 0.00  0.0    0 11.6 28 190   M    M   0        37 180
================================================================================
SM 2415 1541       104  77 1.34  0.0     290.1          M        0
================================================================================
AV 77.9 49.7                               9.4 FASTST   M    M   0      MAX(MPH)
                                 MISC ---->    33 330                     46 350
================================================================================
NOTES:
# LAST OF SEVERAL OCCURRENCES

COLUMN 17 PEAK WIND IN M.P.H.

PRELIMINARY LOCAL CLIMATOLOGICAL DATA (WS FORM: F-6) , PAGE 2

                                          STATION:  MEDICINE LODGE KS
                                          MONTH:    OCTOBER
                                          YEAR:     2016
                                          LATITUDE:   37 17 N
                                          LONGITUDE:  98 35 W

[TEMPERATURE DATA]      [PRECIPITATION DATA]       SYMBOLS USED IN COLUMN 16

AVERAGE MONTHLY: 63.8   TOTAL FOR MONTH:   1.34    1 = FOG OR MIST
DPTR FM NORMAL:   5.2   DPTR FM NORMAL:   -1.50    2 = FOG REDUCING VISIBILITY
HIGHEST:    92 ON 17, 6 GRTST 24HR  0.48 ON  1- 2      TO 1/4 MILE OR LESS
LOWEST:     34 ON 21                               3 = THUNDER
                        SNOW, ICE PELLETS, HAIL    4 = ICE PELLETS
                        TOTAL MONTH:   0.0 INCH    5 = HAIL
                        GRTST 24HR     0.0         6 = FREEZING RAIN OR DRIZZLE
                        GRTST DEPTH:   0           7 = DUSTSTORM OR SANDSTORM:
                                                       VSBY 1/2 MILE OR LESS
                                                   8 = SMOKE OR HAZE
[NO. OF DAYS WITH]      [WEATHER - DAYS WITH]      9 = BLOWING SNOW
                                                   X = TORNADO
MAX 32 OR BELOW:   0    0.01 INCH OR MORE:   7
MAX 90 OR ABOVE:   3    0.10 INCH OR MORE:   4
MIN 32 OR BELOW:   0    0.50 INCH OR MORE:   0
MIN  0 OR BELOW:   0    1.00 INCH OR MORE:   0

[HDD (BASE 65) ]
TOTAL THIS MO.   104
DPTR FM NORMAL  -131
TOTAL FM JUL 1   126
DPTR FM NORMAL  -143

[CDD (BASE 65) ]
TOTAL THIS MO.    77
DPTR FM NORMAL    39    [PRESSURE DATA]
TOTAL FM JAN 1  1932    HIGHEST SLP 30.40 ON 20
DPTR FM NORMAL   163    LOWEST  SLP 29.33 ON 17

[REMARKS]
#FINAL-10-16#
