000
CXUS53 KDDC 021616
CF6P28
PRELIMINARY LOCAL CLIMATOLOGICAL DATA (WS FORM: F-6)

                                          STATION:   MEDICINE LODGE KS
                                          MONTH:     SEPTEMBER
                                          YEAR:      2017
                                          LATITUDE:   37 17 N
                                          LONGITUDE:  98 35 W

  TEMPERATURE IN F:       :PCPN:    SNOW:  WIND      :SUNSHINE: SKY     :PK WND
================================================================================
1   2   3   4   5  6A  6B    7    8   9   10  11  12  13   14  15   16   17  18
                                     12Z  AVG MX 2MIN
DY MAX MIN AVG DEP HDD CDD  WTR  SNW DPTH SPD SPD DIR MIN PSBL S-S WX    SPD DR
================================================================================

 1  84  57  71  -6   0   6 0.01  0.0    0  6.7 16  60   M    M   0        21  80
 2  85  63  74  -2   0   9 1.55  0.0    0  4.6 24 190   M    M   0        31 180
 3  91  63  77   1   0  12 0.00  0.0    0  4.9 14 190   M    M   M        18 190
 4  93  64  79   3   0  14 0.00  0.0    0  8.8 20  20   M    M   M        26  20
 5  78  54  66  -9   0   1 0.00  0.0    0  9.1 22  20   M    M   M        28  20
 6  81  45  63 -12   2   0 0.00  0.0    0  3.3 10 300   M    M   M        13 300
 7  87  51  69  -6   0   4 0.00  0.0    0  6.2 15 190   M    M   0        19 190
 8  87  60  74   0   0   9 0.00  0.0    0 10.3 21 170   M    M   0        28 170
 9  84  59  72  -2   0   7 0.00  0.0    0  9.3 21 180   M    M   0        27 180
10  83  56  70  -4   0   5 0.00  0.0    0  8.5 20 170   M    M   0        26 170
11  86  54  70  -3   0   5 0.00  0.0    0  4.5 10 180   M    M   0        14 170
12  85  53  69  -4   0   4 0.00  0.0    0  2.3  9  60   M    M   0        13  60
13  90  51  71  -1   0   6 0.00  0.0    0  5.1 12 190   M    M   0        17 160
14  96  57  77   5   0  12 0.00  0.0    0  8.6 18 160   M    M   0        27 150
15  87  69  78   6   0  13 0.02  0.0    0  9.7 26 130   M    M   0        36 130
16  95  67  81  10   0  16 0.14  0.0    0 10.0 23  10   M    M   0        30  10
17  76  60  68  -3   0   3 0.00  0.0    0  6.5 22  30   M    M   0        28  20
18  86  67  77   7   0  12 0.00  0.0    0  5.4 24 210   M    M   0        31 220
19  96  69  83  13   0  18 0.00  0.0    0 14.7 28 180   M    M   0        37 190
20  88  64  76   7   0  11 0.00  0.0    0  7.2 18 180   M    M   0        29 190
21  98  69  84  15   0  19 0.00  0.0    0 12.4 29 180   M    M   0        37 170
22  94  72  83  14   0  18 0.00  0.0    0 12.4 26 170   M    M   0        34 160
23  90  69  80  12   0  15 0.00  0.0    0 11.6 23 190   M    M   0        32 180
24  86  69  78  10   0  13 0.00  0.0    0  9.9 23 190   M    M   0        31 180
25  74  61  68   1   0   3 4.18  0.0    0  7.9 28 180   M    M   0        36 170
26  61  54  58  -9   7   0 0.00  0.0    0 10.7 17 360   M    M   0        24 360
27  71  55  63  -3   2   0 0.05  0.0    0  8.4 16  60   M    M   0        21  60
28  76  51  64  -2   1   0 0.00  0.0    0  4.7 14  70   M    M   0        18  80
29  75  57  66   0   0   1 0.00  0.0    0  2.3  9 170   M    M   0        13 160
30  78  61  70   5   0   5 0.00  0.0    0  8.4 20 180   M    M   0        26 170
================================================================================
SM 2541 1801        12 241 5.95  0.0     234.4          M        0
================================================================================
AV 84.7 60.0                               7.8 FASTST   M    M   0      MAX(MPH)
                                 MISC ---->    29 180                   # 37 170
================================================================================
NOTES:
# LAST OF SEVERAL OCCURRENCES

COLUMN 17 PEAK WIND IN M.P.H.

PRELIMINARY LOCAL CLIMATOLOGICAL DATA (WS FORM: F-6) , PAGE 2

                                          STATION:  MEDICINE LODGE KS
                                          MONTH:    SEPTEMBER
                                          YEAR:     2017
                                          LATITUDE:   37 17 N
                                          LONGITUDE:  98 35 W

[TEMPERATURE DATA]      [PRECIPITATION DATA]       SYMBOLS USED IN COLUMN 16

AVERAGE MONTHLY: 72.4   TOTAL FOR MONTH:   5.95    1 = FOG OR MIST
DPTR FM NORMAL:   1.2   DPTR FM NORMAL:    3.85    2 = FOG REDUCING VISIBILITY
HIGHEST:    98 ON 21    GRTST 24HR  4.18 ON 25-25      TO 1/4 MILE OR LESS
LOWEST:     45 ON  6                               3 = THUNDER
                        SNOW, ICE PELLETS, HAIL    4 = ICE PELLETS
                        TOTAL MONTH:   0.0 INCH    5 = HAIL
                        GRTST 24HR     0.0         6 = FREEZING RAIN OR DRIZZLE
                        GRTST DEPTH:   0           7 = DUSTSTORM OR SANDSTORM:
                                                       VSBY 1/2 MILE OR LESS
                                                   8 = SMOKE OR HAZE
[NO. OF DAYS WITH]      [WEATHER - DAYS WITH]      9 = BLOWING SNOW
                                                   X = TORNADO
MAX 32 OR BELOW:   0    0.01 INCH OR MORE:   6
MAX 90 OR ABOVE:   9    0.10 INCH OR MORE:   3
MIN 32 OR BELOW:   0    0.50 INCH OR MORE:   2
MIN  0 OR BELOW:   0    1.00 INCH OR MORE:   2

[HDD (BASE 65) ]
TOTAL THIS MO.    12
DPTR FM NORMAL   -22
TOTAL FM JUL 1    12
DPTR FM NORMAL   -22

[CDD (BASE 65) ]
TOTAL THIS MO.   241
DPTR FM NORMAL    21    [PRESSURE DATA]
TOTAL FM JAN 1  1600    HIGHEST SLP 30.27 ON 28
DPTR FM NORMAL  -131    LOWEST  SLP 29.53 ON 19

[REMARKS]
#FINAL-09-17#
