000
CXUS53 KDDC 031433
CF6P28
PRELIMINARY LOCAL CLIMATOLOGICAL DATA (WS FORM: F-6)

                                          STATION:   MEDICINE LODGE KS
                                          MONTH:     MAY
                                          YEAR:      2014
                                          LATITUDE:   37 17 N
                                          LONGITUDE:  98 35 W

  TEMPERATURE IN F:       :PCPN:    SNOW:  WIND      :SUNSHINE: SKY     :PK WND
================================================================================
1   2   3   4   5  6A  6B    7    8   9   10  11  12  13   14  15   16   17  18
                                     12Z  AVG MX 2MIN
DY MAX MIN AVG DEP HDD CDD  WTR  SNW DPTH SPD SPD DIR MIN PSBL S-S WX    SPD DR
================================================================================

 1  69  36  53  -9  12   0 0.00  0.0    0  9.5 25 330   M    M   0        34 320
 2  77  32  55  -7  10   0 0.00  0.0    0  6.4 16 290   M    M   0        23 290
 3  93  42  68   6   0   3 0.00  0.0    0  8.5 24 200   M    M   0        32 190
 4 103  58  81  18   0  16 0.00  0.0    0 13.3 29 210   M    M   0        42 210
 5  91  68  80  17   0  15 0.00  0.0    0 10.0 17 320   M    M   0        25 190
 6 103  61  82  19   0  17 0.00  0.0    0 13.6 35 220   M    M   0        47 230
 7  99  66  83  19   0  18 0.00  0.0    0 16.7 37 170   M    M   0        50 170
 8  83  58  71   7   0   6 0.00  0.0    0 12.7 26 180   M    M   0        39 170
 9  79  49  64  -1   1   0 0.00  0.0    0  9.2 17  20   M    M   0        24  20
10  93  56  75  10   0  10 0.02  0.0    0  6.1 18  70   M    M   0        23  70
11  91  59  75  10   0  10 0.00  0.0    0 20.5 37 180   M    M   0        49 170
12  59  45  52 -14  13   0 0.00  0.0    0 17.9 29 340   M    M   0        38 340
13  67  40  54 -12  11   0 0.00  0.0    0 12.2 28 360   M    M   0        36  30
14  70  36  53 -13  12   0 0.00  0.0    0  8.1 22  20   M    M   0        26  30
15  68  43  56 -11   9   0 0.00  0.0    0  6.7 17  30   M    M   0        22 320
16  79  36  58  -9   7   0 0.01  0.0    0  8.0 28  60   M    M   0        35  70
17  71  40  56 -11   9   0 0.00  0.0    0  7.7 17  70   M    M   0        23  70
18  80  51  66  -2   0   1 0.05  0.0    0 13.2 25 180   M    M   0        34 170
19  97  64  81  13   0  16 0.00  0.0    0 19.3 37 180   M    M   0        48 180
20 100  66  83  15   0  18 0.00  0.0    0 11.2 23 220   M    M   0        30 230
21  97  66  82  13   0  17 0.00  0.0    0  8.1 20 180   M    M   0        27 170
22  93  65  79  10   0  14 0.00  0.0    0  7.9 20 290   M    M   0        29 100
23  77  62  70   0   0   5 0.01  0.0    0  5.8 16  80   M    M   0        20  80
24  84  64  74   4   0   9 0.00  0.0    0  7.1 17 180   M    M   0        22 190
25  82  63  73   3   0   8 0.34  0.0    0  8.8 20 190   M    M   0        25 200
26  80  62  71   1   0   6 0.00  0.0    0  7.8 17 190   M    M   0        22 200
27  82  62  72   1   0   7 0.39  0.0    0  4.6 16  60   M    M   0        21  50
28  91  56  74   3   0   9 0.00  0.0    0  4.4 15  60   M    M   0        19  70
29  93  62  78   6   0  13 0.00  0.0    0  5.7 17  50   M    M   0        21  50
30  88  63  76   4   0  11 0.00  0.0    0  7.2 16  90   M    M   0        22  90
31  88  64  76   4   0  11 0.00  0.0    0  6.2 15 130   M    M   0        23 110
================================================================================
SM 2627 1695        84 240 0.82  0.0     304.4          M        0
================================================================================
AV 84.7 54.7                               9.8 FASTST   M    M   0      MAX(MPH)
                                 MISC ---->    37 170                     50 170
================================================================================
NOTES:
# LAST OF SEVERAL OCCURRENCES

COLUMN 17 PEAK WIND IN M.P.H.

PRELIMINARY LOCAL CLIMATOLOGICAL DATA (WS FORM: F-6) , PAGE 2

                                          STATION:  MEDICINE LODGE KS
                                          MONTH:    MAY
                                          YEAR:     2014
                                          LATITUDE:   37 17 N
                                          LONGITUDE:  98 35 W

[TEMPERATURE DATA]      [PRECIPITATION DATA]       SYMBOLS USED IN COLUMN 16

AVERAGE MONTHLY: 69.7   TOTAL FOR MONTH:   0.82    1 = FOG OR MIST
DPTR FM NORMAL:   2.7   DPTR FM NORMAL:   -2.48    2 = FOG REDUCING VISIBILITY
HIGHEST:   103 ON  6, 4 GRTST 24HR  0.39 ON 26-27      TO 1/4 MILE OR LESS
LOWEST:     32 ON  2                               3 = THUNDER
                        SNOW, ICE PELLETS, HAIL    4 = ICE PELLETS
                        TOTAL MONTH:   0.0 INCH    5 = HAIL
                        GRTST 24HR     0.0         6 = FREEZING RAIN OR DRIZZLE
                        GRTST DEPTH:   0           7 = DUSTSTORM OR SANDSTORM:
                                                       VSBY 1/2 MILE OR LESS
                                                   8 = SMOKE OR HAZE
[NO. OF DAYS WITH]      [WEATHER - DAYS WITH]      9 = BLOWING SNOW
                                                   X = TORNADO
MAX 32 OR BELOW:   0    0.01 INCH OR MORE:   6
MAX 90 OR ABOVE:  13    0.10 INCH OR MORE:   2
MIN 32 OR BELOW:   1    0.50 INCH OR MORE:   0
MIN  0 OR BELOW:   0    1.00 INCH OR MORE:   0

[HDD (BASE 65) ]
TOTAL THIS MO.    84
DPTR FM NORMAL    14
TOTAL FM JUL 1  5023
DPTR FM NORMAL   568

[CDD (BASE 65) ]
TOTAL THIS MO.   240
DPTR FM NORMAL   108    [PRESSURE DATA]
TOTAL FM JAN 1   269    HIGHEST SLP 30.32 ON 13
DPTR FM NORMAL   113    LOWEST  SLP 29.36 ON 11

[REMARKS]
#FINAL-05-14#
