000
CXUS53 KDDC 011715
CF6P28
PRELIMINARY LOCAL CLIMATOLOGICAL DATA (WS FORM: F-6)

                                          STATION:   MEDICINE LODGE KS
                                          MONTH:     FEBRUARY
                                          YEAR:      2012
                                          LATITUDE:   37 17 N
                                          LONGITUDE:  98 35 W

  TEMPERATURE IN F:       :PCPN:    SNOW:  WIND      :SUNSHINE: SKY     :PK WND
================================================================================
1   2   3   4   5  6A  6B    7    8   9   10  11  12  13   14  15   16   17  18
                                     12Z  AVG MX 2MIN
DY MAX MIN AVG DEP HDD CDD  WTR  SNW DPTH SPD SPD DIR MIN PSBL S-S WX    SPD DR
================================================================================

 1  64  32  48  13  17   0 0.00  0.0    0  3.7  7 120   M    M   0        11 160
 2  59  28  44   9  21   0 0.99  0.0    0  8.3 25 120   M    M   0        36 110
 3  52  38  45  10  20   0 3.35  0.0    0  9.4 23  60   M    M   0        34  60
 4  38  34  36   0  29   0 0.00  0.0    0 16.3 25 350   M    M   0        33 350
 5  49  27  38   2  27   0 0.00  0.0    0  7.7 17 340   M    M   0        22 340
 6  50  24  37   1  28   0 0.00  0.0    0  4.5 15 180   M    M   0        18 190
 7  43  28  36   0  29   0 0.01    T    0 11.1 23 360   M    M   0        29 360
 8  35  27  31  -5  34   0 0.00  0.0    0  5.5 16 350   M    M   0        19 340
 9  36  31  34  -3  31   0 0.34  0.0    0  4.6 12 170   M    M   0        14 170
10  32  18  25 -12  40   0 0.00  0.0    0 15.1 24 360   M    M   0        32 360
11  24  12  18 -19  47   0 0.00  0.0    0  9.9 25  20   M    M   0        30  20
12  27  14  21 -16  44   0 0.08  0.0    0 10.9 23 190   M    M   0        28 190
13  41  27  34  -4  31   0 0.00  0.0    0 11.5 23 190   M    M   0        30 190
14  50  23  37  -1  28   0 0.00  0.0    0  5.9 16 170   M    M   0        21 170
15  51  35  43   5  22   0 0.01  0.0    0  8.3 22  10   M    M   0        28  10
16  51  25  38   0  27   0 0.00  0.0    0  4.6 14 360   M    M   0        18 360
17  56  27  42   3  23   0 0.02  0.0    0  4.3 15 180   M    M   0        20 180
18  44  33  39   0  26   0 0.03  0.0    0  9.2 22  40   M    M   0        30  50
19  52  34  43   4  22   0 0.00  0.0    0  8.1 18 170   M    M   0        27 170
20  58  39  49   9  16   0 0.00  0.0    0 18.5 32 280   M    M   0        51 300
21  55  26  41   1  24   0 0.00  0.0    0  4.7 16 180   M    M   0        22 190
22  73  28  51  11  14   0 0.00  0.0    0  7.0 18 240   M    M   0        24 230
23  56  34  45   5  20   0 0.00  0.0    0 15.0 35 350   M    M   0        43 330
24  55  27  41   0  24   0 0.00  0.0    0 10.2 24 330   M    M   0        31 340
25  62  21  42   1  23   0 0.00  0.0    0 12.7 38 190   M    M   0        48 190
26  62  31  47   6  18   0 0.00  0.0    0  8.5 21  10   M    M   0        26 170
27  52  34  43   1  22   0 0.00  0.0    0 10.0 21  40   M    M   0        25  50
28  69  46  58  16   7   0 0.13  0.0    0 15.9 36 180   M    M   0        50 250
29  65  34  50   8  15   0 0.00  0.0    0  8.8 23 320   M    M   0        27 320
================================================================================
SM 1461  837       729   0 4.96    T     270.2          M        0
================================================================================
AV 50.4 28.9                               9.3 FASTST   M    M   0    MAX(MPH)
                                 MISC ---->    38 190                     51 300
================================================================================
NOTES:
# LAST OF SEVERAL OCCURRENCES

COLUMN 17 PEAK WIND IN M.P.H.

PRELIMINARY LOCAL CLIMATOLOGICAL DATA (WS FORM: F-6) , PAGE 2

                                          STATION:  MEDICINE LODGE KS
                                          MONTH:    FEBRUARY
                                          YEAR:     2012
                                          LATITUDE:   37 17 N
                                          LONGITUDE:  98 35 W

[TEMPERATURE DATA]      [PRECIPITATION DATA]       SYMBOLS USED IN COLUMN 16

AVERAGE MONTHLY: 39.7   TOTAL FOR MONTH:   4.96    1 = FOG OR MIST
DPTR FM NORMAL:   1.5   DPTR FM NORMAL:    3.92    2 = FOG REDUCING VISIBILITY
HIGHEST:    73 ON 22    GRTST 24HR  4.34 ON  2- 3      TO 1/4 MILE OR LESS
LOWEST:     12 ON 11                               3 = THUNDER
                        SNOW, ICE PELLETS, HAIL    4 = ICE PELLETS
                        TOTAL MONTH:    T          5 = HAIL
                        GRTST 24HR    T  ON  7- 7  6 = FREEZING RAIN OR DRIZZLE
                        GRTST DEPTH:   0           7 = DUSTSTORM OR SANDSTORM:
                                                       VSBY 1/2 MILE OR LESS
                                                   8 = SMOKE OR HAZE
[NO. OF DAYS WITH]      [WEATHER - DAYS WITH]      9 = BLOWING SNOW
                                                   X = TORNADO
MAX 32 OR BELOW:   3    0.01 INCH OR MORE:   9
MAX 90 OR ABOVE:   0    0.10 INCH OR MORE:   4
MIN 32 OR BELOW:  19    0.50 INCH OR MORE:   2
MIN  0 OR BELOW:   0    1.00 INCH OR MORE:   1

[HDD (BASE 65) ]
TOTAL THIS MO.   729
DPTR FM NORMAL   -23
TOTAL FM JUL 1  3220
DPTR FM NORMAL  -332

[CDD (BASE 65) ]
TOTAL THIS MO.     0
DPTR FM NORMAL     0    [PRESSURE DATA]
TOTAL FM JAN 1     0    HIGHEST SLP 30.81 ON 11
DPTR FM NORMAL     0    LOWEST  SLP 29.21 ON 23

[REMARKS]
#FINAL-02-12#
