000
CXUS53 KDDC 011409
CF6P28
PRELIMINARY LOCAL CLIMATOLOGICAL DATA (WS FORM: F-6)

                                          STATION:   MEDICINE LODGE KS
                                          MONTH:     JANUARY
                                          YEAR:      2012
                                          LATITUDE:   37 17 N
                                          LONGITUDE:  98 35 W

  TEMPERATURE IN F:       :PCPN:    SNOW:  WIND      :SUNSHINE: SKY     :PK WND
================================================================================
1   2   3   4   5  6A  6B    7    8   9   10  11  12  13   14  15   16   17  18
                                     12Z  AVG MX 2MIN
DY MAX MIN AVG DEP HDD CDD  WTR  SNW DPTH SPD SPD DIR MIN PSBL S-S WX    SPD DR
================================================================================

 1  50  30  40   7  25   0 0.00  0.0    0 11.1 23 330   M    M   0        31 310
 2  47  25  36   3  29   0 0.00  0.0    0  5.3 15  20   M    M   0        19 360
 3  58  25  42   9  23   0 0.00  0.0    0  8.0 18 200   M    M   0        23 190
 4  61  31  46  13  19   0 0.00  0.0    0  8.1 18 360   M    M   0        23 350
 5  67  25  46  13  19   0 0.00  0.0    0  4.5 13 170   M    M   0        16 190
 6  57  25  41   8  24   0 0.00  0.0    0 10.5 30  20   M    M   0        36  20
 7  50  26  38   5  27   0 0.00  0.0    0  6.9 13  60   M    M   0        19  50
 8  48  28  38   5  27   0 0.00  0.0    0 11.4 21  60   M    M   0        27  60
 9  55  21  38   5  27   0 0.00  0.0    0  4.5 10 180   M    M   0        13 300
10  59  20  40   7  25   0 0.00  0.0    0  3.7 10 300   M    M   0        13 320
11  45  25  35   2  30   0 0.00  0.0    0 17.2 35 350   M    M   0        50 350
12  33  17  25  -8  40   0 0.00  0.0    0 13.8 30 330   M    M   0        38 320
13  53  15  34   1  31   0 0.00  0.0    0  4.5 18 270   M    M   0        25 270
14  52  28  40   7  25   0 0.00  0.0    0  7.9 22 350   M    M   0        28 360
15  64  28  46  13  19   0 0.00  0.0    0 10.7 28 170   M    M   0        36 170
16  56  29  43  10  22   0 0.00  0.0    0 10.1 31 360   M    M   0        39 360
17  35  13  24  -9  41   0 0.00  0.0    0 12.5 29 350   M    M   0        38 350
18  48  11  30  -3  35   0 0.00  0.0    0  7.7 18 210   M    M   0        24 200
19  34  22  28  -6  37   0 0.00  0.0    0  9.0 26  10   M    M   0        31  10
20  38  20  29  -5  36   0 0.00  0.0    0 10.5 23  20   M    M   0        28  30
21  36  13  25  -9  40   0 0.00  0.0    0  8.5 17 140   M    M   0        27 140
22  62  32  47  13  18   0 0.11  0.0    0 13.5 37 330   M    M   0        47 320
23  55  29  42   8  23   0 0.00  0.0    0  6.8 17 290   M    M   0        23 290
24  57  35  46  12  19   0 0.01  0.0    0  9.1 20 160   M    M   0        28 170
25  52  28  40   6  25   0 0.00  0.0    0  9.5 18  10   M    M   0        24 350
26  60  24  42   8  23   0 0.00  0.0    0 10.1 24 360   M    M   0        30  10
27  57  28  43   9  22   0 0.00  0.0    0 11.0 33 360   M    M   0        43 360
28  51  19  35   1  30   0 0.00  0.0    0  6.9 20 240   M    M   0        26 230
29  56  20  38   3  27   0 0.00  0.0    0  4.1 13 190   M    M   0        16 180
30  65  29  47  12  18   0 0.00  0.0    0  8.6 25 180   M    M   0        30 180
31  65  34  50  15  15   0 0.00  0.0    0  8.3 23  10   M    M   0        28  10
================================================================================
SM 1626  755       821   0 0.12  0.0     274.3          M        0
================================================================================
AV 52.5 24.4                               8.8 FASTST   M    M   0    MAX(MPH)
                                 MISC ---->    37 330                     50 350
================================================================================
NOTES:
# LAST OF SEVERAL OCCURRENCES

COLUMN 17 PEAK WIND IN M.P.H.

PRELIMINARY LOCAL CLIMATOLOGICAL DATA (WS FORM: F-6) , PAGE 2

                                          STATION:  MEDICINE LODGE KS
                                          MONTH:    JANUARY
                                          YEAR:     2012
                                          LATITUDE:   37 17 N
                                          LONGITUDE:  98 35 W

[TEMPERATURE DATA]      [PRECIPITATION DATA]       SYMBOLS USED IN COLUMN 16

AVERAGE MONTHLY: 38.5   TOTAL FOR MONTH:   0.12    1 = FOG OR MIST
DPTR FM NORMAL:   4.9   DPTR FM NORMAL:   -0.59    2 = FOG REDUCING VISIBILITY
HIGHEST:    67 ON  5    GRTST 24HR  0.11 ON 22-22      TO 1/4 MILE OR LESS
LOWEST:     11 ON 18                               3 = THUNDER
                        SNOW, ICE PELLETS, HAIL    4 = ICE PELLETS
                        TOTAL MONTH:   0.0 INCH    5 = HAIL
                        GRTST 24HR     0.0         6 = FREEZING RAIN OR DRIZZLE
                        GRTST DEPTH:   0           7 = DUSTSTORM OR SANDSTORM:
                                                       VSBY 1/2 MILE OR LESS
                                                   8 = SMOKE OR HAZE
[NO. OF DAYS WITH]      [WEATHER - DAYS WITH]      9 = BLOWING SNOW
                                                   X = TORNADO
MAX 32 OR BELOW:   0    0.01 INCH OR MORE:   2
MAX 90 OR ABOVE:   0    0.10 INCH OR MORE:   1
MIN 32 OR BELOW:  29    0.50 INCH OR MORE:   0
MIN  0 OR BELOW:   0    1.00 INCH OR MORE:   0

[HDD (BASE 65) ]
TOTAL THIS MO.   821
DPTR FM NORMAL  -157
TOTAL FM JUL 1  2491
DPTR FM NORMAL  -286

[CDD (BASE 65) ]
TOTAL THIS MO.     0
DPTR FM NORMAL     0    [PRESSURE DATA]
TOTAL FM JAN 1     0    HIGHEST SLP 30.52 ON 28
DPTR FM NORMAL     0    LOWEST  SLP 29.30 ON 22

[REMARKS]
#FINAL-01-12#
