000
CXUS53 KDDC 011556
CF6P28
PRELIMINARY LOCAL CLIMATOLOGICAL DATA (WS FORM: F-6)
STATION: MEDICINE LODGE KS
MONTH: OCTOBER
YEAR: 2021
LATITUDE: 37 17 N
LONGITUDE: 98 35 W
TEMPERATURE IN F: :PCPN: SNOW: WIND :SUNSHINE: SKY :PK WND
================================================================================
1 2 3 4 5 6A 6B 7 8 9 10 11 12 13 14 15 16 17 18
12Z AVG MX 2MIN
DY MAX MIN AVG DEP HDD CDD WTR SNW DPTH SPD SPD DIR MIN PSBL S-S WX SPD DR
================================================================================
1 76 55 66 1 0 1 0.00 0.0 0 3.7 10 20 M M 0 14 30
2 76 55 66 1 0 1 0.00 0.0 0 5.3 16 20 M M 0 22 360
3 84 50 67 3 0 2 0.00 0.0 0 4.8 16 360 M M 0 22 360
4 87 49 68 4 0 3 0.00 0.0 0 4.7 10 140 M M 0 15 130
5 83 50 67 4 0 2 0.00 0.0 0 3.7 9 100 M M 0 16 110
6 80 52 66 3 0 1 0.00 0.0 0 4.3 9 160 M M 0 16 200
7 86 57 72 10 0 7 0.00 0.0 0 8.0 16 160 M M 0 26 120
8 89 55 72 10 0 7 0.00 0.0 0 4.6 10 120 M M 0 17 130
9 100 61 81 19 0 16 0.00 0.0 0 10.6 29 210 M M 0 42 220
10 77 55 66 5 0 1 0.50 0.0 0 12.8 25 20 M M 0 33 360
11 78 51 65 4 0 0 0.02 0.0 0 6.9 14 170 M M 0 21 210
12 71 55 63 3 2 0 0.24 0.0 0 9.9 21 160 M M 0 40 170
13 72 53 63 3 2 0 0.99 0.0 0 6.9 26 220 M M 0 42 210
14 70 49 60 1 5 0 0.00 0.0 0 8.7 20 10 M M 0 29 350
15 67 41 54 -5 11 0 0.00 0.0 0 10.6 21 360 M M 0 30 360
16 74 34 54 -4 11 0 0.00 0.0 0 5.1 15 250 M M 0 23 270
17 77 39 58 0 7 0 0.00 0.0 0 4.9 14 180 M M 0 19 170
18 74 45 60 2 5 0 0.00 0.0 0 11.5 25 170 M M 0 39 180
19 79 51 65 8 0 0 0.00 0.0 0 12.7 25 180 M M 0 37 170
20 70 44 57 0 8 0 0.00 0.0 0 9.5 21 360 M M 0 31 360
21 71 37 54 -2 11 0 0.00 0.0 0 3.0 8 280 M M 0 14 280
22 75 40 58 2 7 0 0.00 0.0 0 6.9 21 190 M M 0 27 200
23 86 57 72 17 0 7 0.00 0.0 0 10.0 22 180 M M 0 33 180
24 76 48 62 7 3 0 0.00 0.0 0 12.3 24 190 M M 0 38 190
25 63 41 52 -2 13 0 0.00 0.0 0 6.6 14 120 M M 0 26 130
26 79 49 64 10 1 0 0.51 0.0 0 12.2 31 220 M M 0 45 210
27 66 47 57 3 8 0 0.26 0.0 0 16.4 35 350 M M 0 50 360
28 66 49 58 5 7 0 0.00 0.0 0 23.8 39 340 M M 0 59 350
29 66 37 52 -1 13 0 0.00 0.0 0 12.5 25 350 M M 0 35 350
30 72 33 53 1 12 0 0.00 0.0 0 6.0 17 10 M M 0 24 20
31 60 42 51 -1 14 0 0.00 0.0 0 12.6 22 10 M M 0 31 20
================================================================================
SM 2350 1481 140 48 2.52 0.0 271.5 M 0
================================================================================
AV 75.8 47.8 8.8 FASTST M M 0 MAX(MPH)
MISC ----> 39 340 59 350
================================================================================
NOTES:
# LAST OF SEVERAL OCCURRENCES
COLUMN 17 PEAK WIND IN M.P.H.
PRELIMINARY LOCAL CLIMATOLOGICAL DATA (WS FORM: F-6) , PAGE 2
STATION: MEDICINE LODGE KS
MONTH: OCTOBER
YEAR: 2021
LATITUDE: 37 17 N
LONGITUDE: 98 35 W
[TEMPERATURE DATA] [PRECIPITATION DATA] SYMBOLS USED IN COLUMN 16
AVERAGE MONTHLY: 61.8 TOTAL FOR MONTH: 2.52 1 = FOG OR MIST
DPTR FM NORMAL: 3.3 DPTR FM NORMAL: 0.08 2 = FOG REDUCING VISIBILITY
HIGHEST: 100 ON 9 GRTST 24HR 1.23 ON 12-13 TO 1/4 MILE OR LESS
LOWEST: 33 ON 30 3 = THUNDER
SNOW, ICE PELLETS, HAIL 4 = ICE PELLETS
TOTAL MONTH: 0.0 INCH 5 = HAIL
GRTST 24HR 0.0 6 = FREEZING RAIN OR DRIZZLE
GRTST DEPTH: 0 7 = DUSTSTORM OR SANDSTORM:
VSBY 1/2 MILE OR LESS
8 = SMOKE OR HAZE
[NO. OF DAYS WITH] [WEATHER - DAYS WITH] 9 = BLOWING SNOW
X = TORNADO
MAX 32 OR BELOW: 0 0.01 INCH OR MORE: 6
MAX 90 OR ABOVE: 1 0.10 INCH OR MORE: 5
MIN 32 OR BELOW: 0 0.50 INCH OR MORE: 3
MIN 0 OR BELOW: 0 1.00 INCH OR MORE: 0
[HDD (BASE 65) ]
TOTAL THIS MO. 140
DPTR FM NORMAL -103
TOTAL FM JUL 1 144
DPTR FM NORMAL -130
[CDD (BASE 65) ]
TOTAL THIS MO. 48
DPTR FM NORMAL 6 [PRESSURE DATA]
TOTAL FM JAN 1 1933 HIGHEST SLP 30.40 ON 16
DPTR FM NORMAL 113 LOWEST SLP 29.23 ON 13
[REMARKS]
#FINAL-10-21#