000
CXUS53 KDDC 021510
CF6P28
PRELIMINARY LOCAL CLIMATOLOGICAL DATA (WS FORM: F-6)

                                          STATION:   MEDICINE LODGE KS
                                          MONTH:     OCTOBER
                                          YEAR:      2011
                                          LATITUDE:   37 17 N
                                          LONGITUDE:  98 35 W

  TEMPERATURE IN F:       :PCPN:    SNOW:  WIND      :SUNSHINE: SKY     :PK WND
================================================================================
1   2   3   4   5  6A  6B    7    8   9   10  11  12  13   14  15   16   17  18
                                     12Z  AVG MX 2MIN
DY MAX MIN AVG DEP HDD CDD  WTR  SNW DPTH SPD SPD DIR MIN PSBL S-S WX    SPD DR
================================================================================

 1  78  42  60  -5   5   0 0.00  0.0    0  5.7 15 190   M    M   0        22 190
 2  85  51  68   4   0   3 0.00  0.0    0  9.2 21 180   M    M   0        28 180
 3  91  54  73   9   0   8 0.00  0.0    0 10.4 18 190   M    M   0        24 190
 4  89  56  73   9   0   8 0.00  0.0    0  9.1 21 180   M    M   0        28 200
 5  83  56  70   7   0   5 0.00  0.0    0 11.7 28 200   M    M   0        37 200
 6  85  62  74  11   0   9 0.01  0.0    0 17.6 35 180   M    M   0        45 180
 7  79  70  75  13   0  10 0.00  0.0    0 14.1 26 170   M    M   0        35 190
 8  73  62  68   6   0   3 1.30  0.0    0 10.0 21 220   M    M   0        30 160
 9  62  51  57  -5   8   0 0.79  0.0    0  4.1 13 290   M    M   0        16 290
10  68  43  56  -5   9   0 0.00  0.0    0  4.4 13 180   M    M   0        16 170
11  74  53  64   3   1   0 0.00  0.0    0  8.4 18 180   M    M   0        23 180
12  79  51  65   5   0   0 0.00  0.0    0  9.5 26 320   M    M   0        37 330
13  78  46  62   2   3   0 0.00  0.0    0  4.9 15 320   M    M   0        18 310
14  75  46  61   2   4   0 0.00  0.0    0  7.8 24  70   M    M   0        31  60
15  78  43  61   2   4   0 0.00  0.0    0  5.6 17 170   M    M   0        22 170
16  74  49  62   3   3   0 0.00  0.0    0 10.2 26  20   M    M   0        35  30
17  67  48  58   0   7   0 0.00  0.0    0 13.2 26  10   M    M   0        33  10
18  61  39  50  -8  15   0 0.00  0.0    0 12.1 29 350   M    M   0        37 360
19  61  34  48 -10  17   0 0.00  0.0    0  7.3 22 360   M    M   0        29  10
20  63  31  47 -10  18   0 0.00  0.0    0  3.7 10 180   M    M   0        15 130
21  76  36  56  -1   9   0 0.00  0.0    0  4.3 13 190   M    M   0        16 190
22  72  41  57   1   8   0 0.00  0.0    0  2.7 12  70   M    M   0        14  70
23  83  42  63   7   2   0 0.00  0.0    0  3.5 16 260   M    M   0        22 260
24  87  43  65   9   0   0 0.00  0.0    0 11.1 28 190   M    M   0        38 200
25  85  57  71  16   0   6 0.00  0.0    0 11.5 22  30   M    M   0        30  30
26  62  44  53  -2  12   0 0.00  0.0    0 19.0 29  20   M    M   0        39  30
27  54  31  43 -11  22   0 0.05  0.0    0  6.9 20 360   M    M   0        29  10
28  64  27  46  -8  19   0 0.00  0.0    0  3.3 13 300   M    M   0        15 300
29  68  31  50  -3  15   0 0.00  0.0    0  8.7 26 180   M    M   0        32 180
30  65  37  51  -2  14   0 0.00  0.0    0  5.8 21 360   M    M   0        26  10
31  78  33  56   4   9   0 0.00  0.0    0  6.9 20 180   M    M   0        25 190
================================================================================
SM 2297 1409       204  52 2.15  0.0     262.7          M        0
================================================================================
AV 74.1 45.5                               8.5 FASTST   M    M   0    MAX(MPH)
                                 MISC ---->    35 180                     45 180
================================================================================
NOTES:
# LAST OF SEVERAL OCCURRENCES

COLUMN 17 PEAK WIND IN M.P.H.

PRELIMINARY LOCAL CLIMATOLOGICAL DATA (WS FORM: F-6) , PAGE 2

                                          STATION:  MEDICINE LODGE KS
                                          MONTH:    OCTOBER
                                          YEAR:     2011
                                          LATITUDE:   37 17 N
                                          LONGITUDE:  98 35 W

[TEMPERATURE DATA]      [PRECIPITATION DATA]       SYMBOLS USED IN COLUMN 16

AVERAGE MONTHLY: 59.8   TOTAL FOR MONTH:   2.15    1 = FOG OR MIST
DPTR FM NORMAL:   1.2   DPTR FM NORMAL:   -0.69    2 = FOG REDUCING VISIBILITY
HIGHEST:    91 ON  3    GRTST 24HR  1.54 ON  8- 9      TO 1/4 MILE OR LESS
LOWEST:     27 ON 28                               3 = THUNDER
                        SNOW, ICE PELLETS, HAIL    4 = ICE PELLETS
                        TOTAL MONTH:   0.0 INCH    5 = HAIL
                        GRTST 24HR     0.0         6 = FREEZING RAIN OR DRIZZLE
                        GRTST DEPTH:   0           7 = DUSTSTORM OR SANDSTORM:
                                                       VSBY 1/2 MILE OR LESS
                                                   8 = SMOKE OR HAZE
[NO. OF DAYS WITH]      [WEATHER - DAYS WITH]      9 = BLOWING SNOW
                                                   X = TORNADO
MAX 32 OR BELOW:   0    0.01 INCH OR MORE:   4
MAX 90 OR ABOVE:   1    0.10 INCH OR MORE:   2
MIN 32 OR BELOW:   4    0.50 INCH OR MORE:   2
MIN  0 OR BELOW:   0    1.00 INCH OR MORE:   1

[HDD (BASE 65) ]
TOTAL THIS MO.   204
DPTR FM NORMAL   -31
TOTAL FM JUL 1   230
DPTR FM NORMAL   -39

[CDD (BASE 65) ]
TOTAL THIS MO.    52
DPTR FM NORMAL    14    [PRESSURE DATA]
TOTAL FM JAN 1  2458    HIGHEST SLP 30.32 ON 28
DPTR FM NORMAL   689    LOWEST  SLP 29.74 ON  6

[REMARKS]
#FINAL-10-11#
