000
CXUS53 KDDC 031504
CF6P28
PRELIMINARY LOCAL CLIMATOLOGICAL DATA (WS FORM: F-6)

                                          STATION:   MEDICINE LODGE KS
                                          MONTH:     JANUARY
                                          YEAR:      2014
                                          LATITUDE:   37 17 N
                                          LONGITUDE:  98 35 W

  TEMPERATURE IN F:       :PCPN:    SNOW:  WIND      :SUNSHINE: SKY     :PK WND
================================================================================
1   2   3   4   5  6A  6B    7    8   9   10  11  12  13   14  15   16   17  18
                                     12Z  AVG MX 2MIN
DY MAX MIN AVG DEP HDD CDD  WTR  SNW DPTH SPD SPD DIR MIN PSBL S-S WX    SPD DR
================================================================================

 1  35  13  24  -9  41   0 0.07  1.0    0 13.8 30 360   M    M   0        38 360
 2  39   4  22 -11  43   0 0.00  0.0    1  7.0 14 340   M    M   0        18 120
 3  49  20  35   2  30   0 0.00  0.0    0 14.6 30 190   M    M   0        35 200
 4  40  19  30  -3  35   0 0.04  1.9    0 16.4 38  20   M    M   0        49  10
 5  20   1  11 -22  54   0 0.01  0.1    2 14.0 28 360   M    M   0        37  10
 6  23  -8   8 -25  57   0 0.00  0.0    0  4.2 13 220   M    M   0        18 230
 7  44   5  25  -8  40   0 0.00  0.0    0  7.1 15 210   M    M   0        20 210
 8  41  28  35   2  30   0 0.00  0.0    0  7.1 14  40   M    M   0        19 120
 9  34  29  32  -1  33   0 0.00  0.0    0  6.6 14 180   M    M   0        17 180
10  52  34  43  10  22   0 0.00  0.0    0 11.9 25 290   M    M   0        34 280
11  58  29  44  11  21   0 0.00  0.0    0  8.5 21 320   M    M   0        26 320
12  69  36  53  20  12   0 0.00  0.0    0 12.4 24 340   M    M   0        33 340
13  56  33  45  12  20   0 0.00  0.0    0  8.4 21 270   M    M   0        26 290
14  52  29  41   8  24   0 0.00  0.0    0 15.3 31 360   M    M   0        40  10
15  56  25  41   8  24   0 0.00  0.0    0  5.0 16 230   M    M   0        20 250
16  53  33  43  10  22   0 0.00  0.0    0 16.0 33 320   M    M   0        44 330
17  51  23  37   4  28   0 0.00  0.0    0  7.1 20 350   M    M   0        30 340
18  57  24  41   8  24   0 0.00  0.0    0 12.0 32 340   M    M   0        41 330
19  70  19  45  11  20   0 0.00  0.0    0  5.4 21 250   M    M   0        26 250
20  57  25  41   7  24   0 0.00  0.0    0 12.3 31  10   M    M   0        38  10
21  32  12  22 -12  43   0 0.00  0.0    0  8.4 35  10   M    M   0        45  10
22  45  18  32  -2  33   0 0.00  0.0    0 11.9 31  30   M    M   0        40  20
23  21   1  11 -23  54   0 0.00  0.0    0 11.3 31  20   M    M   0        39  40
24  52   0  26  -8  39   0 0.00  0.0    0  8.5 18 220   M    M   0        24 240
25  62  37  50  16  15   0 0.00  0.0    0  8.4 21  10   M    M   0        28 320
26  62  27  45  11  20   0 0.00  0.0    0 13.3 44  20   M    M   0        55  20
27  27  14  21 -13  44   0 0.02  0.5    0 13.5 36  10   M    M   0        46  10
28  33   7  20 -14  45   0 0.00  0.0    T  4.9 16 310   M    M   0        20 300
29  52   5  29  -6  36   0 0.00  0.0    0  9.4 22 200   M    M   0        28 200
30  55  29  42   7  23   0 0.00  0.0    0 11.4 22  10   M    M   0        27  30
31  32  22  27  -8  38   0 0.01  0.0    0 13.9 24  50   M    M   0        33  50
================================================================================
SM 1429  593       994   0 0.15  3.5     320.0          M        0
================================================================================
AV 46.1 19.1                              10.3 FASTST   M    M   0      MAX(MPH)
                                 MISC ---->    44  20                     55  20
================================================================================
NOTES:
# LAST OF SEVERAL OCCURRENCES

COLUMN 17 PEAK WIND IN M.P.H.

PRELIMINARY LOCAL CLIMATOLOGICAL DATA (WS FORM: F-6) , PAGE 2

                                          STATION:  MEDICINE LODGE KS
                                          MONTH:    JANUARY
                                          YEAR:     2014
                                          LATITUDE:   37 17 N
                                          LONGITUDE:  98 35 W

[TEMPERATURE DATA]      [PRECIPITATION DATA]       SYMBOLS USED IN COLUMN 16

AVERAGE MONTHLY: 32.6   TOTAL FOR MONTH:   0.15    1 = FOG OR MIST
DPTR FM NORMAL:  -0.8   DPTR FM NORMAL:   -0.56    2 = FOG REDUCING VISIBILITY
HIGHEST:    70 ON 19    GRTST 24HR  0.07 ON  1- 1      TO 1/4 MILE OR LESS
LOWEST:     -8 ON  6                               3 = THUNDER
                        SNOW, ICE PELLETS, HAIL    4 = ICE PELLETS
                        TOTAL MONTH:   3.5 INCHES  5 = HAIL
                        GRTST 24HR   1.9 ON  4     6 = FREEZING RAIN OR DRIZZLE
                        GRTST DEPTH:   2 ON  5     7 = DUSTSTORM OR SANDSTORM:
                                                       VSBY 1/2 MILE OR LESS
                                                   8 = SMOKE OR HAZE
[NO. OF DAYS WITH]      [WEATHER - DAYS WITH]      9 = BLOWING SNOW
                                                   X = TORNADO
MAX 32 OR BELOW:   6    0.01 INCH OR MORE:   5
MAX 90 OR ABOVE:   0    0.10 INCH OR MORE:   0
MIN 32 OR BELOW:  26    0.50 INCH OR MORE:   0
MIN  0 OR BELOW:   2    1.00 INCH OR MORE:   0

[HDD (BASE 65) ]
TOTAL THIS MO.   994
DPTR FM NORMAL    16
TOTAL FM JUL 1  2992
DPTR FM NORMAL   215

[CDD (BASE 65) ]
TOTAL THIS MO.     0
DPTR FM NORMAL     0    [PRESSURE DATA]
TOTAL FM JAN 1     0    HIGHEST SLP 30.90 ON 23
DPTR FM NORMAL     0    LOWEST  SLP 29.45 ON 12

[REMARKS]
#FINAL-01-14#
