000
CXUS53 KDDC 050333
CF6P28
PRELIMINARY LOCAL CLIMATOLOGICAL DATA (WS FORM: F-6)

                                          STATION:   MEDICINE LODGE KS
                                          MONTH:     JUNE
                                          YEAR:      2014
                                          LATITUDE:   37 17 N
                                          LONGITUDE:  98 35 W

  TEMPERATURE IN F:       :PCPN:    SNOW:  WIND      :SUNSHINE: SKY     :PK WND
================================================================================
1   2   3   4   5  6A  6B    7    8   9   10  11  12  13   14  15   16   17  18
                                     12Z  AVG MX 2MIN
DY MAX MIN AVG DEP HDD CDD  WTR  SNW DPTH SPD SPD DIR MIN PSBL S-S WX    SPD DR
================================================================================

 1  91  66  79   7   0  14 0.96  0.0    0 14.5 36 350   M    M   0        47 360
 2  87  62  75   2   0  10 0.01  0.0    0  5.7 23 190   M    M   0        30 190
 3  93  70  82   9   0  17 0.00  0.0    0 13.2 31 180   M    M   0        39 180
 4  97  73  85  12   0  20 0.00  0.0    0 11.5 23  50   M    M   0        28  50
 5  91  71  81   7   0  16 0.00  0.0    0  9.7 25  60   M    M   0        32  80
 6  80  64  72  -2   0   7 1.22  0.0    0  8.6 28 320   M    M   0        39 340
 7  80  62  71  -3   0   6 0.17  0.0    0 10.8 23 280   M    M   0        31 100
 8  76  62  69  -6   0   4 0.01  0.0    0  7.9 15 130   M    M   0        21 160
 9  72  57  65 -10   0   0 0.44  0.0    0 10.6 23  10   M    M   0        31  20
10  81  61  71  -4   0   6 0.01  0.0    0 10.6 23  10   M    M   0        31 360
11  91  59  75  -1   0  10 0.93  0.0    0 11.3 51 350   M    M   0        63 360
12  78  57  68  -8   0   3 0.01  0.0    0 10.4 24  20   M    M   0        30  10
13  82  53  68  -8   0   3 0.00  0.0    0  9.0 20 170   M    M   0        28 170
14  92  67  80   4   0  15 0.00  0.0    0 19.6 31 180   M    M   0        44 160
15  84  60  72  -5   0   7 1.16  0.0    0  8.3 36 320   M    M   0        49 320
16  93  72  83   6   0  18 0.00  0.0    0 18.4 33 180   M    M   0        47 180
17  95  73  84   7   0  19 0.00  0.0    0 16.0 28 180   M    M   0        37 180
18  95  74  85   7   0  20 0.00  0.0    0 15.9 25 180   M    M   0        35 200
19  90  72  81   3   0  16 0.01  0.0    0  9.8 20 180   M    M   0        28 220
20  92  68  80   2   0  15 0.00  0.0    0  8.3 20 190   M    M   0        25 190
21  93  67  80   2   0  15 0.00  0.0    0 10.9 21 220   M    M   0        30 190
22  92  66  79   1   0  14 0.53  0.0    0 10.3 30  20   M    M   0        41  20
23  83  64  74  -5   0   9 0.26  0.0    0  3.9 23  50   M    M   0        29  50
24  87  65  76  -3   0  11 0.56  0.0    0  6.9 31  60   M    M   0        42  40
25  86  62  74  -5   0   9 0.00  0.0    0  6.4 14 170   M    M   0        19 150
26  83  64  74  -6   0   9 1.04  0.0    0 10.4 30  20   M    M   0        35  30
27  87  71  79  -1   0  14 0.00  0.0    0 15.8 29 180   M    M   0        39 170
28  79  63  71  -9   0   6 0.30  0.0    0  8.4 29 350   M    M   0        38 360
29  90  70  80   0   0  15 0.00  0.0    0 10.3 22 190   M    M   0        29 190
30  94  64  79  -1   0  14 0.27  0.0    0 13.4 30 310   M    M   0        43 300
================================================================================
SM 2614 1959         0 342 7.89  0.0     326.8          M        0
================================================================================
AV 87.1 65.3                              10.9 FASTST   M    M   0      MAX(MPH)
                                 MISC ---->    51 350                     63 360
================================================================================
NOTES:
# LAST OF SEVERAL OCCURRENCES

COLUMN 17 PEAK WIND IN M.P.H.

PRELIMINARY LOCAL CLIMATOLOGICAL DATA (WS FORM: F-6) , PAGE 2

                                          STATION:  MEDICINE LODGE KS
                                          MONTH:    JUNE
                                          YEAR:     2014
                                          LATITUDE:   37 17 N
                                          LONGITUDE:  98 35 W

[TEMPERATURE DATA]      [PRECIPITATION DATA]       SYMBOLS USED IN COLUMN 16

AVERAGE MONTHLY: 76.2   TOTAL FOR MONTH:   7.89    1 = FOG OR MIST
DPTR FM NORMAL:  -0.4   DPTR FM NORMAL:    3.78    2 = FOG REDUCING VISIBILITY
HIGHEST:    97 ON  4    GRTST 24HR  1.39 ON  6- 7      TO 1/4 MILE OR LESS
LOWEST:     53 ON 13                               3 = THUNDER
                        SNOW, ICE PELLETS, HAIL    4 = ICE PELLETS
                        TOTAL MONTH:   0.0 INCH    5 = HAIL
                        GRTST 24HR     0.0         6 = FREEZING RAIN OR DRIZZLE
                        GRTST DEPTH:   0           7 = DUSTSTORM OR SANDSTORM:
                                                       VSBY 1/2 MILE OR LESS
                                                   8 = SMOKE OR HAZE
[NO. OF DAYS WITH]      [WEATHER - DAYS WITH]      9 = BLOWING SNOW
                                                   X = TORNADO
MAX 32 OR BELOW:   0    0.01 INCH OR MORE:  17
MAX 90 OR ABOVE:  15    0.10 INCH OR MORE:  12
MIN 32 OR BELOW:   0    0.50 INCH OR MORE:   7
MIN  0 OR BELOW:   0    1.00 INCH OR MORE:   3

[HDD (BASE 65) ]
TOTAL THIS MO.     0
DPTR FM NORMAL    -3
TOTAL FM JUL 1  5023
DPTR FM NORMAL   565

[CDD (BASE 65) ]
TOTAL THIS MO.   342
DPTR FM NORMAL   -11    [PRESSURE DATA]
TOTAL FM JAN 1   611    HIGHEST SLP 30.09 ON 13
DPTR FM NORMAL   102    LOWEST  SLP 29.52 ON 15

[REMARKS]
#FINAL-06-14#
