000
CXUS43 KDDC 011844
CF6P28
PRELIMINARY LOCAL CLIMATOLOGICAL DATA (WS FORM: F-6)

                                          STATION:   MEDICINE LODGE KS
                                          MONTH:     JANUARY
                                          YEAR:      2011
                                          LATITUDE:   37 17 N
                                          LONGITUDE:  98 35 W

  TEMPERATURE IN F:       :PCPN:    SNOW:  WIND      :SUNSHINE: SKY     :PK WND
================================================================================
1   2   3   4   5  6A  6B    7    8   9   10  11  12  13   14  15   16   17  18
                                     12Z  AVG MX 2MIN
DY MAX MIN AVG DEP HDD CDD  WTR  SNW DPTH SPD SPD DIR MIN PSBL S-S WX    SPD DR
================================================================================

 1  31   9  20 -10  45   0 0.00  0.0    0  5.8 18 330   M    M   0        25 340
 2  44   7  26  -4  39   0 0.00  0.0    0  5.8 16 220   M    M   0        22 220
 3  41  16  29  -1  36   0 0.00  0.0    0  4.8 10  10   M    M   0        14 110
 4  41  16  29  -1  36   0 0.00  0.0    0  3.7  9 190   M    M   0        13 170
 5  56  14  35   5  30   0 0.00  0.0    0  5.5 17 330   M    M   0        23 310
 6  62  29  46  16  19   0 0.00  0.0    0  6.0 21 300   M    M   0        26 270
 7  55  26  41  11  24   0 0.00  0.0    0 10.9 25 350   M    M   0        33 330
 8  39  18  29  -1  36   0 0.00  0.0    0  5.8 14 130   M    M   0        21 120
 9  35  20  28  -2  37   0 0.13  1.3    0  8.9 17 140   M    M   0        23 150
10  26   9  18 -12  47   0 0.17  1.7    3  9.5 21 340   M    M   0        30 340
11  21   2  12 -18  53   0 0.00  0.0    2  9.5 20 330   M    M   0        24 330
12  22  -2  10 -20  55   0 0.00  0.0    1  4.8 12 350   M    M   0        15 360
13  41   3  22  -8  43   0 0.00  0.0    T  6.1 20 210   M    M   0        28 220
14  39  18  29  -1  36   0 0.00  0.0    0  1.5  8 170   M    M   0        22 140
15  39  21  30   0  35   0 0.00  0.0    0  6.5 16  40   M    M   0        22  40
16  35  19  27  -3  38   0 0.00  0.0    0  5.9 14  30   M    M   0        17  30
17  50  26  38   8  27   0 0.04  0.0    0  5.0 24  10   M    M   0        30  20
18  40  28  34   4  31   0 0.03  0.0    0  8.2 23  10   M    M   0        30  10
19  32  17  25  -5  40   0 0.00  0.0    0 11.2 26  10   M    M   0        32  10
20  33  14  24  -6  41   0 0.01    T    0 10.7 25  10   M    M   0        31 360
21  50  21  36   5  29   0 0.00  0.0    0  8.0 25 350   M    M   0        33 350
22  51  20  36   5  29   0 0.00  0.0    0  5.2 21 190   M    M   0        29 190
23  35  18  27  -4  38   0 0.00  0.0    0 12.1 30 350   M    M   0        38 360
24  45  16  31   0  34   0 0.00  0.0    0  5.3 25  10   M    M   0        33  30
25  51  16  34   3  31   0 0.00  0.0    0  3.3 14 360   M    M   0        20 360
26  47  21  34   3  31   0 0.00  0.0    0  7.0 21 360   M    M   0        26 330
27  64  17  41  10  24   0 0.00  0.0    0  6.5 18 320   M    M   0        25 330
28  74  27  51  19  14   0 0.00  0.0    0  4.7 12 290   M    M   0        15 330
29  68  29  49  17  16   0 0.00  0.0    0  8.2 26  20   M    M   0        36  10
30  39  27  33   1  32   0 0.00  0.0    0 12.4 30  20   M    M   0        37  10
31  32  11  22 -10  43   0 0.00  0.0    0 15.9 31 360   M    M   0        45  10
================================================================================
SM 1338  533      1069   0 0.38  3.0     224.7          M        0
================================================================================
AV 43.2 17.2                               7.2 FASTST   M    M   0    MAX(MPH)
                                 MISC ---->    31 360                     45  10
================================================================================
NOTES:
# LAST OF SEVERAL OCCURRENCES

COLUMN 17 PEAK WIND IN M.P.H.

PRELIMINARY LOCAL CLIMATOLOGICAL DATA (WS FORM: F-6) , PAGE 2

                                          STATION:  MEDICINE LODGE KS
                                          MONTH:    JANUARY
                                          YEAR:     2011
                                          LATITUDE:   37 17 N
                                          LONGITUDE:  98 35 W

[TEMPERATURE DATA]      [PRECIPITATION DATA]       SYMBOLS USED IN COLUMN 16

AVERAGE MONTHLY: 30.2   TOTAL FOR MONTH:   0.38    1 = FOG OR MIST
DPTR FM NORMAL:  -0.3   DPTR FM NORMAL:   -0.34    2 = FOG REDUCING VISIBILITY
HIGHEST:    74 ON 28    GRTST 24HR  0.30 ON  9-10      TO 1/4 MILE OR LESS
LOWEST:     -2 ON 12                               3 = THUNDER
                        SNOW, ICE PELLETS, HAIL    4 = ICE PELLETS
                        TOTAL MONTH:   3.0 INCHES  5 = HAIL
                        GRTST 24HR   3.0 ON  9-10  6 = FREEZING RAIN OR DRIZZLE
                        GRTST DEPTH:   3 ON 10     7 = DUSTSTORM OR SANDSTORM:
                                                       VSBY 1/2 MILE OR LESS
                                                   8 = SMOKE OR HAZE
[NO. OF DAYS WITH]      [WEATHER - DAYS WITH]      9 = BLOWING SNOW
                                                   X = TORNADO
MAX 32 OR BELOW:   6    0.01 INCH OR MORE:   5
MAX 90 OR ABOVE:   0    0.10 INCH OR MORE:   2
MIN 32 OR BELOW:  31    0.50 INCH OR MORE:   0
MIN  0 OR BELOW:   1    1.00 INCH OR MORE:   0

[HDD (BASE 65) ]
TOTAL THIS MO.  1069
DPTR FM NORMAL    -1
TOTAL FM JUL 1  2761
DPTR FM NORMAL  -214

[CDD (BASE 65) ]
TOTAL THIS MO.     0
DPTR FM NORMAL     0    [PRESSURE DATA]
TOTAL FM JAN 1     0    HIGHEST SLP 30.88 ON 12
DPTR FM NORMAL     0    LOWEST  SLP 29.56 ON 17

[REMARKS]
#FINAL-01-11#
