000
CXUS43 KDDC 011344
CF6P28
PRELIMINARY LOCAL CLIMATOLOGICAL DATA (WS FORM: F-6)

                                          STATION:   MEDICINE LODGE KS
                                          MONTH:     MARCH
                                          YEAR:      2011
                                          LATITUDE:   37 17 N
                                          LONGITUDE:  98 35 W

  TEMPERATURE IN F:       :PCPN:    SNOW:  WIND      :SUNSHINE: SKY     :PK WND
================================================================================
1   2   3   4   5  6A  6B    7    8   9   10  11  12  13   14  15   16   17  18
                                     12Z  AVG MX 2MIN
DY MAX MIN AVG DEP HDD CDD  WTR  SNW DPTH SPD SPD DIR MIN PSBL S-S WX    SPD DR
================================================================================

 1  77  29  53  13  12   0 0.00  0.0    0  8.2 16  70   M    M   0        22  60
 2  59  34  47   6  18   0 0.00  0.0    0  8.8 17  50   M    M   0        22  70
 3  63  28  46   5  19   0 0.00  0.0    0  4.2 12 190   M    M   0        17 180
 4  55  29  42   1  23   0 0.00  0.0    0 17.0 29 360   M    M   0        38 360
 5  51  21  36  -5  29   0 0.00  0.0    0 11.1 21 360   M    M   0        30 360
 6  56  25  41  -1  24   0 0.00  0.0    0  9.3 21 180   M    M   0        29 160
 7  55  42  49   7  16   0 0.07  0.0    0  9.9 18  80   M    M   0        24  80
 8  42  37  40  -2  25   0 0.48  0.0    0 11.1 20 340   M    M   0        25 360
 9  53  29  41  -2  24   0 0.00  0.0    0 14.1 25 340   M    M   0        33 340
10  64  25  45   2  20   0 0.00  0.0    0  6.0 18 190   M    M   0        23 210
11  78  38  58  15   7   0 0.00  0.0    0 10.2 21  50   M    M   0        28  50
12  65  43  54  10  11   0 0.00  0.0    0 14.8 24  60   M    M   0        31  60
13  47  35  41  -3  24   0 0.05  0.0    0 14.7 30  40   M    M   0        38  40
14  52  32  42  -2  23   0 0.00  0.0    0  9.3 20  10   M    M   0        26  10
15  60  30  45   0  20   0 0.00  0.0    0  6.4 14 190   M    M   0        20 200
16  75  38  57  12   8   0 0.00  0.0    0 10.6 26 180   M    M   0        35 170
17  78  54  66  21   0   1 0.00  0.0    0 13.8 22  30   M    M   0        30  20
18  65  44  55   9  10   0 0.00  0.0    0 15.9 30  40   M    M   0        39  40
19  59  44  52   6  13   0 0.17  0.0    0  7.8 26  70   M    M   0        31  70
20  87  53  70  24   0   5 0.00  0.0    0 11.2 24 180   M    M   0        33 180
21  76  55  66  20   0   1 0.00  0.0    0 13.0 29 180   M    M   0        39 180
22  83  50  67  20   0   2 0.00  0.0    0 15.9 39 230   M    M   0        51 230
23  67  42  55   8  10   0 0.00  0.0    0 13.2 29 350   M    M   0        39 350
24  53  26  40  -7  25   0 0.11  0.0    0  8.9 22 130   M    M   0        28 130
25  59  31  45  -3  20   0 0.00  0.0    0  9.6 21  70   M    M   0        29  80
26  42  37  40  -8  25   0 0.03  0.0    0 12.2 18  50   M    M   0        23  20
27  37  32  35 -13  30   0 0.02  0.0    0  8.7 17  60   M    M   0        20  70
28  39  32  36 -13  29   0 0.01  0.0    0  4.4 10  80   M    M   0        14  80
29  45  33  39 -10  26   0 0.00  0.0    0  9.4 16  20   M    M   0        21  10
30  47  34  41  -8  24   0 0.00  0.0    0  6.0 13  10   M    M   0        16  10
31  69  34  52   2  13   0 0.00  0.0    0  9.7 33 340   M    M   0        44 330
================================================================================
SM 1858 1116       528   9 0.94  0.0     325.4          M        0
================================================================================
AV 59.9 36.0                              10.5 FASTST   M    M   0      MAX(MPH)
                                 MISC ---->    39 230                     51 230
================================================================================
NOTES:
# LAST OF SEVERAL OCCURRENCES

COLUMN 17 PEAK WIND IN M.P.H.

PRELIMINARY LOCAL CLIMATOLOGICAL DATA (WS FORM: F-6) , PAGE 2

                                          STATION:  MEDICINE LODGE KS
                                          MONTH:    MARCH
                                          YEAR:     2011
                                          LATITUDE:   37 17 N
                                          LONGITUDE:  98 35 W

[TEMPERATURE DATA]      [PRECIPITATION DATA]       SYMBOLS USED IN COLUMN 16

AVERAGE MONTHLY: 48.0   TOTAL FOR MONTH:   0.94    1 = FOG OR MIST
DPTR FM NORMAL:   3.1   DPTR FM NORMAL:   -1.56    2 = FOG REDUCING VISIBILITY
HIGHEST:    87 ON 20    GRTST 24HR  0.55 ON  7-8      TO 1/4 MILE OR LESS
LOWEST:     21 ON  5                               3 = THUNDER
                        SNOW, ICE PELLETS, HAIL    4 = ICE PELLETS
                        TOTAL MONTH:   0.0 INCH    5 = HAIL
                        GRTST 24HR     0.0         6 = FREEZING RAIN OR DRIZZLE
                        GRTST DEPTH:   0           7 = DUSTSTORM OR SANDSTORM:
                                                       VSBY 1/2 MILE OR LESS
                                                   8 = SMOKE OR HAZE
[NO. OF DAYS WITH]      [WEATHER - DAYS WITH]      9 = BLOWING SNOW
                                                   X = TORNADO
MAX 32 OR BELOW:   0    0.01 INCH OR MORE:   8
MAX 90 OR ABOVE:   0    0.10 INCH OR MORE:   3
MIN 32 OR BELOW:  13    0.50 INCH OR MORE:   0
MIN  0 OR BELOW:   0    1.00 INCH OR MORE:   0

[HDD (BASE 65) ]
TOTAL THIS MO.   528
DPTR FM NORMAL   -96
TOTAL FM JUL 1  4140
DPTR FM NORMAL  -268

[CDD (BASE 65) ]
TOTAL THIS MO.     9
DPTR FM NORMAL     9    [PRESSURE DATA]
TOTAL FM JAN 1     9    HIGHEST SLP 30.45 ON  5
DPTR FM NORMAL     9    LOWEST  SLP 29.43 ON 22

[REMARKS]
#FINAL-03-11#
