000
CXUS43 KDDC 031930
CF6P28
PRELIMINARY LOCAL CLIMATOLOGICAL DATA (WS FORM: F-6)

                                          STATION:   MEDICINE LODGE KS
                                          MONTH:     DECEMBER
                                          YEAR:      2010
                                          LATITUDE:   37 17 N
                                          LONGITUDE:  98 35 W

  TEMPERATURE IN F:       :PCPN:    SNOW:  WIND      :SUNSHINE: SKY     :PK WND
================================================================================
1   2   3   4   5  6A  6B    7    8   9   10  11  12  13   14  15   16   17  18
                                     12Z  AVG MX 2MIN
DY MAX MIN AVG DEP HDD CDD  WTR  SNW DPTH SPD SPD DIR MIN PSBL S-S WX    SPD DR
================================================================================

 1  46  17  32  -5  33   0 0.00  0.0    0  4.6 10 150   M    M   0        14 190
 2  61  22  42   5  23   0 0.00  0.0    0  3.5 13  20   M    M   0        15  50
 3  60  26  43   6  22   0 0.00  0.0    0  4.6 16 190   M    M   0        23 160
 4  47  26  37   1  28   0 0.00  0.0    0 14.5 26 360   M    M   0        35  10
 5  36  20  28  -8  37   0 0.00  0.0    0  5.8 14  20   M    M   0        18  30
 6  47  14  31  -5  34   0 0.00  0.0    0  3.6 10 220   M    M   0        14 200
 7  41  27  34  -1  31   0 0.00  0.0    0  2.7 12  10   M    M   0        13  20
 8  53  27  40   5  25   0 0.00  0.0    0  2.3 10 160   M    M   0        13 170
 9  62  28  45  10  20   0 0.00  0.0    0  3.8 12 130   M    M   0        14 130
10  51  30  41   7  24   0 0.00  0.0    0  4.5 12 170   M    M   0        16 170
11  46  24  35   1  30   0 0.00  0.0    0 19.3 39 340   M    M   0        52 350
12  34  16  25  -9  40   0 0.00  0.0    0 12.6 26 340   M    M   0        36 350
13  35  17  26  -8  39   0 0.00  0.0    0  6.2 13 180   M    M   0        17 150
14  41  20  31  -2  34   0 0.00  0.0    0  5.4 10 150   M    M   0        15 150
15  44  26  35   2  30   0 0.00  0.0    0  8.0 16  10   M    M   0        22  10
16  50  28  39   6  26   0 0.00  0.0    0  6.8 18  10   M    M   0        23  30
17  42  31  37   4  28   0 0.00  0.0    0  4.3 13  20   M    M   0        15  20
18  44  27  36   3  29   0 0.00  0.0    0  5.5 13 150   M    M   0        17 130
19  48  26  37   5  28   0 0.00  0.0    0  8.0 16 170   M    M   0        20 160
20  58  34  46  14  19   0 0.00  0.0    0  8.5 17  10   M    M   0        24  10
21  47  31  39   7  26   0 0.00  0.0    0  9.2 20  30   M    M   0        24  20
22  37  22  30  -2  35   0 0.00  0.0    0  7.6 16  20   M    M   0        24  30
23  32  17  25  -7  40   0 0.00  0.0    0  5.7 14 160   M    M   0        20 150
24  40  30  35   4  30   0 0.00  0.0    0 12.3 24 360   M    M   0        31  10
25  31  15  23  -8  42   0 0.00  0.0    0 12.3 26  10   M    M   0        35  10
26  32   8  20 -11  45   0 0.00  0.0    0  4.8 14 130   M    M   0        18 120
27  43  19  31   0  34   0 0.00  0.0    0  8.0 15 170   M    M   0        23 130
28  43  21  32   1  33   0 0.00  0.0    0  2.8  7 150   M    M   0         9 140
29  58  29  44  13  21   0 0.00  0.0    0 11.0 25 180   M    M   0        31 170
30  68  31  50  19  15   0 0.00  0.0    0 14.6 26 230   M    M   0        35 240
31  30  12  21  -9  44   0 0.14  0.0    0 10.6 25  10   M    M   0        32  20
================================================================================
SM 1407  721       945   0 0.14  0.0     233.4          M        0
================================================================================
AV 45.4 23.3                               7.5 FASTST   M    M   0    MAX(MPH)
                                 MISC ---->    39 340                     52 350
================================================================================
NOTES:
# LAST OF SEVERAL OCCURRENCES

COLUMN 17 PEAK WIND IN M.P.H.

PRELIMINARY LOCAL CLIMATOLOGICAL DATA (WS FORM: F-6) , PAGE 2

                                          STATION:  MEDICINE LODGE KS
                                          MONTH:    DECEMBER
                                          YEAR:     2010
                                          LATITUDE:   37 17 N
                                          LONGITUDE:  98 35 W

[TEMPERATURE DATA]      [PRECIPITATION DATA]       SYMBOLS USED IN COLUMN 16

AVERAGE MONTHLY: 34.4   TOTAL FOR MONTH:   0.14    1 = FOG OR MIST
DPTR FM NORMAL:   0.9   DPTR FM NORMAL:   -0.73    2 = FOG REDUCING VISIBILITY
HIGHEST:    68 ON 30    GRTST 24HR  0.14 ON 31         TO 1/4 MILE OR LESS
LOWEST:      8 ON 26                               3 = THUNDER
                        SNOW, ICE PELLETS, HAIL    4 = ICE PELLETS
                        TOTAL MONTH:   0.0 INCH    5 = HAIL
                        GRTST 24HR     0.0         6 = FREEZING RAIN OR DRIZZLE
                        GRTST DEPTH:   0           7 = DUSTSTORM OR SANDSTORM:
                                                       VSBY 1/2 MILE OR LESS
                                                   8 = SMOKE OR HAZE
[NO. OF DAYS WITH]      [WEATHER - DAYS WITH]      9 = BLOWING SNOW
                                                   X = TORNADO
MAX 32 OR BELOW:   4    0.01 INCH OR MORE:   1
MAX 90 OR ABOVE:   0    0.10 INCH OR MORE:   1
MIN 32 OR BELOW:  30    0.50 INCH OR MORE:   0
MIN  0 OR BELOW:   0    1.00 INCH OR MORE:   0

[HDD (BASE 65) ]
TOTAL THIS MO.   945
DPTR FM NORMAL   -38
TOTAL FM JUL 1  1692
DPTR FM NORMAL  -213

[CDD (BASE 65) ]
TOTAL THIS MO.     0
DPTR FM NORMAL     0    [PRESSURE DATA]
TOTAL FM JAN 1  2118    HIGHEST SLP 30.63 ON  5
DPTR FM NORMAL   541    LOWEST  SLP 29.21 ON 30

[REMARKS]
#FINAL-12-10#
