000
CXUS43 KDDC 041401
CF6P28
PRELIMINARY LOCAL CLIMATOLOGICAL DATA (WS FORM: F-6)

                                          STATION:   MEDICINE LODGE KS
                                          MONTH:     SEPTEMBER
                                          YEAR:      2010
                                          LATITUDE:   37 17 N
                                          LONGITUDE:  98 35 W

  TEMPERATURE IN F:       :PCPN:    SNOW:  WIND      :SUNSHINE: SKY     :PK WND
================================================================================
1   2   3   4   5  6A  6B    7    8   9   10  11  12  13   14  15   16   17  18
                                     12Z  AVG MX 2MIN
DY MAX MIN AVG DEP HDD CDD  WTR  SNW DPTH SPD SPD DIR MIN PSBL S-S WX    SPD DR
================================================================================

 1  94  70  82   7   0  17 0.00  0.0    0  8.1 20 140   M    M   0        30 140
 2  88  56  72  -3   0   7 0.00  0.0    0 10.5 38  10   M    M   0        48  10
 3  83  50  67  -8   0   2 0.00  0.0    0  6.5 18 350   M    M   0        25  10
 4  87  49  68  -6   0   3 0.00  0.0    0  7.6 21 170   M    M   0        29 180
 5  96  58  77   3   0  12 0.00  0.0    0 14.7 31 180   M    M   0        40 180
 6 100  69  85  11   0  20 0.00  0.0    0 16.6 32 300   M    M   0        43 300
 7  82  65  74   1   0   9 0.00  0.0    0  8.9 20  70   M    M   0        25  70
 8  78  66  72  -1   0   7 0.20  0.0    0  7.4 16 130   M    M   0        23 130
 9  85  67  76   3   0  11 0.04  0.0    0  6.8 15  80   M    M   0        21  70
10  95  73  84  12   0  19 1.24  0.0    0  7.7 23  20   M    M   0        29  20
11  87  66  77   5   0  12 0.00  0.0    0  9.6 17  30   M    M   0        24  40
12  87  54  71  -1   0   6 0.00  0.0    0  5.6 15 170   M    M   0        21 130
13  93  70  82  11   0  17 0.00  0.0    0  7.4 23 160   M    M   0        33 170
14  91  70  81  10   0  16 0.00  0.0    0  7.7 16 140   M    M   0        24 130
15 101  68  85  15   0  20 0.00  0.0    0 11.2 29 350   M    M   0        37 350
16  73  62  68  -2   0   3 0.00  0.0    0  6.9 20  30   M    M   0        24  30
17  90  60  75   5   0  10 0.00  0.0    0  7.5 16 190   M    M   0        23 160
18  95  67  81  12   0  16 0.00  0.0    0  8.9 18 170   M    M   0        24 170
19  94  57  76   7   0  11 0.00  0.0    0  7.8 17 190   M    M   0        24 180
20  92  67  80  11   0  15 0.00  0.0    0 13.6 28 190   M    M   0        37 190
21  92  72  82  14   0  17 0.00  0.0    0 14.3 26 180   M    M   0        35 180
22  90  71  81  13   0  16 0.00  0.0    0 15.0 25 180   M    M   0        36 170
23  78  64  71   4   0   6 1.55  0.0    0 13.9 26 200   M    M   0        37 200
24  80  59  70   3   0   5 0.00  0.0    0  5.1 12  60   M    M   0        16  20
25  85  56  71   4   0   6 0.46  0.0    0  8.9 31  20   M    M   0        38  20
26  73  49  61  -5   4   0 0.00  0.0    0  6.0 16  30   M    M   0        24  50
27  75  49  62  -4   3   0 0.00  0.0    0  5.5 15 180   M    M   0        20 180
28  81  54  68   2   0   3 0.00  0.0    0  6.5 18  10   M    M   0        25 360
29  87  50  69   4   0   4 0.00  0.0    0  5.0 17  30   M    M   0        23  30
30  78  55  67   2   0   2 0.00  0.0    0  9.1 17  40   M    M   0        24  30
================================================================================
SM 2610 1843         7 292 3.49  0.0     270.3          M        0
================================================================================
AV 87.0 61.4                               9.0 FASTST   M    M   0    MAX(MPH)
                                 MISC ---->    38  10                     48  10
================================================================================
NOTES:
# LAST OF SEVERAL OCCURRENCES

COLUMN 17 PEAK WIND IN M.P.H.

PRELIMINARY LOCAL CLIMATOLOGICAL DATA (WS FORM: F-6) , PAGE 2

                                          STATION:  MEDICINE LODGE KS
                                          MONTH:    SEPTEMBER
                                          YEAR:     2010
                                          LATITUDE:   37 17 N
                                          LONGITUDE:  98 35 W

[TEMPERATURE DATA]      [PRECIPITATION DATA]       SYMBOLS USED IN COLUMN 16

AVERAGE MONTHLY: 74.2   TOTAL FOR MONTH:   3.49    1 = FOG OR MIST
DPTR FM NORMAL:   4.0   DPTR FM NORMAL:    1.02    2 = FOG REDUCING VISIBILITY
HIGHEST:   101 ON 15    GRTST 24HR  1.55 ON 23         TO 1/4 MILE OR LESS
LOWEST:     49 ON 27,26                            3 = THUNDER
                        SNOW, ICE PELLETS, HAIL    4 = ICE PELLETS
                        TOTAL MONTH:   0.0 INCH    5 = HAIL
                        GRTST 24HR     0.0         6 = FREEZING RAIN OR DRIZZLE
                        GRTST DEPTH:   0           7 = DUSTSTORM OR SANDSTORM:
                                                       VSBY 1/2 MILE OR LESS
                                                   8 = SMOKE OR HAZE
[NO. OF DAYS WITH]      [WEATHER - DAYS WITH]      9 = BLOWING SNOW
                                                   X = TORNADO
MAX 32 OR BELOW:   0    0.01 INCH OR MORE:   5
MAX 90 OR ABOVE:  13    0.10 INCH OR MORE:   4
MIN 32 OR BELOW:   0    0.50 INCH OR MORE:   2
MIN  0 OR BELOW:   0    1.00 INCH OR MORE:   2

[HDD (BASE 65) ]
TOTAL THIS MO.     7
DPTR FM NORMAL   -31
TOTAL FM JUL 1     7
DPTR FM NORMAL   -32

[CDD (BASE 65) ]
TOTAL THIS MO.   292
DPTR FM NORMAL    97    [PRESSURE DATA]
TOTAL FM JAN 1  2096    HIGHEST SLP 30.28 ON  3
DPTR FM NORMAL   535    LOWEST  SLP 29.58 ON  6

[REMARKS]
#FINAL-09-10#
