000
CXUS43 KDDC 040133
CF6P28
PRELIMINARY LOCAL CLIMATOLOGICAL DATA (WS FORM: F-6)

                                          STATION:   MEDICINE LODGE KS
                                          MONTH:     APRIL
                                          YEAR:      2010
                                          LATITUDE:   37 17 N
                                          LONGITUDE:  98 35 W

  TEMPERATURE IN F:       :PCPN:    SNOW:  WIND      :SUNSHINE: SKY     :PK WND
================================================================================
1   2   3   4   5  6A  6B    7    8   9   10  11  12  13   14  15   16   17  18
                                     12Z  AVG MX 2MIN
DY MAX MIN AVG DEP HDD CDD  WTR  SNW DPTH SPD SPD DIR MIN PSBL S-S WX    SPD DR
================================================================================

 1  81  61  71  21   0   6 0.00  0.0    0 17.0 32 180   M    M   0        40 180
 2  69  42  56   6   9   0 0.01  0.0    0 10.5 23 290   M    M   0        29 320
 3  70  29  50  -1  15   0 0.00  0.0    0  9.7 26 190   M    M   0        33 170
 4  83  41  62  11   3   0 0.00  0.0    0  8.9 23 230   M    M   0        30 250
 5  92  57  75  24   0  10 0.00  0.0    0 15.2 32 170   M    M   0        41 180
 6  88  47  68  16   0   3 0.00  0.0    0 19.1 33 330   M    M   0        46 310
 7  54  35  45  -7  20   0 0.00  0.0    0 13.2 32 350   M    M   0        45 360
 8  70  27  49  -3  16   0 0.00  0.0    0  5.5 20 280   M    M   0        26 290
 9  79  39  59   6   6   0 0.00  0.0    0 12.9 28 180   M    M   0        36 170
10  79  48  64  11   1   0 0.00  0.0    0 12.4 23 190   M    M   0        32 150
11  70  53  62   9   3   0 0.00  0.0    0  7.6 15 180   M    M   0        20 180
12  77  56  67  13   0   2 0.00  0.0    0 10.2 24 180   M    M   0        30 170
13  78  55  67  13   0   2 0.00  0.0    0 16.7 32 180   M    M   0        45 190
14  80  57  69  15   0   4 0.00  0.0    0 13.1 30 170   M    M   0        39 180
15  78  53  66  11   0   1 0.03  0.0    0  9.7 25 190   M    M   0        33 180
16  62  46  54  -1  11   0 0.26  0.0    0 11.2 29  30   M    M   0        36  40
17  67  42  55   0  10   0 0.00  0.0    0  6.8 16  50   M    M   0        32  70
18  59  49  54  -2  11   0 0.00  0.0    0  4.7 15 130   M    M   0        21 140
19  64  47  56   0   9   0 0.00  0.0    0  4.7 16 190   M    M   0        24 130
20  64  43  54  -2  11   0 0.00  0.0    0  7.4 18 200   M    M   0        25 200
21  68  53  61   4   4   0 0.00  0.0    0  5.8 12 180   M    M   0        18 110
22  75  58  67  10   0   2 0.56  0.0    0  8.9 21 160   M    M   0        29 150
23  74  54  64   7   1   0 0.67  0.0    0 17.8 38 210   M    M   0        53 210
24  64  46  55  -3  10   0 0.32  0.0    0 10.2 24 330   M    M   0        32 330
25  73  51  62   4   3   0 0.00  0.0    0 13.8 25 340   M    M   0        35 320
26  65  43  54  -5  11   0 0.01  0.0    0 14.1 29 340   M    M   0        38 330
27  68  40  54  -5  11   0 0.00  0.0    0  6.7 17 350   M    M   0        23 330
28  77  46  62   3   3   0 0.00  0.0    0 19.0 31 170   M    M   0        43 190
29  86  64  75  15   0  10 0.00  0.0    0 21.3 35 180   M    M   0        46 180
30  75  50  63   3   2   0 0.09  0.0    0 10.0 29 340   M    M   0        41 350
================================================================================
SM 2189 1432       170  40 1.95  0.0     344.1          M        0
================================================================================
AV 73.0 47.7                              11.5 FASTST   M    M   0      MAX(MPH)
                                 MISC ---->    38 210                     53 210
================================================================================
NOTES:
# LAST OF SEVERAL OCCURRENCES

COLUMN 17 PEAK WIND IN M.P.H.

PRELIMINARY LOCAL CLIMATOLOGICAL DATA (WS FORM: F-6) , PAGE 2

                                          STATION:  MEDICINE LODGE KS
                                          MONTH:    APRIL
                                          YEAR:     2010
                                          LATITUDE:   37 17 N
                                          LONGITUDE:  98 35 W

[TEMPERATURE DATA]      [PRECIPITATION DATA]       SYMBOLS USED IN COLUMN 16

AVERAGE MONTHLY: 60.4   TOTAL FOR MONTH:   1.95    1 = FOG OR MIST
DPTR FM NORMAL:   5.3   DPTR FM NORMAL:   -0.75    2 = FOG REDUCING VISIBILITY
HIGHEST:    92 ON  5    GRTST 24HR  1.13 ON 22-23      TO 1/4 MILE OR LESS
LOWEST:     27 ON  8                               3 = THUNDER
                        SNOW, ICE PELLETS, HAIL    4 = ICE PELLETS
                        TOTAL MONTH:   0.0 INCH    5 = HAIL
                        GRTST 24HR     0.0         6 = FREEZING RAIN OR DRIZZLE
                        GRTST DEPTH:   0           7 = DUSTSTORM OR SANDSTORM:
                                                       VSBY 1/2 MILE OR LESS
                                                   8 = SMOKE OR HAZE
[NO. OF DAYS WITH]      [WEATHER - DAYS WITH]      9 = BLOWING SNOW
                                                   X = TORNADO
MAX 32 OR BELOW:   0    0.01 INCH OR MORE:   8
MAX 90 OR ABOVE:   1    0.10 INCH OR MORE:   4
MIN 32 OR BELOW:   2    0.50 INCH OR MORE:   2
MIN  0 OR BELOW:   0    1.00 INCH OR MORE:   0

[HDD (BASE 65) ]
TOTAL THIS MO.   170
DPTR FM NORMAL  -147
TOTAL FM JUL 1  4630
DPTR FM NORMAL   -95

[CDD (BASE 65) ]
TOTAL THIS MO.    40
DPTR FM NORMAL    25    [PRESSURE DATA]
TOTAL FM JAN 1    46    HIGHEST SLP 30.31 ON 16
DPTR FM NORMAL    31    LOWEST  SLP 29.12 ON 29

[REMARKS]
#FINAL-04-10#
