000
CXUS43 KDDC 031314
CF6P28
PRELIMINARY LOCAL CLIMATOLOGICAL DATA (WS FORM: F-6)

                                          STATION:   MEDICINE LODGE KS
                                          MONTH:     JULY
                                          YEAR:      2010
                                          LATITUDE:   37 17 N
                                          LONGITUDE:  98 35 W

  TEMPERATURE IN F:       :PCPN:    SNOW:  WIND      :SUNSHINE: SKY     :PK WND
================================================================================
1   2   3   4   5  6A  6B    7    8   9   10  11  12  13   14  15   16   17  18
                                     12Z  AVG MX 2MIN
DY MAX MIN AVG DEP HDD CDD  WTR  SNW DPTH SPD SPD DIR MIN PSBL S-S WX    SPD DR
================================================================================

 1  88  67  78  -1   0  13 0.00  0.0    0  6.6 14 130   M    M   0        22 160
 2  88  69  79  -1   0  14 0.02  0.0    0  8.5 20 170   M    M   0        26 180
 3  83  73  78  -2   0  13 0.08  0.0    0 12.1 23 190   M    M   0        28 200
 4  84  71  78  -2   0  13 1.89  0.0    0 11.1 25 180   M    M   0        33 190
 5  79  68  74  -6   0   9 0.36  0.0    0  5.9 21  20   M    M   0        29  20
 6  88  64  76  -4   0  11 0.00  0.0    0  3.9 20 130   M    M   0        26 130
 7  87  69  78  -2   0  13 0.37  0.0    0  4.8 14 360   M    M   0        18  40
 8  83  70  77  -3   0  12 0.00  0.0    0  7.5 16  20   M    M   0        22  10
 9  87  66  77  -4   0  12 0.00  0.0    0  5.2 13  40   M    M   0        17  50
10  90  66  78  -3   0  13 0.00  0.0    0  6.1 15 190   M    M   0        20 200
11  97  74  86   5   0  21 0.00  0.0    0  5.9 23 190   M    M   0        32 180
12  92  71  82   1   0  17 0.00  0.0    0  6.1 20 180   M    M   0        26 180
13 100  69  85   4   0  20 0.00  0.0    0  6.9 18 170   M    M   0        23 170
14  98  77  88   7   0  23 0.00  0.0    0 11.3 24 190   M    M   0        31 190
15  92  73  83   2   0  18 0.00  0.0    0  7.2 29  40   M    M   0        39  30
16  98  73  86   5   0  21 0.00  0.0    0  5.0 10 190   M    M   0        14 200
17 101  73  87   6   0  22 0.00  0.0    0  6.8 16 230   M    M   0        22 190
18 102  71  87   6   0  22 0.00  0.0    0  7.6 18 180   M    M   0        24 170
19 101  73  87   6   0  22 0.00  0.0    0 10.4 23 200   M    M   0        32 170
20 101  76  89   8   0  24 0.00  0.0    0 11.8 22 220   M    M   0        28 220
21  98  77  88   7   0  23 0.00  0.0    0 10.2 22 200   M    M   0        29 190
22  99  76  88   7   0  23 0.00  0.0    0 14.8 29 190   M    M   0        39 180
23 100  76  88   7   0  23 0.00  0.0    0 12.4 28 190   M    M   0        37 200
24 100  75  88   7   0  23 0.00  0.0    0  4.6 21 200   M    M   0        26 220
25  91  72  82   1   0  17 0.10  0.0    0  4.2 16 260   M    M   0        23 260
26  97  71  84   3   0  19 0.00  0.0    0  8.0 17 220   M    M   0        28 210
27  95  69  82   1   0  17 0.00  0.0    0  8.3 21 200   M    M   0        26 200
28  96  71  84   3   0  19 0.00  0.0    0  6.7 20 200   M    M   0        25 190
29  96  73  85   4   0  20 0.00  0.0    0  8.3 20 190   M    M   0        26 180
30 100  74  87   6   0  22 0.00  0.0    0  8.9 20 200   M    M   0        25 200
31 102  71  87   6   0  22 0.00  0.0    0  6.7 20  50   M    M   0        25  50
================================================================================
SM 2913 2218         0 561 2.82  0.0     243.8          M        0
================================================================================
AV 94.0 71.5                               7.9 FASTST   M    M   0    MAX(MPH)
                                 MISC ---->  # 29  40                   # 39  30
================================================================================
NOTES:
# LAST OF SEVERAL OCCURRENCES

COLUMN 17 PEAK WIND IN M.P.H.

PRELIMINARY LOCAL CLIMATOLOGICAL DATA (WS FORM: F-6) , PAGE 2

                                          STATION:  MEDICINE LODGE KS
                                          MONTH:    JULY
                                          YEAR:     2010
                                          LATITUDE:   37 17 N
                                          LONGITUDE:  98 35 W

[TEMPERATURE DATA]      [PRECIPITATION DATA]       SYMBOLS USED IN COLUMN 16

AVERAGE MONTHLY: 82.8   TOTAL FOR MONTH:   2.82    1 = FOG OR MIST
DPTR FM NORMAL:   2.1   DPTR FM NORMAL:   -0.21    2 = FOG REDUCING VISIBILITY
HIGHEST:   102 ON 31,18 GRTST 24HR  1.91 ON  3- 4      TO 1/4 MILE OR LESS
LOWEST:     64 ON  6                               3 = THUNDER
                        SNOW, ICE PELLETS, HAIL    4 = ICE PELLETS
                        TOTAL MONTH:   0.0 INCH    5 = HAIL
                        GRTST 24HR     0.0         6 = FREEZING RAIN OR DRIZZLE
                        GRTST DEPTH:   0           7 = DUSTSTORM OR SANDSTORM:
                                                       VSBY 1/2 MILE OR LESS
                                                   8 = SMOKE OR HAZE
[NO. OF DAYS WITH]      [WEATHER - DAYS WITH]      9 = BLOWING SNOW
                                                   X = TORNADO
MAX 32 OR BELOW:   0    0.01 INCH OR MORE:   6
MAX 90 OR ABOVE:  22    0.10 INCH OR MORE:   4
MIN 32 OR BELOW:   0    0.50 INCH OR MORE:   1
MIN  0 OR BELOW:   0    1.00 INCH OR MORE:   1

[HDD (BASE 65) ]
TOTAL THIS MO.     0
DPTR FM NORMAL     0
TOTAL FM JUL 1     0
DPTR FM NORMAL     0

[CDD (BASE 65) ]
TOTAL THIS MO.   561
DPTR FM NORMAL    75    [PRESSURE DATA]
TOTAL FM JAN 1  1238    HIGHEST SLP 30.17 ON  1
DPTR FM NORMAL   310    LOWEST  SLP 29.62 ON 12

[REMARKS]
#FINAL-07-10#
