052
CXUS53 KDDC 011324
CF6P28
PRELIMINARY LOCAL CLIMATOLOGICAL DATA (WS FORM: F-6)

                                          STATION:   MEDICINE LODGE KS
                                          MONTH:     SEPTEMBER
                                          YEAR:      2015
                                          LATITUDE:   37 17 N
                                          LONGITUDE:  98 35 W

  TEMPERATURE IN F:       :PCPN:    SNOW:  WIND      :SUNSHINE: SKY     :PK WND
================================================================================
1   2   3   4   5  6A  6B    7    8   9   10  11  12  13   14  15   16   17  18
                                     12Z  AVG MX 2MIN
DY MAX MIN AVG DEP HDD CDD  WTR  SNW DPTH SPD SPD DIR MIN PSBL S-S WX    SPD DR
================================================================================

 1  97  70  84   7   0  19 0.00  0.0    0  9.7 22 190   M    M   0        28 180
 2  98  71  85   9   0  20 0.00  0.0    0 11.7 24 180   M    M   0        32 190
 3  97  71  84   8   0  19 0.00  0.0    0 11.9 24 190   M    M   0        32 170
 4  97  71  84   8   0  19 0.00  0.0    0  9.6 20 190   M    M   0        27 170
 5  97  71  84   9   0  19 0.00  0.0    0  9.4 20 180   M    M   0        25 180
 6 102  73  88  13   0  23 0.00  0.0    0  8.7 17 180   M    M   0        24 200
 7 104  70  87  12   0  22 0.88  0.0    0  9.8 24 300   M    M   0        31 290
 8  81  66  74   0   0   9 0.41  0.0    0  6.3 22  40   M    M   0        27  40
 9  86  63  75   1   0  10 0.00  0.0    0  3.4  9  30   M    M   0        14  90
10  92  64  78   4   0  13 0.13  0.0    0  7.1 28 330   M    M   0        39  20
11  77  63  70  -3   0   5 0.00  0.0    0 11.8 22  30   M    M   0        30  40
12  80  54  67  -6   0   2 0.00  0.0    0  6.9 15 130   M    M   0        22 120
13  91  57  74   2   0   9 0.00  0.0    0 11.6 21 180   M    M   0        27 190
14  92  66  79   7   0  14 0.00  0.0    0 17.1 46 200   M    M   0        60 210
15  92  65  79   7   0  14 0.00  0.0    0 14.6 28 190   M    M   0        40 190
16  94  68  81  10   0  16 0.00  0.0    0 15.3 30 180   M    M   0        45 180
17  98  74  86  15   0  21 0.02  0.0    0 10.8 20 180   M    M   0        26 200
18  90  54  72   2   0   7 0.03  0.0    0 11.4 30 350   M    M   0        38 350
19  78  52  65  -5   0   0 0.00  0.0    0  6.2 14 360   M    M   0        18 360
20  73  60  67  -2   0   2 0.00  0.0    0  7.4 20 180   M    M   0        26 190
21  85  66  76   7   0  11 0.00  0.0    0  9.0 15 170   M    M   0        22 160
22  88  66  77   8   0  12 0.00  0.0    0  8.0 15 170   M    M   0        20 160
23  83  68  76   8   0  11 0.01  0.0    0  6.7 18 190   M    M   0        25 180
24  86  64  75   7   0  10 0.00  0.0    0  6.2 14 190   M    M   0        17 190
25  87  58  73   6   0   8 0.00  0.0    0  5.8 16  50   M    M   0        21  20
26  83  65  74   7   0   9 0.00  0.0    0  6.7 13  70   M    M   0        16  80
27  85  53  69   3   0   4 0.00  0.0    0  5.9 16 170   M    M   0        23 200
28  88  57  73   7   0   8 0.00  0.0    0  5.7 13 190   M    M   0        17 170
29  88  56  72   6   0   7 0.05  0.0    0  5.9 21  30   M    M   0        32  20
30  78  60  69   4   0   4 0.00  0.0    0  6.1 12  50   M    M   0        15  60
================================================================================
SM 2667 1916         0 347 1.53  0.0     266.7          M        0
================================================================================
AV 88.9 63.9                               8.9 FASTST   M    M   0      MAX(MPH)
                                 MISC ---->    46 200                     60 210
================================================================================
NOTES:
# LAST OF SEVERAL OCCURRENCES

COLUMN 17 PEAK WIND IN M.P.H.

PRELIMINARY LOCAL CLIMATOLOGICAL DATA (WS FORM: F-6) , PAGE 2

                                          STATION:  MEDICINE LODGE KS
                                          MONTH:    SEPTEMBER
                                          YEAR:     2015
                                          LATITUDE:   37 17 N
                                          LONGITUDE:  98 35 W

[TEMPERATURE DATA]      [PRECIPITATION DATA]       SYMBOLS USED IN COLUMN 16

AVERAGE MONTHLY: 76.4   TOTAL FOR MONTH:   1.53    1 = FOG OR MIST
DPTR FM NORMAL:   5.2   DPTR FM NORMAL:   -0.57    2 = FOG REDUCING VISIBILITY
HIGHEST:   104 ON  7    GRTST 24HR  0.88 ON  7- 7      TO 1/4 MILE OR LESS
LOWEST:     52 ON 19                               3 = THUNDER
                        SNOW, ICE PELLETS, HAIL    4 = ICE PELLETS
                        TOTAL MONTH:   0.0 INCH    5 = HAIL
                        GRTST 24HR     0.0         6 = FREEZING RAIN OR DRIZZLE
                        GRTST DEPTH:   0           7 = DUSTSTORM OR SANDSTORM:
                                                       VSBY 1/2 MILE OR LESS
                                                   8 = SMOKE OR HAZE
[NO. OF DAYS WITH]      [WEATHER - DAYS WITH]      9 = BLOWING SNOW
                                                   X = TORNADO
MAX 32 OR BELOW:   0    0.01 INCH OR MORE:   7
MAX 90 OR ABOVE:  14    0.10 INCH OR MORE:   3
MIN 32 OR BELOW:   0    0.50 INCH OR MORE:   1
MIN  0 OR BELOW:   0    1.00 INCH OR MORE:   0

[HDD (BASE 65) ]
TOTAL THIS MO.     0
DPTR FM NORMAL   -34
TOTAL FM JUL 1     0
DPTR FM NORMAL   -34

[CDD (BASE 65) ]
TOTAL THIS MO.   347
DPTR FM NORMAL   127    [PRESSURE DATA]
TOTAL FM JAN 1  1826    HIGHEST SLP 30.19 ON 12
DPTR FM NORMAL    95    LOWEST  SLP 29.62 ON 14

[REMARKS]
#FINAL-09-15#
