000
CXUS53 KDDC 020051
CF6P28
PRELIMINARY LOCAL CLIMATOLOGICAL DATA (WS FORM: F-6)

                                          STATION:   MEDICINE LODGE KS
                                          MONTH:     MAY
                                          YEAR:      2017
                                          LATITUDE:   37 17 N
                                          LONGITUDE:  98 35 W

  TEMPERATURE IN F:       :PCPN:    SNOW:  WIND      :SUNSHINE: SKY     :PK WND
================================================================================
1   2   3   4   5  6A  6B    7    8   9   10  11  12  13   14  15   16   17  18
                                     12Z  AVG MX 2MIN
DY MAX MIN AVG DEP HDD CDD  WTR  SNW DPTH SPD SPD DIR MIN PSBL S-S WX    SPD DR
================================================================================

 1   M   M   M   M   M   M 0.00  0.0    0 12.2 18 310   M    M   0        36 310
 2   M   M   M   M   M   M 0.36  0.0    0  8.7 21  60   M    M   0        28  60
 3   M   M   M   M   M   M 1.16  0.0    0 11.2 27  40   M    M   0        38  40
 4   M   M   M   M   M   M 0.00  0.0    0 10.3 20 360   M    M   0        30  10
 5   M   M   M   M   M   M 0.00  0.0    0  4.5  6 140   M    M   0         M  M
 6   M   M   M   M   M   M 0.00  0.0    0  4.5  9 240   M    M   0         M  M
 7   M   M   M   M   M   M 0.00  0.0    0 10.8 22 190   M    M   0        31 160
 8   M   M   M   M   M   M 0.00  0.0    0  9.8 17 180   M    M   0        31 190
 9   M   M   M   M   M   M 0.00  0.0    0  8.3 15 170   M    M   0        21 180
10   M   M   M   M   M   M 0.30  0.0    0  7.5 13 260   M    M   0        25 260
11   M   M   M   M   M   M 1.90  0.0    0  9.0 29  50   M    M   0        41  40
12   M   M   M   M   M   M 0.00  0.0    0  8.7 17  20   M    M   0        22  20
13   M   M   M   M   M   M 0.00  0.0    0  8.8 17 170   M    M   0        25 160
14   M   M   M   M   M   M 0.00  0.0    0 11.2 18 190   M    M   0        25 170
15   M   M   M   M   M   M 0.00  0.0    0 11.3 18 170   M    M   0        32 180
16   M   M   M   M   M   M 0.08  0.0    0 15.3 27 180   M    M   0        50 150
17  80  65  73   6   0   8 0.00  0.0    0 12.6 29 230   M    M   0        40 210
18  84  53  69   1   0   4 0.77  0.0    0  9.6 24 140   M    M   0        39 120
19  73  52  63  -5   2   0 0.32  0.0    0 10.7 26 290   M    M   0        37 280
20  65  47  56 -12   9   0 0.00  0.0    0 12.2 25 320   M    M   0        32 320
21  73  40  57 -12   8   0 0.00  0.0    0  4.3 13 220   M    M   0        17 200
22  71  53  62  -7   3   0 0.04  0.0    0  6.7 17 200   M    M   0        23 230
23  70  46  58 -12   7   0 0.00  0.0    0 12.2 28 350   M    M   0        36 340
24  72  41  57 -13   8   0 0.00  0.0    0  6.5 17 330   M    M   0        25  20
25  85  51  68  -2   0   3 0.00  0.0    0 11.7 23 180   M    M   0        29 190
26  87  60  74   4   0   9 0.00  0.0    0 10.1 21  10   M    M   0        26 350
27  84  62  73   2   0   8 0.00  0.0    0 12.0 26  60   M    M   0        35  30
28  83  56  70  -1   0   5 0.00  0.0    0  7.4 17  20   M    M   0        22  20
29  86  49  68  -4   0   3 0.00  0.0    0  6.4 17  20   M    M   0        23 340
30  83  59  71  -1   0   6 0.24  0.0    0  6.2 21 290   M    M   0        27 290
31  90  63  77   5   0  12 0.01  0.0    0  9.5 25 240   M    M   0        35 250
================================================================================
SM 1186  797        37  58 5.18  0.0     290.2          M        0
================================================================================
AV 79.1 53.1                               9.4 FASTST   M    M   0      MAX(MPH)
                                 MISC ---->  # 29  50                     50 150
================================================================================
NOTES:
# LAST OF SEVERAL OCCURRENCES

COLUMN 17 PEAK WIND IN M.P.H.

PRELIMINARY LOCAL CLIMATOLOGICAL DATA (WS FORM: F-6) , PAGE 2

                                          STATION:  MEDICINE LODGE KS
                                          MONTH:    MAY
                                          YEAR:     2017
                                          LATITUDE:   37 17 N
                                          LONGITUDE:  98 35 W

[TEMPERATURE DATA]      [PRECIPITATION DATA]       SYMBOLS USED IN COLUMN 16

AVERAGE MONTHLY: 66.1   TOTAL FOR MONTH:   5.18    1 = FOG OR MIST
DPTR FM NORMAL:  -0.9   DPTR FM NORMAL:    1.88    2 = FOG REDUCING VISIBILITY
HIGHEST:    90 ON 31    GRTST 24HR  1.90 ON 11-11      TO 1/4 MILE OR LESS
LOWEST:     40 ON 21                               3 = THUNDER
                        SNOW, ICE PELLETS, HAIL    4 = ICE PELLETS
                        TOTAL MONTH:   0.0 INCH    5 = HAIL
                        GRTST 24HR     0.0         6 = FREEZING RAIN OR DRIZZLE
                        GRTST DEPTH:   0           7 = DUSTSTORM OR SANDSTORM:
                                                       VSBY 1/2 MILE OR LESS
                                                   8 = SMOKE OR HAZE
[NO. OF DAYS WITH]      [WEATHER - DAYS WITH]      9 = BLOWING SNOW
                                                   X = TORNADO
MAX 32 OR BELOW:   0    0.01 INCH OR MORE:  10
MAX 90 OR ABOVE:   1    0.10 INCH OR MORE:   7
MIN 32 OR BELOW:   0    0.50 INCH OR MORE:   3
MIN  0 OR BELOW:   0    1.00 INCH OR MORE:   2

[HDD (BASE 65) ]
TOTAL THIS MO.    37
DPTR FM NORMAL   -33
TOTAL FM JUL 1  3711
DPTR FM NORMAL  -744

[CDD (BASE 65) ]
TOTAL THIS MO.    58
DPTR FM NORMAL   -74    [PRESSURE DATA]
TOTAL FM JAN 1    98    HIGHEST SLP 30.21 ON 21
DPTR FM NORMAL   -58    LOWEST  SLP 29.39 ON 25

[REMARKS]
#FINAL-05-17#
