000
CXUS53 KDDC 031349
CF6P28
PRELIMINARY LOCAL CLIMATOLOGICAL DATA (WS FORM: F-6)

                                          STATION:   MEDICINE LODGE KS
                                          MONTH:     AUGUST
                                          YEAR:      2013
                                          LATITUDE:   37 17 N
                                          LONGITUDE:  98 35 W

  TEMPERATURE IN F:       :PCPN:    SNOW:  WIND      :SUNSHINE: SKY     :PK WND
================================================================================
1   2   3   4   5  6A  6B    7    8   9   10  11  12  13   14  15   16   17  18
                                     12Z  AVG MX 2MIN
DY MAX MIN AVG DEP HDD CDD  WTR  SNW DPTH SPD SPD DIR MIN PSBL S-S WX    SPD DR
================================================================================

 1  91  64  78  -4   0  13 0.00  0.0    0  6.7 17 170   M    M   0        24 170
 2  99  75  87   5   0  22 0.13  0.0    0  9.0 21 270   M    M   0        28 280
 3  94  75  85   3   0  20 0.05  0.0    0 11.4 22  80   M    M   0        29  90
 4  83  72  78  -4   0  13 0.22  0.0    0  9.8 17 130   M    M   0        23 130
 5 102  68  85   3   0  20 1.06  0.0    0  8.0 32 230   M    M   0        60 190
 6  93  71  82   0   0  17 0.36  0.0    0  6.5 21 330   M    M   0        30 330
 7  85  70  78  -4   0  13 0.00  0.0    0  8.0 20  40   M    M   0        25  30
 8  82  66  74  -8   0   9 3.21  0.0    0  7.4 36 350   M    M   0        43 350
 9  74  63  69 -13   0   4 0.46  0.0    0  8.6 18  50   M    M   0        26 190
10  83  60  72 -10   0   7 0.00  0.0    0  4.4 10  90   M    M   0        16 140
11  85  63  74  -7   0   9 0.00  0.0    0  6.0 15 180   M    M   0        18 200
12  86  69  78  -3   0  13 0.30  0.0    0  6.4 29 190   M    M   0        35 210
13  83  64  74  -7   0   9 0.19  0.0    0  6.6 30  50   M    M   0        41  50
14  81  63  72  -9   0   7 0.00  0.0    0  5.2  9 110   M    M   0        17 100
15  84  64  74  -7   0   9 0.31  0.0    0  6.3 18  90   M    M   0        22  90
16  79  61  70 -11   0   5 0.00  0.0    0  4.5 10 130   M    M   0        14 140
17  81  65  73  -7   0   8 0.00  0.0    0  6.9 14 130   M    M   0        19 160
18  82  63  73  -7   0   8 0.00  0.0    0  7.5 16 140   M    M   0        23 130
19  88  66  77  -3   0  12 0.00  0.0    0  8.4 17 170   M    M   0        22 180
20  93  66  80   0   0  15 0.00  0.0    0  8.7 17 170   M    M   0        25 190
21  94  66  80   0   0  15 0.00  0.0    0  9.2 20 190   M    M   0        24 190
22  93  65  79   0   0  14 0.00  0.0    0  7.3 20 180   M    M   0        24 180
23  96  70  83   4   0  18 0.00  0.0    0  8.2 16 210   M    M   0        22 210
24  96  71  84   5   0  19 0.00  0.0    0  8.9 17 170   M    M   0        24 180
25  95  71  83   4   0  18 0.00  0.0    0  8.6 16 190   M    M   0        21 180
26  94  71  83   5   0  18 0.00  0.0    0  9.4 20 200   M    M   0        26 220
27  93  69  81   3   0  16 0.00  0.0    0  8.5 18 190   M    M   0        27 190
28  94  66  80   2   0  15 0.00  0.0    0  6.8 14 220   M    M   0        18 220
29  98  71  85   7   0  20 0.00  0.0    0  7.7 18 210   M    M   0        26 220
30 103  66  85   8   0  20 0.00  0.0    0  4.6 12 240   M    M   0        15 190
31 103  68  86   9   0  21 0.00  0.0    0  6.5 18  50   M    M   0        25 360
================================================================================
SM 2787 2082         0 427 6.29  0.0     232.0          M        0
================================================================================
AV 89.9 67.2                               7.5 FASTST   M    M   0      MAX(MPH)
                                 MISC ---->    36 350                     60 190
================================================================================
NOTES:
# LAST OF SEVERAL OCCURRENCES

COLUMN 17 PEAK WIND IN M.P.H.

PRELIMINARY LOCAL CLIMATOLOGICAL DATA (WS FORM: F-6) , PAGE 2

                                          STATION:  MEDICINE LODGE KS
                                          MONTH:    AUGUST
                                          YEAR:     2013
                                          LATITUDE:   37 17 N
                                          LONGITUDE:  98 35 W

[TEMPERATURE DATA]      [PRECIPITATION DATA]       SYMBOLS USED IN COLUMN 16

AVERAGE MONTHLY: 78.6   TOTAL FOR MONTH:   6.29    1 = FOG OR MIST
DPTR FM NORMAL:  -1.7   DPTR FM NORMAL:    3.17    2 = FOG REDUCING VISIBILITY
HIGHEST:   103 ON 31,30 GRTST 24HR  3.21 ON  8- 8      TO 1/4 MILE OR LESS
LOWEST:     60 ON 10                               3 = THUNDER
                        SNOW, ICE PELLETS, HAIL    4 = ICE PELLETS
                        TOTAL MONTH:   0.0 INCH    5 = HAIL
                        GRTST 24HR     0.0         6 = FREEZING RAIN OR DRIZZLE
                        GRTST DEPTH:   0           7 = DUSTSTORM OR SANDSTORM:
                                                       VSBY 1/2 MILE OR LESS
                                                   8 = SMOKE OR HAZE
[NO. OF DAYS WITH]      [WEATHER - DAYS WITH]      9 = BLOWING SNOW
                                                   X = TORNADO
MAX 32 OR BELOW:   0    0.01 INCH OR MORE:  10
MAX 90 OR ABOVE:  17    0.10 INCH OR MORE:   9
MIN 32 OR BELOW:   0    0.50 INCH OR MORE:   2
MIN  0 OR BELOW:   0    1.00 INCH OR MORE:   2

[HDD (BASE 65) ]
TOTAL THIS MO.     0
DPTR FM NORMAL     0
TOTAL FM JUL 1     0
DPTR FM NORMAL     0

[CDD (BASE 65) ]
TOTAL THIS MO.   427
DPTR FM NORMAL   -47    [PRESSURE DATA]
TOTAL FM JAN 1  1449    HIGHEST SLP 30.20 ON 10
DPTR FM NORMAL   -62    LOWEST  SLP 29.70 ON  6

[REMARKS]
#FINAL-08-13#
