000
CXUS53 KDDC 031346
CF6P28
PRELIMINARY LOCAL CLIMATOLOGICAL DATA (WS FORM: F-6)

                                          STATION:   MEDICINE LODGE KS
                                          MONTH:     NOVEMBER
                                          YEAR:      2015
                                          LATITUDE:   37 17 N
                                          LONGITUDE:  98 35 W

  TEMPERATURE IN F:       :PCPN:    SNOW:  WIND      :SUNSHINE: SKY     :PK WND
================================================================================
1   2   3   4   5  6A  6B    7    8   9   10  11  12  13   14  15   16   17  18
                                     12Z  AVG MX 2MIN
DY MAX MIN AVG DEP HDD CDD  WTR  SNW DPTH SPD SPD DIR MIN PSBL S-S WX    SPD DR
================================================================================

 1  77  38  58   6   7   0 0.00  0.0    0  5.2 15 170   M    M   0        19 170
 2  74  39  57   5   8   0 0.00  0.0    0  6.5 15 180   M    M   0        21 150
 3  78  52  65  14   0   0 0.00  0.0    0 11.9 22 170   M    M   0        29 150
 4  69  58  64  13   1   0 0.00  0.0    0 13.0 22 180   M    M   0        31 170
 5  76  45  61  11   4   0 0.01  0.0    0 11.1 23 330   M    M   0        32 340
 6  62  33  48  -2  17   0 0.00  0.0    0  3.5  9  10   M    M   0        14 150
 7  62  33  48  -1  17   0 0.00  0.0    0  5.8 13  40   M    M   0        16 360
 8  62  28  45  -4  20   0 0.00  0.0    0  6.9 21 180   M    M   0        27 190
 9  66  39  53   5  12   0 0.00  0.0    0  9.8 21 180   M    M   0        27 170
10  75  44  60  12   5   0 0.00  0.0    0 11.0 20 180   M    M   0        24 180
11  64  41  53   5  12   0 0.00  0.0    0 16.6 32 290   M    M   0        45 300
12  64  33  49   2  16   0 0.00  0.0    0  7.0 16 360   M    M   0        22  10
13  67  28  48   1  17   0 0.00  0.0    0  7.2 16 190   M    M   0        24 190
14   M   M   M   M   M   M 0.00  0.0    0   M   M   M   M    M   M         M  M
15   M   M   M   M   M   M 0.00  0.0    0   M   M   M   M    M   M         M  M
16  68   M   M   M   M   M 0.00  0.0    0 13.2 25 180   M    M   0        36 170
17  64  40  52   7  13   0 1.52  0.0    0  8.3 24 310   M    M   0        32 310
18  67  35  51   7  14   0 0.00  0.0    0 11.5 25 350   M    M   0        35 350
19  53  30  42  -2  23   0 0.00  0.0    0  6.5 24 360   M    M   0        33 350
20  66  30  48   5  17   0 0.00  0.0    0 13.3 37 360   M    M   0        48  10
21  44  24  34  -9  31   0 0.00  0.0    0 13.2 36 360   M    M   0        50 360
22  62  22  42   0  23   0 0.00  0.0    0  4.2 12 320   M    M   0        16 330
23  63  26  45   3  20   0 0.00  0.0    0  6.6 14 170   M    M   0        19 170
24  62  36  49   8  16   0 0.00  0.0    0 13.3 25 190   M    M   0        34 190
25  69  49  59  18   6   0 0.00  0.0    0 11.8 25 190   M    M   0        33 190
26  57  30  44   4  21   0 0.96  0.0    0 14.8 28 360   M    M   0        35  10
27  30  25  28 -12  37   0 0.15  0.0    0 18.0 28 360   M    M   0        35 360
28  31  26  29 -11  36   0 0.18    T    T  8.7 18  20   M    M   0        23  10
29  32  30  31  -8  34   0 0.05  0.0    T  6.3 12 360   M    M   0        13 360
30  41  27  34  -5  31   0 0.20  0.0    T  5.3 16 290   M    M   0        20 290
================================================================================
SM 1705  941       458   0 3.07    T     270.5          M        0
================================================================================
AV 60.9 34.9                               9.7 FASTST   M    M   0      MAX(MPH)
                                 MISC ---->    37 360                     50 360
================================================================================
NOTES:
# LAST OF SEVERAL OCCURRENCES

COLUMN 17 PEAK WIND IN M.P.H.

PRELIMINARY LOCAL CLIMATOLOGICAL DATA (WS FORM: F-6) , PAGE 2

                                          STATION:  MEDICINE LODGE KS
                                          MONTH:    NOVEMBER
                                          YEAR:     2015
                                          LATITUDE:   37 17 N
                                          LONGITUDE:  98 35 W

[TEMPERATURE DATA]      [PRECIPITATION DATA]       SYMBOLS USED IN COLUMN 16

AVERAGE MONTHLY: 47.9   TOTAL FOR MONTH:   3.07    1 = FOG OR MIST
DPTR FM NORMAL:   2.5   DPTR FM NORMAL:    2.14    2 = FOG REDUCING VISIBILITY
HIGHEST:    78 ON  3    GRTST 24HR  1.52 ON 17-17      TO 1/4 MILE OR LESS
LOWEST:     22 ON 22                               3 = THUNDER
                        SNOW, ICE PELLETS, HAIL    4 = ICE PELLETS
                        TOTAL MONTH:    T          5 = HAIL
                        GRTST 24HR    T  ON 28-28  6 = FREEZING RAIN OR DRIZZLE
                        GRTST DEPTH:   T ON 28-30  7 = DUSTSTORM OR SANDSTORM:
                                                       VSBY 1/2 MILE OR LESS
                                                   8 = SMOKE OR HAZE
[NO. OF DAYS WITH]      [WEATHER - DAYS WITH]      9 = BLOWING SNOW
                                                   X = TORNADO
MAX 32 OR BELOW:   3    0.01 INCH OR MORE:   7
MAX 90 OR ABOVE:   0    0.10 INCH OR MORE:   5
MIN 32 OR BELOW:  12    0.50 INCH OR MORE:   2
MIN  0 OR BELOW:   0    1.00 INCH OR MORE:   1

[HDD (BASE 65) ]
TOTAL THIS MO.   458
DPTR FM NORMAL  -131
TOTAL FM JUL 1   595
DPTR FM NORMAL  -263

[CDD (BASE 65) ]
TOTAL THIS MO.     0
DPTR FM NORMAL    -1    [PRESSURE DATA]
TOTAL FM JAN 1  1867    HIGHEST SLP 30.52 ON 21
DPTR FM NORMAL    97    LOWEST  SLP 29.27 ON 17

[REMARKS]
#FINAL-11-15#
